{"id":14042,"date":"2024-11-28T19:27:26","date_gmt":"2024-11-28T16:27:26","guid":{"rendered":"https:\/\/www.makitamarket.com.tr\/site\/urun\/promax-zimpara-tas-motoru-150-mm\/"},"modified":"2025-07-11T20:50:07","modified_gmt":"2025-07-11T17:50:07","slug":"promax-zimpara-tas-motoru-150-mm","status":"publish","type":"product","link":"https:\/\/www.makitamarket.com.tr\/site\/urun\/promax-zimpara-tas-motoru-150-mm\/","title":{"rendered":"Promax PM71003 ZIMPARA TA\u015e MOTORU 150 mm"},"content":{"rendered":"<table>\n<tr>\n<td>\u00c7al\u0131\u015fma Voltaj\u0131<\/td>\n<td>220V.AC~50Hz<\/td>\n<\/tr>\n<tr>\n<td>Motor G\u00fcc\u00fc<\/td>\n<td>250 Watt<\/td>\n<\/tr>\n<tr>\n<td>Ta\u015f \u00d6l\u00e7\u00fcs\u00fc<\/td>\n<td>D\u0131\u015f \u00c7ap: \u00d8150 mm. G\u00f6bek \u00c7ap\u0131: \u00d820 mm. Kal\u0131nl\u0131k: 20 mm.<\/td>\n<\/tr>\n<tr>\n<td>Devir H\u0131z\u0131<\/td>\n<td>3.560 ~ 2.840 d\/dak.<\/td>\n<\/tr>\n<tr>\n<td>Net A\u011f\u0131rl\u0131k<\/td>\n<td>7.00 kg.<\/td>\n<\/tr>\n<\/table>\n","protected":false},"excerpt":{"rendered":"<p>\u00c7al\u0131\u015fma Voltaj\u0131 220V.AC~50Hz Motor G\u00fcc\u00fc 250 Watt Ta\u015f \u00d6l\u00e7\u00fcs\u00fc D\u0131\u015f \u00c7ap: \u00d8150 mm. G\u00f6bek \u00c7ap\u0131: \u00d820 mm. Kal\u0131nl\u0131k: 20 mm. Devir H\u0131z\u0131 3.560 ~ 2.840 d\/dak. Net A\u011f\u0131rl\u0131k 7.00 kg.<\/p>\n","protected":false},"featured_media":14041,"comment_status":"open","ping_status":"closed","template":"","meta":{"_acf_changed":false},"product_brand":[],"product_cat":[1217],"product_tag":[],"class_list":{"0":"post-14042","1":"product","2":"type-product","3":"status-publish","4":"has-post-thumbnail","6":"product_cat-zimpara-tas-motorlari","8":"first","9":"outofstock","10":"taxable","11":"shipping-taxable","12":"purchasable","13":"product-type-simple","14":"add-to-wishlist-after_add_to_cart"},"acf":[],"_links":{"self":[{"href":"https:\/\/www.makitamarket.com.tr\/site\/wp-json\/wp\/v2\/product\/14042","targetHints":{"allow":["GET"]}}],"collection":[{"href":"https:\/\/www.makitamarket.com.tr\/site\/wp-json\/wp\/v2\/product"}],"about":[{"href":"https:\/\/www.makitamarket.com.tr\/site\/wp-json\/wp\/v2\/types\/product"}],"replies":[{"embeddable":true,"href":"https:\/\/www.makitamarket.com.tr\/site\/wp-json\/wp\/v2\/comments?post=14042"}],"wp:featuredmedia":[{"embeddable":true,"href":"https:\/\/www.makitamarket.com.tr\/site\/wp-json\/wp\/v2\/media\/14041"}],"wp:attachment":[{"href":"https:\/\/www.makitamarket.com.tr\/site\/wp-json\/wp\/v2\/media?parent=14042"}],"wp:term":[{"taxonomy":"product_brand","embeddable":true,"href":"https:\/\/www.makitamarket.com.tr\/site\/wp-json\/wp\/v2\/product_brand?post=14042"},{"taxonomy":"product_cat","embeddable":true,"href":"https:\/\/www.makitamarket.com.tr\/site\/wp-json\/wp\/v2\/product_cat?post=14042"},{"taxonomy":"product_tag","embeddable":true,"href":"https:\/\/www.makitamarket.com.tr\/site\/wp-json\/wp\/v2\/product_tag?post=14042"}],"curies":[{"name":"wp","href":"https:\/\/api.w.org\/{rel}","templated":true}]}}