{"id":14201,"date":"2024-11-28T19:35:11","date_gmt":"2024-11-28T16:35:11","guid":{"rendered":"https:\/\/www.makitamarket.com.tr\/site\/urun\/makita-li-ion-serisi-aku-7-2-v-1-5ah-bl0715\/"},"modified":"2026-04-06T14:52:35","modified_gmt":"2026-04-06T11:52:35","slug":"makita-li-ion-serisi-aku-7-2-v-1-5ah-bl0715","status":"publish","type":"product","link":"https:\/\/www.makitamarket.com.tr\/site\/urun\/makita-li-ion-serisi-aku-7-2-v-1-5ah-bl0715\/","title":{"rendered":"Makita 198000-3 L\u0130 &#8211; \u0130ON SER\u0130S\u0130 AK\u00dc 7.2 V 1.5AH BL0715"},"content":{"rendered":"<p>\n\t<span id=\"result_box\" lang=\"tr\"><span>Makita DC10WA ile \u015farj edildi\u011finde 35 dakikada tam dolulu\u011fa ula\u015f\u0131r.<\/span><br \/>\n\t<span>Kendinden de\u015farj\u0131 \u00f6nler ve uzun s\u00fcre sakland\u0131ktan sonra bile kullan\u0131ma haz\u0131rd\u0131r.<\/span><br \/>\n\t<span>Daha az a\u011f\u0131rl\u0131k i\u00e7in kompakt \u015fekilde tasarlanm\u0131\u015ft\u0131r.<\/span><br \/>\n\t<span>7.2V Lityum \u0130yon pil gerektiren Makita 7.2V Lityum \u0130yon aletleri uyumludur.<\/span><\/span><\/p>\n<table>\n<tr>\n<td>Model<\/td>\n<td>BL0715<\/td>\n<\/tr>\n<tr>\n<td>G\u00fc\u00e7 \/ Kapasite<\/td>\n<td>7.2 V\/ 1.5 Ah \/ Li-ION<\/td>\n<\/tr>\n<tr>\n<td>A\u00e7\u0131klama<\/td>\n<td>Mandall\u0131<\/td>\n<\/tr>\n<\/table>\n","protected":false},"excerpt":{"rendered":"<p>\n\t<span id=\"result_box\" lang=\"tr\"><span>Makita DC10WA ile \u015farj edildi\u011finde 35 dakikada tam dolulu\u011fa ula\u015f\u0131r.<\/span><br \/>\n\t<span>Kendinden de\u015farj\u0131 \u00f6nler ve uzun s\u00fcre sakland\u0131ktan sonra bile kullan\u0131ma haz\u0131rd\u0131r.<\/span><br \/>\n\t<span>Daha az a\u011f\u0131rl\u0131k i\u00e7in kompakt \u015fekilde tasarlanm\u0131\u015ft\u0131r.<\/span><br \/>\n\t<span>7.2V Lityum \u0130yon pil gerektiren Makita 7.2V Lityum \u0130yon aletleri uyumludur.<\/span><\/span><\/p>\n","protected":false},"featured_media":14200,"comment_status":"open","ping_status":"closed","template":"","meta":{"_acf_changed":false},"product_brand":[1485],"product_cat":[989],"product_tag":[],"class_list":{"0":"post-14201","1":"product","2":"type-product","3":"status-publish","4":"has-post-thumbnail","6":"product_brand-makita","7":"product_cat-lityum-iyon-akuler","9":"first","10":"outofstock","11":"taxable","12":"shipping-taxable","13":"purchasable","14":"product-type-simple","15":"add-to-wishlist-after_add_to_cart"},"acf":[],"_links":{"self":[{"href":"https:\/\/www.makitamarket.com.tr\/site\/wp-json\/wp\/v2\/product\/14201","targetHints":{"allow":["GET"]}}],"collection":[{"href":"https:\/\/www.makitamarket.com.tr\/site\/wp-json\/wp\/v2\/product"}],"about":[{"href":"https:\/\/www.makitamarket.com.tr\/site\/wp-json\/wp\/v2\/types\/product"}],"replies":[{"embeddable":true,"href":"https:\/\/www.makitamarket.com.tr\/site\/wp-json\/wp\/v2\/comments?post=14201"}],"wp:featuredmedia":[{"embeddable":true,"href":"https:\/\/www.makitamarket.com.tr\/site\/wp-json\/wp\/v2\/media\/14200"}],"wp:attachment":[{"href":"https:\/\/www.makitamarket.com.tr\/site\/wp-json\/wp\/v2\/media?parent=14201"}],"wp:term":[{"taxonomy":"product_brand","embeddable":true,"href":"https:\/\/www.makitamarket.com.tr\/site\/wp-json\/wp\/v2\/product_brand?post=14201"},{"taxonomy":"product_cat","embeddable":true,"href":"https:\/\/www.makitamarket.com.tr\/site\/wp-json\/wp\/v2\/product_cat?post=14201"},{"taxonomy":"product_tag","embeddable":true,"href":"https:\/\/www.makitamarket.com.tr\/site\/wp-json\/wp\/v2\/product_tag?post=14201"}],"curies":[{"name":"wp","href":"https:\/\/api.w.org\/{rel}","templated":true}]}}