{"id":14390,"date":"2024-11-28T19:41:25","date_gmt":"2024-11-28T16:41:25","guid":{"rendered":"https:\/\/www.makitamarket.com.tr\/site\/urun\/knipex-mekanikci-kargaburun-200-mm\/"},"modified":"2026-04-06T15:18:58","modified_gmt":"2026-04-06T12:18:58","slug":"knipex-mekanikci-kargaburun-200-mm","status":"publish","type":"product","link":"https:\/\/www.makitamarket.com.tr\/site\/urun\/knipex-mekanikci-kargaburun-200-mm\/","title":{"rendered":"Knipex 3811200 MEKAN\u0130K\u00c7\u0130 KARGABURUN 200 mm"},"content":{"rendered":"<p><b>38 11 200 Mekaniker pensesi<\/b><br \/>Pense u\u00e7lar\u0131 b\u00fck\u00fclmeye kar\u015f\u0131 y\u00fcksek derecede dayan\u0131kl\u0131d\u0131r. A\u011f\u0131z y\u00fczeyleri \u00e7apraz di\u015fli. D\u00fcz, yass\u0131-yuvarlak \u00e7eneler. <\/p>\n<li><b>\u00c7ene kal\u0131nl\u0131\u011f\u0131 (eklem) (T1): <\/b>9,5 mm<\/li>\n<li><b>U\u00e7lar geni\u015flik (W4): <\/b>3,0 mm<\/li>\n<li><b>Tip Thickness (T2): <\/b>2,5 mm<\/li>\n<li><b>\u00c7ene uzunlu\u011fu (L3): <\/b>73,0 mm<\/li>\n<li><b>Kafa geni\u015fli\u011fi (W3): <\/b>17,5 mm<\/li>\n<table>\n<tr>\n<td>Sap<\/td>\n<td>\u0130nce \u0130zole<\/td>\n<\/tr>\n<tr>\n<td>Uzunluk<\/td>\n<td>200<\/td>\n<\/tr>\n<tr>\n<td>Kafa<\/td>\n<td>Polisaj<\/td>\n<\/tr>\n<tr>\n<td>Form<\/td>\n<td>Yar\u0131m daire a\u011f\u0131z<\/td>\n<\/tr>\n<tr>\n<td>\u00d6l\u00e7\u00fcler<\/td>\n<td>L3:73mm, W3:17.5mm, T1:9.5mm, W4:3.0mm, T2:2.5mm<\/td>\n<\/tr>\n<tr>\n<td>A\u011f\u0131rl\u0131k<\/td>\n<td>180 gr<\/td>\n<\/tr>\n<\/table>\n","protected":false},"excerpt":{"rendered":"<p><b>38 11 200 Mekaniker pensesi<\/b><br \/>Pense u\u00e7lar\u0131 b\u00fck\u00fclmeye kar\u015f\u0131 y\u00fcksek derecede dayan\u0131kl\u0131d\u0131r. A\u011f\u0131z y\u00fczeyleri \u00e7apraz di\u015fli. D\u00fcz, yass\u0131-yuvarlak \u00e7eneler. <\/p>\n<li><b>\u00c7ene kal\u0131nl\u0131\u011f\u0131 (eklem) (T1): <\/b>9,5 mm<\/li>\n<li><b>U\u00e7lar geni\u015flik (W4): <\/b>3,0 mm<\/li>\n<li><b>Tip Thickness (T2): <\/b>2,5 mm<\/li>\n<li><b>\u00c7ene uzunlu\u011fu (L3): <\/b>73,0 mm<\/li>\n<li><b>Kafa geni\u015fli\u011fi (W3): <\/b>17,5 mm<\/li>\n","protected":false},"featured_media":15237,"comment_status":"open","ping_status":"closed","template":"","meta":{"_acf_changed":false},"product_brand":[1486],"product_cat":[795],"product_tag":[],"class_list":{"0":"post-14390","1":"product","2":"type-product","3":"status-publish","4":"has-post-thumbnail","6":"product_brand-knipex","7":"product_cat-kargaburunlar","9":"first","10":"instock","11":"taxable","12":"shipping-taxable","13":"purchasable","14":"product-type-simple","15":"add-to-wishlist-after_add_to_cart"},"acf":[],"_links":{"self":[{"href":"https:\/\/www.makitamarket.com.tr\/site\/wp-json\/wp\/v2\/product\/14390","targetHints":{"allow":["GET"]}}],"collection":[{"href":"https:\/\/www.makitamarket.com.tr\/site\/wp-json\/wp\/v2\/product"}],"about":[{"href":"https:\/\/www.makitamarket.com.tr\/site\/wp-json\/wp\/v2\/types\/product"}],"replies":[{"embeddable":true,"href":"https:\/\/www.makitamarket.com.tr\/site\/wp-json\/wp\/v2\/comments?post=14390"}],"wp:featuredmedia":[{"embeddable":true,"href":"https:\/\/www.makitamarket.com.tr\/site\/wp-json\/wp\/v2\/media\/15237"}],"wp:attachment":[{"href":"https:\/\/www.makitamarket.com.tr\/site\/wp-json\/wp\/v2\/media?parent=14390"}],"wp:term":[{"taxonomy":"product_brand","embeddable":true,"href":"https:\/\/www.makitamarket.com.tr\/site\/wp-json\/wp\/v2\/product_brand?post=14390"},{"taxonomy":"product_cat","embeddable":true,"href":"https:\/\/www.makitamarket.com.tr\/site\/wp-json\/wp\/v2\/product_cat?post=14390"},{"taxonomy":"product_tag","embeddable":true,"href":"https:\/\/www.makitamarket.com.tr\/site\/wp-json\/wp\/v2\/product_tag?post=14390"}],"curies":[{"name":"wp","href":"https:\/\/api.w.org\/{rel}","templated":true}]}}