{"id":14576,"date":"2024-11-28T19:44:59","date_gmt":"2024-11-28T16:44:59","guid":{"rendered":"https:\/\/www.makitamarket.com.tr\/site\/urun\/knipex-yuksuk-sikma-pensi-145-mm\/"},"modified":"2026-04-06T15:13:07","modified_gmt":"2026-04-06T12:13:07","slug":"knipex-yuksuk-sikma-pensi-145-mm","status":"publish","type":"product","link":"https:\/\/www.makitamarket.com.tr\/site\/urun\/knipex-yuksuk-sikma-pensi-145-mm\/","title":{"rendered":"Knipex 9761145 Y\u00dcKS\u00dcK SIKMA PENS\u0130 145 mm"},"content":{"rendered":"<p><b>97 61 145 A S\u0131kma Pensesi (Kablo Y\u00fcks\u00fckleri i\u00e7in)<\/b><br \/>0,25 &#8211; 2,5 mm aral\u0131\u011f\u0131nda kablo y\u00fcks\u00fcklerinin s\u0131k\u0131lmas\u0131 DIN 46228 standartlar\u0131na uygun. Y\u00fcks\u00fck ve iletken ba\u011flant\u0131s\u0131n\u0131n g\u00fcvenli olmas\u0131 i\u00e7in i\u015faretlenmi\u015f trapez profillerin i\u00e7inde s\u0131k\u0131lmas\u0131. <\/p>\n<li><b>Uygulama: <\/b>Kablo y\u00fcks\u00fc\u011f\u00fc<\/li>\n<li><b>Kapasite milimetrekare: <\/b>0,25 \u2014 2,5 mm\u00b2<\/li>\n<li><b>Yuva say\u0131s\u0131: <\/b>4<\/li>\n<li><b>AWG: <\/b>24 \u2014 14 <\/li>\n<table>\n<tr>\n<td>Sap<\/td>\n<td>\u0130nce \u0130zole<\/td>\n<\/tr>\n<tr>\n<td>Kapasite<\/td>\n<td>0,25-2,5 mm\u00b2<\/td>\n<\/tr>\n<tr>\n<td>Uzunluk<\/td>\n<td>145<\/td>\n<\/tr>\n<tr>\n<td>Kullanma Yeri<\/td>\n<td>Kablo ba\u011flant\u0131s\u0131<\/td>\n<\/tr>\n<tr>\n<td>AWG<\/td>\n<td>23-13<\/td>\n<\/tr>\n<tr>\n<td>A\u011f\u0131rl\u0131k<\/td>\n<td>140 gr<\/td>\n<\/tr>\n<\/table>\n","protected":false},"excerpt":{"rendered":"<p><b>97 61 145 A S\u0131kma Pensesi (Kablo Y\u00fcks\u00fckleri i\u00e7in)<\/b><br \/>0,25 &#8211; 2,5 mm aral\u0131\u011f\u0131nda kablo y\u00fcks\u00fcklerinin s\u0131k\u0131lmas\u0131 DIN 46228 standartlar\u0131na uygun. Y\u00fcks\u00fck ve iletken ba\u011flant\u0131s\u0131n\u0131n g\u00fcvenli olmas\u0131 i\u00e7in i\u015faretlenmi\u015f trapez profillerin i\u00e7inde s\u0131k\u0131lmas\u0131. <\/p>\n<li><b>Uygulama: <\/b>Kablo y\u00fcks\u00fc\u011f\u00fc<\/li>\n<li><b>Kapasite milimetrekare: <\/b>0,25 \u2014 2,5 mm\u00b2<\/li>\n<li><b>Yuva say\u0131s\u0131: <\/b>4<\/li>\n<li><b>AWG: <\/b>24 \u2014 14 <\/li>\n","protected":false},"featured_media":15000,"comment_status":"open","ping_status":"closed","template":"","meta":{"_acf_changed":false},"product_brand":[1486],"product_cat":[852],"product_tag":[],"class_list":{"0":"post-14576","1":"product","2":"type-product","3":"status-publish","4":"has-post-thumbnail","6":"product_brand-knipex","7":"product_cat-kablo-yuksuk-ve-pabuc-sikmalar","9":"first","10":"instock","11":"taxable","12":"shipping-taxable","13":"purchasable","14":"product-type-simple","15":"add-to-wishlist-after_add_to_cart"},"acf":[],"_links":{"self":[{"href":"https:\/\/www.makitamarket.com.tr\/site\/wp-json\/wp\/v2\/product\/14576","targetHints":{"allow":["GET"]}}],"collection":[{"href":"https:\/\/www.makitamarket.com.tr\/site\/wp-json\/wp\/v2\/product"}],"about":[{"href":"https:\/\/www.makitamarket.com.tr\/site\/wp-json\/wp\/v2\/types\/product"}],"replies":[{"embeddable":true,"href":"https:\/\/www.makitamarket.com.tr\/site\/wp-json\/wp\/v2\/comments?post=14576"}],"wp:featuredmedia":[{"embeddable":true,"href":"https:\/\/www.makitamarket.com.tr\/site\/wp-json\/wp\/v2\/media\/15000"}],"wp:attachment":[{"href":"https:\/\/www.makitamarket.com.tr\/site\/wp-json\/wp\/v2\/media?parent=14576"}],"wp:term":[{"taxonomy":"product_brand","embeddable":true,"href":"https:\/\/www.makitamarket.com.tr\/site\/wp-json\/wp\/v2\/product_brand?post=14576"},{"taxonomy":"product_cat","embeddable":true,"href":"https:\/\/www.makitamarket.com.tr\/site\/wp-json\/wp\/v2\/product_cat?post=14576"},{"taxonomy":"product_tag","embeddable":true,"href":"https:\/\/www.makitamarket.com.tr\/site\/wp-json\/wp\/v2\/product_tag?post=14576"}],"curies":[{"name":"wp","href":"https:\/\/api.w.org\/{rel}","templated":true}]}}