{"id":15060,"date":"2024-11-28T19:47:57","date_gmt":"2024-11-28T16:47:57","guid":{"rendered":"https:\/\/www.makitamarket.com.tr\/site\/urun\/makita-makita-b-24876-bits-uc-seti-100-ad-kutul\/"},"modified":"2025-11-16T08:05:26","modified_gmt":"2025-11-16T05:05:26","slug":"makita-makita-b-24876-bits-uc-seti-100-ad-kutul","status":"publish","type":"product","link":"https:\/\/www.makitamarket.com.tr\/site\/urun\/makita-makita-b-24876-bits-uc-seti-100-ad-kutul\/","title":{"rendered":"Makita B-24876 MAKITA B &#8211; 24876 BITS UC SETI 100 AD KUTUL"},"content":{"rendered":"<p>\n\t\u00a0<\/p>\n<table border=\"1\" cellpadding=\"1\" cellspacing=\"1\" height=\"49\" width=\"545\">\n<tbody>\n<tr>\n<td style=\"text-align: center;\">\n\t\t\t\t<strong>KOD<br \/>\n\t\t\t\t<\/strong><\/td>\n<td colspan=\"2\" rowspan=\"1\" style=\"text-align: center;\">\n\t\t\t\t<strong>\u00d6l\u00e7\u00fc<br \/>\n\t\t\t\t<\/strong><\/td>\n<td style=\"text-align: center;\">\n\t\t\t\t<strong>Uzunluk<br \/>\n\t\t\t\t<\/strong><\/td>\n<td style=\"text-align: center;\">\n\t\t\t\t<strong>Tip<br \/>\n\t\t\t\t<\/strong><\/td>\n<td style=\"text-align: center;\">\n\t\t\t\t<strong>Kutu i\u00e7i (ad.)<br \/>\n\t\t\t\t<\/strong><\/td>\n<\/tr>\n<tr>\n<td style=\"text-align: center;\">\n\t\t\t\tB-24876<\/td>\n<td style=\"text-align: center;\">\n\t\t\t\t<img loading=\"lazy\" decoding=\"async\" alt=\"\" height=\"20\" src=\"\/images\/stories\/art\u01311.png\" width=\"22\" \/><\/td>\n<td style=\"text-align: center;\">\n\t\t\t\tPh 2<\/td>\n<td style=\"text-align: center;\">\n\t\t\t\t25 mm<\/td>\n<td style=\"text-align: center;\">\n\t\t\t\t<img loading=\"lazy\" decoding=\"async\" alt=\"\" height=\"42\" src=\"\/images\/stories\/24876uc.png\" width=\"83\" \/><\/td>\n<td style=\"text-align: center;\">\n\t\t\t\t100<\/td>\n<\/tr>\n<\/tbody>\n<\/table>\n<table>\n<tr>\n<td>Uzunluk<\/td>\n<td>25 mm<\/td>\n<\/tr>\n<\/table>\n","protected":false},"excerpt":{"rendered":"<p>\n\t\u00a0<\/p>\n<table border=\"1\" cellpadding=\"1\" cellspacing=\"1\" height=\"49\" width=\"545\">\n<tbody>\n<tr>\n<td style=\"text-align: center;\">\n\t\t\t\t<strong>KOD<br \/>\n\t\t\t\t<\/strong><\/td>\n<td colspan=\"2\" rowspan=\"1\" style=\"text-align: center;\">\n\t\t\t\t<strong>\u00d6l\u00e7\u00fc<br \/>\n\t\t\t\t<\/strong><\/td>\n<td style=\"text-align: center;\">\n\t\t\t\t<strong>Uzunluk<br \/>\n\t\t\t\t<\/strong><\/td>\n<td style=\"text-align: center;\">\n\t\t\t\t<strong>Tip<br \/>\n\t\t\t\t<\/strong><\/td>\n<td style=\"text-align: center;\">\n\t\t\t\t<strong>Kutu i\u00e7i (ad.)<br \/>\n\t\t\t\t<\/strong><\/td>\n<\/tr>\n<tr>\n<td style=\"text-align: center;\">\n\t\t\t\tB-24876<\/td>\n<td style=\"text-align: center;\">\n\t\t\t\t<img loading=\"lazy\" decoding=\"async\" alt=\"\" height=\"20\" src=\"\/images\/stories\/art\u01311.png\" width=\"22\" \/><\/td>\n<td style=\"text-align: center;\">\n\t\t\t\tPh 2<\/td>\n<td style=\"text-align: center;\">\n\t\t\t\t25 mm<\/td>\n<td style=\"text-align: center;\">\n\t\t\t\t<img loading=\"lazy\" decoding=\"async\" alt=\"\" height=\"42\" src=\"\/images\/stories\/24876uc.png\" width=\"83\" \/><\/td>\n<td style=\"text-align: center;\">\n\t\t\t\t100<\/td>\n<\/tr>\n<\/tbody>\n<\/table>\n","protected":false},"featured_media":15059,"comment_status":"open","ping_status":"closed","template":"","meta":{"_acf_changed":false},"product_brand":[1485],"product_cat":[798],"product_tag":[],"class_list":{"0":"post-15060","1":"product","2":"type-product","3":"status-publish","4":"has-post-thumbnail","6":"product_brand-makita","7":"product_cat-vidalama-uc-setleri","9":"first","10":"outofstock","11":"taxable","12":"shipping-taxable","13":"purchasable","14":"product-type-simple","15":"add-to-wishlist-after_add_to_cart"},"acf":[],"_links":{"self":[{"href":"https:\/\/www.makitamarket.com.tr\/site\/wp-json\/wp\/v2\/product\/15060","targetHints":{"allow":["GET"]}}],"collection":[{"href":"https:\/\/www.makitamarket.com.tr\/site\/wp-json\/wp\/v2\/product"}],"about":[{"href":"https:\/\/www.makitamarket.com.tr\/site\/wp-json\/wp\/v2\/types\/product"}],"replies":[{"embeddable":true,"href":"https:\/\/www.makitamarket.com.tr\/site\/wp-json\/wp\/v2\/comments?post=15060"}],"wp:featuredmedia":[{"embeddable":true,"href":"https:\/\/www.makitamarket.com.tr\/site\/wp-json\/wp\/v2\/media\/15059"}],"wp:attachment":[{"href":"https:\/\/www.makitamarket.com.tr\/site\/wp-json\/wp\/v2\/media?parent=15060"}],"wp:term":[{"taxonomy":"product_brand","embeddable":true,"href":"https:\/\/www.makitamarket.com.tr\/site\/wp-json\/wp\/v2\/product_brand?post=15060"},{"taxonomy":"product_cat","embeddable":true,"href":"https:\/\/www.makitamarket.com.tr\/site\/wp-json\/wp\/v2\/product_cat?post=15060"},{"taxonomy":"product_tag","embeddable":true,"href":"https:\/\/www.makitamarket.com.tr\/site\/wp-json\/wp\/v2\/product_tag?post=15060"}],"curies":[{"name":"wp","href":"https:\/\/api.w.org\/{rel}","templated":true}]}}