{"id":15228,"date":"2024-11-28T19:48:55","date_gmt":"2024-11-28T16:48:55","guid":{"rendered":"https:\/\/www.makitamarket.com.tr\/site\/urun\/topart-demirci-iskencesi-120x600-mm\/"},"modified":"2026-03-30T09:08:20","modified_gmt":"2026-03-30T06:08:20","slug":"topart-demirci-iskencesi-120x600-mm","status":"publish","type":"product","link":"https:\/\/www.makitamarket.com.tr\/site\/urun\/topart-demirci-iskencesi-120x600-mm\/","title":{"rendered":"Topart TA90026 DEM\u0130RC\u0130 \u0130\u015eKENCES\u0130 120&#215;600 mm"},"content":{"rendered":"<div>\n\t\u2022 Maksimum 8.500N\u2019a kadar s\u0131kma kuvveti mevcuttur.<\/div>\n<div>\n\t\u2022 Sa\u011flam ve emniyet ile birlikte \u00e7ok k\u0131sa zaman i\u00e7inde y\u00fcksek bir s\u0131kma kuvveti olu\u015fturman\u0131z\u0131 sa\u011flar.<\/div>\n<div>\n\t\u2022 Sabit kol ve bask\u0131 eleman\u0131 tek par\u00e7a malzemeden imal edilmi\u015f olup, a\u011f\u0131r y\u00fcklere dayan\u0131r.<\/div>\n<table>\n<tr>\n<td>\u00d6l\u00e7\u00fcs\u00fc<\/td>\n<td>120&#215;600 mm<\/td>\n<\/tr>\n<tr>\n<td>Kutu\/Koli \u0130\u00e7i Adedi<\/td>\n<td>4 \/ 16<\/td>\n<\/tr>\n<\/table>\n","protected":false},"excerpt":{"rendered":"<div>\n\t\u2022 Maksimum 8.500N\u2019a kadar s\u0131kma kuvveti mevcuttur.<\/div>\n<div>\n\t\u2022 Sa\u011flam ve emniyet ile birlikte \u00e7ok k\u0131sa zaman i\u00e7inde y\u00fcksek bir s\u0131kma kuvveti olu\u015fturman\u0131z\u0131 sa\u011flar.<\/div>\n<div>\n\t\u2022 Sabit kol ve bask\u0131 eleman\u0131 tek par\u00e7a malzemeden imal edilmi\u015f olup, a\u011f\u0131r y\u00fcklere dayan\u0131r.<\/div>\n","protected":false},"featured_media":15227,"comment_status":"open","ping_status":"closed","template":"","meta":{"_acf_changed":false},"product_brand":[1527],"product_cat":[803],"product_tag":[],"class_list":{"0":"post-15228","1":"product","2":"type-product","3":"status-publish","4":"has-post-thumbnail","6":"product_brand-topart","7":"product_cat-demirci-iskenceler","9":"first","10":"instock","11":"taxable","12":"shipping-taxable","13":"purchasable","14":"product-type-simple","15":"add-to-wishlist-after_add_to_cart"},"acf":[],"_links":{"self":[{"href":"https:\/\/www.makitamarket.com.tr\/site\/wp-json\/wp\/v2\/product\/15228","targetHints":{"allow":["GET"]}}],"collection":[{"href":"https:\/\/www.makitamarket.com.tr\/site\/wp-json\/wp\/v2\/product"}],"about":[{"href":"https:\/\/www.makitamarket.com.tr\/site\/wp-json\/wp\/v2\/types\/product"}],"replies":[{"embeddable":true,"href":"https:\/\/www.makitamarket.com.tr\/site\/wp-json\/wp\/v2\/comments?post=15228"}],"wp:featuredmedia":[{"embeddable":true,"href":"https:\/\/www.makitamarket.com.tr\/site\/wp-json\/wp\/v2\/media\/15227"}],"wp:attachment":[{"href":"https:\/\/www.makitamarket.com.tr\/site\/wp-json\/wp\/v2\/media?parent=15228"}],"wp:term":[{"taxonomy":"product_brand","embeddable":true,"href":"https:\/\/www.makitamarket.com.tr\/site\/wp-json\/wp\/v2\/product_brand?post=15228"},{"taxonomy":"product_cat","embeddable":true,"href":"https:\/\/www.makitamarket.com.tr\/site\/wp-json\/wp\/v2\/product_cat?post=15228"},{"taxonomy":"product_tag","embeddable":true,"href":"https:\/\/www.makitamarket.com.tr\/site\/wp-json\/wp\/v2\/product_tag?post=15228"}],"curies":[{"name":"wp","href":"https:\/\/api.w.org\/{rel}","templated":true}]}}