{"id":15246,"date":"2024-11-28T19:49:00","date_gmt":"2024-11-28T16:49:00","guid":{"rendered":"https:\/\/www.makitamarket.com.tr\/site\/urun\/proxxon-kenar-bulma-seti\/"},"modified":"2026-03-30T09:08:24","modified_gmt":"2026-03-30T06:08:24","slug":"proxxon-kenar-bulma-seti","status":"publish","type":"product","link":"https:\/\/www.makitamarket.com.tr\/site\/urun\/proxxon-kenar-bulma-seti\/","title":{"rendered":"Proxxon 24434 KENAR BULMA SET\u0130"},"content":{"rendered":"<table>\n<tr>\n<td>Kapasite<\/td>\n<td>6x6x50 mm ve 6x5x75 mm<\/td>\n<\/tr>\n<tr>\n<td>Uygunluk<\/td>\n<td>Freze makinas\u0131n\u0131n miline g\u00f6re i\u015f par\u00e7as\u0131n\u0131n ba\u015flang\u0131\u00e7 noktas\u0131n\u0131 h\u0131zl\u0131 bulmay\u0131 sa\u011flar<\/td>\n<\/tr>\n<\/table>\n","protected":false},"excerpt":{"rendered":"<p>Kapasite 6x6x50 mm ve 6x5x75 mm Uygunluk Freze makinas\u0131n\u0131n miline g\u00f6re i\u015f par\u00e7as\u0131n\u0131n ba\u015flang\u0131\u00e7 noktas\u0131n\u0131 h\u0131zl\u0131 bulmay\u0131 sa\u011flar<\/p>\n","protected":false},"featured_media":15245,"comment_status":"open","ping_status":"closed","template":"","meta":{"_acf_changed":false},"product_brand":[1501],"product_cat":[926],"product_tag":[],"class_list":{"0":"post-15246","1":"product","2":"type-product","3":"status-publish","4":"has-post-thumbnail","6":"product_brand-proxxon","7":"product_cat-aksesuarlar-mikro-aletleri","9":"first","10":"instock","11":"taxable","12":"shipping-taxable","13":"purchasable","14":"product-type-simple","15":"add-to-wishlist-after_add_to_cart"},"acf":[],"_links":{"self":[{"href":"https:\/\/www.makitamarket.com.tr\/site\/wp-json\/wp\/v2\/product\/15246","targetHints":{"allow":["GET"]}}],"collection":[{"href":"https:\/\/www.makitamarket.com.tr\/site\/wp-json\/wp\/v2\/product"}],"about":[{"href":"https:\/\/www.makitamarket.com.tr\/site\/wp-json\/wp\/v2\/types\/product"}],"replies":[{"embeddable":true,"href":"https:\/\/www.makitamarket.com.tr\/site\/wp-json\/wp\/v2\/comments?post=15246"}],"wp:featuredmedia":[{"embeddable":true,"href":"https:\/\/www.makitamarket.com.tr\/site\/wp-json\/wp\/v2\/media\/15245"}],"wp:attachment":[{"href":"https:\/\/www.makitamarket.com.tr\/site\/wp-json\/wp\/v2\/media?parent=15246"}],"wp:term":[{"taxonomy":"product_brand","embeddable":true,"href":"https:\/\/www.makitamarket.com.tr\/site\/wp-json\/wp\/v2\/product_brand?post=15246"},{"taxonomy":"product_cat","embeddable":true,"href":"https:\/\/www.makitamarket.com.tr\/site\/wp-json\/wp\/v2\/product_cat?post=15246"},{"taxonomy":"product_tag","embeddable":true,"href":"https:\/\/www.makitamarket.com.tr\/site\/wp-json\/wp\/v2\/product_tag?post=15246"}],"curies":[{"name":"wp","href":"https:\/\/api.w.org\/{rel}","templated":true}]}}