{"id":15299,"date":"2024-11-28T19:49:19","date_gmt":"2024-11-28T16:49:19","guid":{"rendered":"https:\/\/www.makitamarket.com.tr\/site\/urun\/makita-fener-18v\/"},"modified":"2025-11-16T08:38:04","modified_gmt":"2025-11-16T05:38:04","slug":"makita-fener-18v","status":"publish","type":"product","link":"https:\/\/www.makitamarket.com.tr\/site\/urun\/makita-fener-18v\/","title":{"rendered":"Makita DML185 FENER 18V"},"content":{"rendered":"<p>Model DML185<\/p>\n<p>Fener<\/p>\n<p>18V<\/p>\n<p><span style=\"color: rgb(0, 112, 192);\">Kullan\u0131\u015fl\u0131 ve etkili fener<\/span><\/p>\n<p>18V ak\u00fcler i\u00e7in ideal bir fener. Hafif ve kolay ta\u015f\u0131nabilir bir modeldir.3.0Ah ile \u00e7al\u0131\u015fma s\u00fcresi yakla\u015f\u0131k 260 dakikad\u0131r.<\/p>\n<p><u>\u00d6zellikleri:<\/u><\/p>\n<p>Ak\u00fcl\u00fc yap\u0131s\u0131 kullan\u0131c\u0131ya kablosuz kullan\u0131m imkan\u0131 sunar ve bu sayede kullan\u0131c\u0131lar geni\u015f alanlarda kablo s\u0131n\u0131rlamalar\u0131 olmadan rahat\u00e7a \u00e7al\u0131\u015fabilirler.<\/p>\n<p>S\u00fcrekli Kullan\u0131m: 260dk 3.0Ah<\/p>\n<p>L\u00fcmen:180<\/p>\n<p>Net a\u011f\u0131rl\u0131k:0.74kg<\/p>\n<p>G\u00fc\u00e7-kapasite:18V\/1.5-6.0Ah\/Li-ion<\/p>\n<p>Ak\u00fc:BL1830-1860 aras\u0131<\/p>\n<p>\u015earj Cihaz\u0131:DC18RC<\/p>\n<p>Floresan No:A-87367, Ampul No:B-07303<\/p>\n<table>\n<tr>\n<td>S\u00fcrekli Kullan\u0131m<\/td>\n<td>260 dk (3.0 Ah)<\/td>\n<\/tr>\n<tr>\n<td>L\u00fcmen<\/td>\n<td>180<\/td>\n<\/tr>\n<tr>\n<td>Net A\u011f\u0131rl\u0131k<\/td>\n<td>0.74 kg<\/td>\n<\/tr>\n<tr>\n<td>G\u00fc\u00e7-Kapasite<\/td>\n<td>18V\/1.5-6.0Ah\/Li-ion<\/td>\n<\/tr>\n<tr>\n<td>Ak\u00fc<\/td>\n<td>BL1830 &#8211; 1860 aras\u0131<\/td>\n<\/tr>\n<tr>\n<td>\u015earj Cihaz\u0131<\/td>\n<td>DC18RC<\/td>\n<\/tr>\n<\/table>\n","protected":false},"excerpt":{"rendered":"<p>Model DML185<\/p>\n<p>Fener<\/p>\n<p>18V<\/p>\n<p><span style=\"color: rgb(0, 112, 192);\">Kullan\u0131\u015fl\u0131 ve etkili fener<\/span><\/p>\n<p>18V ak\u00fcler i\u00e7in ideal bir fener. Hafif ve kolay ta\u015f\u0131nabilir bir modeldir.3.0Ah ile \u00e7al\u0131\u015fma s\u00fcresi yakla\u015f\u0131k 260 dakikad\u0131r.<\/p>\n<p><u>\u00d6zellikleri:<\/u><\/p>\n<p>Ak\u00fcl\u00fc yap\u0131s\u0131 kullan\u0131c\u0131ya kablosuz kullan\u0131m imkan\u0131 sunar ve bu sayede kullan\u0131c\u0131lar geni\u015f alanlarda kablo s\u0131n\u0131rlamalar\u0131 olmadan rahat\u00e7a \u00e7al\u0131\u015fabilirler.<\/p>\n<p>S\u00fcrekli Kullan\u0131m: 260dk 3.0Ah<\/p>\n<p>L\u00fcmen:180<\/p>\n<p>Net a\u011f\u0131rl\u0131k:0.74kg<\/p>\n<p>G\u00fc\u00e7-kapasite:18V\/1.5-6.0Ah\/Li-ion<\/p>\n<p>Ak\u00fc:BL1830-1860 aras\u0131<\/p>\n<p>\u015earj Cihaz\u0131:DC18RC<\/p>\n<p>Floresan No:A-87367, Ampul No:B-07303<\/p>\n","protected":false},"featured_media":15923,"comment_status":"open","ping_status":"closed","template":"","meta":{"_acf_changed":false},"product_brand":[1485],"product_cat":[1208],"product_tag":[],"class_list":{"0":"post-15299","1":"product","2":"type-product","3":"status-publish","4":"has-post-thumbnail","6":"product_brand-makita","7":"product_cat-fenerler","9":"first","10":"outofstock","11":"taxable","12":"shipping-taxable","13":"purchasable","14":"product-type-simple","15":"add-to-wishlist-after_add_to_cart"},"acf":[],"_links":{"self":[{"href":"https:\/\/www.makitamarket.com.tr\/site\/wp-json\/wp\/v2\/product\/15299","targetHints":{"allow":["GET"]}}],"collection":[{"href":"https:\/\/www.makitamarket.com.tr\/site\/wp-json\/wp\/v2\/product"}],"about":[{"href":"https:\/\/www.makitamarket.com.tr\/site\/wp-json\/wp\/v2\/types\/product"}],"replies":[{"embeddable":true,"href":"https:\/\/www.makitamarket.com.tr\/site\/wp-json\/wp\/v2\/comments?post=15299"}],"wp:featuredmedia":[{"embeddable":true,"href":"https:\/\/www.makitamarket.com.tr\/site\/wp-json\/wp\/v2\/media\/15923"}],"wp:attachment":[{"href":"https:\/\/www.makitamarket.com.tr\/site\/wp-json\/wp\/v2\/media?parent=15299"}],"wp:term":[{"taxonomy":"product_brand","embeddable":true,"href":"https:\/\/www.makitamarket.com.tr\/site\/wp-json\/wp\/v2\/product_brand?post=15299"},{"taxonomy":"product_cat","embeddable":true,"href":"https:\/\/www.makitamarket.com.tr\/site\/wp-json\/wp\/v2\/product_cat?post=15299"},{"taxonomy":"product_tag","embeddable":true,"href":"https:\/\/www.makitamarket.com.tr\/site\/wp-json\/wp\/v2\/product_tag?post=15299"}],"curies":[{"name":"wp","href":"https:\/\/api.w.org\/{rel}","templated":true}]}}