{"id":15347,"date":"2024-11-28T19:49:40","date_gmt":"2024-11-28T16:49:40","guid":{"rendered":"https:\/\/www.makitamarket.com.tr\/site\/urun\/lavor-tel-takimi\/"},"modified":"2025-11-16T08:14:21","modified_gmt":"2025-11-16T05:14:21","slug":"lavor-tel-takimi","status":"publish","type":"product","link":"https:\/\/www.makitamarket.com.tr\/site\/urun\/lavor-tel-takimi\/","title":{"rendered":"Lavor LAVOR01080035 TEL TAKIMI"},"content":{"rendered":"<table>\n<tr>\n<td>Uyumlu Modeller<\/td>\n<td>EVO50B\/EVO50E<\/td>\n<\/tr>\n<tr>\n<td>A\u00e7\u0131klama<\/td>\n<td>Vakum+F\u0131r\u00e7a Motoru Kald\u0131rma+Ara Tel<\/td>\n<\/tr>\n<\/table>\n","protected":false},"excerpt":{"rendered":"<p>Uyumlu Modeller EVO50B\/EVO50E A\u00e7\u0131klama Vakum+F\u0131r\u00e7a Motoru Kald\u0131rma+Ara Tel<\/p>\n","protected":false},"featured_media":0,"comment_status":"open","ping_status":"closed","template":"","meta":{"_acf_changed":false},"product_brand":[1493],"product_cat":[1565],"product_tag":[],"class_list":{"0":"post-15347","1":"product","2":"type-product","3":"status-publish","5":"product_brand-lavor","6":"product_cat-yok-yok","8":"first","9":"outofstock","10":"taxable","11":"shipping-taxable","12":"purchasable","13":"product-type-simple","14":"add-to-wishlist-after_add_to_cart"},"acf":[],"_links":{"self":[{"href":"https:\/\/www.makitamarket.com.tr\/site\/wp-json\/wp\/v2\/product\/15347","targetHints":{"allow":["GET"]}}],"collection":[{"href":"https:\/\/www.makitamarket.com.tr\/site\/wp-json\/wp\/v2\/product"}],"about":[{"href":"https:\/\/www.makitamarket.com.tr\/site\/wp-json\/wp\/v2\/types\/product"}],"replies":[{"embeddable":true,"href":"https:\/\/www.makitamarket.com.tr\/site\/wp-json\/wp\/v2\/comments?post=15347"}],"wp:attachment":[{"href":"https:\/\/www.makitamarket.com.tr\/site\/wp-json\/wp\/v2\/media?parent=15347"}],"wp:term":[{"taxonomy":"product_brand","embeddable":true,"href":"https:\/\/www.makitamarket.com.tr\/site\/wp-json\/wp\/v2\/product_brand?post=15347"},{"taxonomy":"product_cat","embeddable":true,"href":"https:\/\/www.makitamarket.com.tr\/site\/wp-json\/wp\/v2\/product_cat?post=15347"},{"taxonomy":"product_tag","embeddable":true,"href":"https:\/\/www.makitamarket.com.tr\/site\/wp-json\/wp\/v2\/product_tag?post=15347"}],"curies":[{"name":"wp","href":"https:\/\/api.w.org\/{rel}","templated":true}]}}