{"id":15542,"date":"2024-11-28T19:50:54","date_gmt":"2024-11-28T16:50:54","guid":{"rendered":"https:\/\/www.makitamarket.com.tr\/site\/urun\/uni-t-bluetooth-baglantili-mini-isik-olcer\/"},"modified":"2026-03-30T09:13:28","modified_gmt":"2026-03-30T06:13:28","slug":"uni-t-bluetooth-baglantili-mini-isik-olcer","status":"publish","type":"product","link":"https:\/\/www.makitamarket.com.tr\/site\/urun\/uni-t-bluetooth-baglantili-mini-isik-olcer\/","title":{"rendered":"Uni-t UT383BT BLUETOOTH BA\u011eLANTILI M\u0130N\u0130 I\u015eIK \u00d6L\u00c7ER"},"content":{"rendered":"<table>\n<tr>\n<td>I\u015f\u0131k \u015eiddeti \u00d6l\u00e7\u00fcm Aral\u0131\u011f\u0131 (Lux)<\/td>\n<td>0~199,999Lux<\/td>\n<\/tr>\n<tr>\n<td>I\u015f\u0131k \u015eiddeti \u00d6l\u00e7\u00fcm Aral\u0131\u011f\u0131 (FC)<\/td>\n<td>0~19,999FC<\/td>\n<\/tr>\n<tr>\n<td>Hassasiyet<\/td>\n<td>0~9999Lux\/0~999FC: \u00b1(4%+8) \u2265 10000Lux\/\u2265 1000FC: \u00b1(5%+10)<\/td>\n<\/tr>\n<tr>\n<td>\u00d6rneklem S\u00fcresi<\/td>\n<td>0.5 sn<\/td>\n<\/tr>\n<tr>\n<td>A\u011f\u0131rl\u0131k<\/td>\n<td>118 g<\/td>\n<\/tr>\n<\/table>\n","protected":false},"excerpt":{"rendered":"<p>I\u015f\u0131k \u015eiddeti \u00d6l\u00e7\u00fcm Aral\u0131\u011f\u0131 (Lux) 0~199,999Lux I\u015f\u0131k \u015eiddeti \u00d6l\u00e7\u00fcm Aral\u0131\u011f\u0131 (FC) 0~19,999FC Hassasiyet 0~9999Lux\/0~999FC: \u00b1(4%+8) \u2265 10000Lux\/\u2265 1000FC: \u00b1(5%+10) \u00d6rneklem S\u00fcresi 0.5 sn A\u011f\u0131rl\u0131k 118 g<\/p>\n","protected":false},"featured_media":15541,"comment_status":"open","ping_status":"closed","template":"","meta":{"_acf_changed":false},"product_brand":[1531],"product_cat":[1332],"product_tag":[],"class_list":{"0":"post-15542","1":"product","2":"type-product","3":"status-publish","4":"has-post-thumbnail","6":"product_brand-uni-t","7":"product_cat-isik-olcum-cihazlari","9":"first","10":"instock","11":"taxable","12":"shipping-taxable","13":"purchasable","14":"product-type-simple","15":"add-to-wishlist-after_add_to_cart"},"acf":[],"_links":{"self":[{"href":"https:\/\/www.makitamarket.com.tr\/site\/wp-json\/wp\/v2\/product\/15542","targetHints":{"allow":["GET"]}}],"collection":[{"href":"https:\/\/www.makitamarket.com.tr\/site\/wp-json\/wp\/v2\/product"}],"about":[{"href":"https:\/\/www.makitamarket.com.tr\/site\/wp-json\/wp\/v2\/types\/product"}],"replies":[{"embeddable":true,"href":"https:\/\/www.makitamarket.com.tr\/site\/wp-json\/wp\/v2\/comments?post=15542"}],"wp:featuredmedia":[{"embeddable":true,"href":"https:\/\/www.makitamarket.com.tr\/site\/wp-json\/wp\/v2\/media\/15541"}],"wp:attachment":[{"href":"https:\/\/www.makitamarket.com.tr\/site\/wp-json\/wp\/v2\/media?parent=15542"}],"wp:term":[{"taxonomy":"product_brand","embeddable":true,"href":"https:\/\/www.makitamarket.com.tr\/site\/wp-json\/wp\/v2\/product_brand?post=15542"},{"taxonomy":"product_cat","embeddable":true,"href":"https:\/\/www.makitamarket.com.tr\/site\/wp-json\/wp\/v2\/product_cat?post=15542"},{"taxonomy":"product_tag","embeddable":true,"href":"https:\/\/www.makitamarket.com.tr\/site\/wp-json\/wp\/v2\/product_tag?post=15542"}],"curies":[{"name":"wp","href":"https:\/\/api.w.org\/{rel}","templated":true}]}}