{"id":15649,"date":"2024-11-28T19:51:42","date_gmt":"2024-11-28T16:51:42","guid":{"rendered":"https:\/\/www.makitamarket.com.tr\/site\/urun\/bmi-bmi-euro-star-690120e-aluminyum-su-terazisi-120cm\/"},"modified":"2026-04-06T15:27:46","modified_gmt":"2026-04-06T12:27:46","slug":"bmi-bmi-euro-star-690120e-aluminyum-su-terazisi-120cm","status":"publish","type":"product","link":"https:\/\/www.makitamarket.com.tr\/site\/urun\/bmi-bmi-euro-star-690120e-aluminyum-su-terazisi-120cm\/","title":{"rendered":"Bmi 690120E BMI EURO STAR 690120E AL\u00dcM\u0130NYUM SU TERAZ\u0130S\u0130 120cm"},"content":{"rendered":"<div>\n\t<span dir=\"ltr\" role=\"presentation\" style=\"left: 107.353px; top: 743.297px; font-size: 10px; font-family: sans-serif; transform: scaleX(0.844737);\">Yatay g\u00f6z \u00fczerinde %2\u2019lik e\u011fim \u00e7izgileri.<\/span><br role=\"presentation\" \/><br \/>\n\t<span dir=\"ltr\" role=\"presentation\" style=\"left: 107.353px; top: 754.127px; font-size: 10px; font-family: sans-serif; transform: scaleX(0.878705);\">Lazer i\u015faretlemeli terazi g\u00f6zleri \u00f6m\u00fcr boyu 0.5mm\/m hassasiyet sa\u011flar.<\/span><\/div>\n<table>\n<tr>\n<td>Uzunluk<\/td>\n<td>120cm<\/td>\n<\/tr>\n<\/table>\n","protected":false},"excerpt":{"rendered":"<div>\n\t<span dir=\"ltr\" role=\"presentation\" style=\"left: 107.353px; top: 743.297px; font-size: 10px; font-family: sans-serif; transform: scaleX(0.844737);\">Yatay g\u00f6z \u00fczerinde %2\u2019lik e\u011fim \u00e7izgileri.<\/span><br role=\"presentation\" \/><br \/>\n\t<span dir=\"ltr\" role=\"presentation\" style=\"left: 107.353px; top: 754.127px; font-size: 10px; font-family: sans-serif; transform: scaleX(0.878705);\">Lazer i\u015faretlemeli terazi g\u00f6zleri \u00f6m\u00fcr boyu 0.5mm\/m hassasiyet sa\u011flar.<\/span><\/div>\n","protected":false},"featured_media":15648,"comment_status":"open","ping_status":"closed","template":"","meta":{"_acf_changed":false},"product_brand":[1522],"product_cat":[974],"product_tag":[],"class_list":{"0":"post-15649","1":"product","2":"type-product","3":"status-publish","4":"has-post-thumbnail","6":"product_brand-bmi","7":"product_cat-su-terazileri","9":"first","10":"instock","11":"taxable","12":"shipping-taxable","13":"purchasable","14":"product-type-simple","15":"add-to-wishlist-after_add_to_cart"},"acf":[],"_links":{"self":[{"href":"https:\/\/www.makitamarket.com.tr\/site\/wp-json\/wp\/v2\/product\/15649","targetHints":{"allow":["GET"]}}],"collection":[{"href":"https:\/\/www.makitamarket.com.tr\/site\/wp-json\/wp\/v2\/product"}],"about":[{"href":"https:\/\/www.makitamarket.com.tr\/site\/wp-json\/wp\/v2\/types\/product"}],"replies":[{"embeddable":true,"href":"https:\/\/www.makitamarket.com.tr\/site\/wp-json\/wp\/v2\/comments?post=15649"}],"wp:featuredmedia":[{"embeddable":true,"href":"https:\/\/www.makitamarket.com.tr\/site\/wp-json\/wp\/v2\/media\/15648"}],"wp:attachment":[{"href":"https:\/\/www.makitamarket.com.tr\/site\/wp-json\/wp\/v2\/media?parent=15649"}],"wp:term":[{"taxonomy":"product_brand","embeddable":true,"href":"https:\/\/www.makitamarket.com.tr\/site\/wp-json\/wp\/v2\/product_brand?post=15649"},{"taxonomy":"product_cat","embeddable":true,"href":"https:\/\/www.makitamarket.com.tr\/site\/wp-json\/wp\/v2\/product_cat?post=15649"},{"taxonomy":"product_tag","embeddable":true,"href":"https:\/\/www.makitamarket.com.tr\/site\/wp-json\/wp\/v2\/product_tag?post=15649"}],"curies":[{"name":"wp","href":"https:\/\/api.w.org\/{rel}","templated":true}]}}