{"id":15672,"date":"2024-11-28T19:51:48","date_gmt":"2024-11-28T16:51:48","guid":{"rendered":"https:\/\/www.makitamarket.com.tr\/site\/urun\/knipex-knipex-95-05-185-kombine-makas\/"},"modified":"2026-04-06T15:27:55","modified_gmt":"2026-04-06T12:27:55","slug":"knipex-knipex-95-05-185-kombine-makas","status":"publish","type":"product","link":"https:\/\/www.makitamarket.com.tr\/site\/urun\/knipex-knipex-95-05-185-kombine-makas\/","title":{"rendered":"Knipex 9505185 KNIPEX 95 05 185 KOMBINE MAKAS"},"content":{"rendered":"<p><b>95 05 185 Kombine Makas<\/b><br \/>Mukavva, plastik, al\u00fcminyum, pirin\u00e7 ve bak\u0131r folyolar\u0131n kesilmesi i\u00e7in. \u00c7elik tel ve demir sac i\u00e7in uygun de\u011fildir. Hassas ta\u015flanm\u0131\u015f, sertle\u015ftirilmi\u015f kesiciler. A\u00e7ma yay\u0131 ve blokaj mandal\u0131 ile. Parmaklar\u0131n s\u0131k\u0131\u015fmas\u0131n\u0131 \u00f6nleyen tasar\u0131ma sahiptir. Ayarlanabilir vidal\u0131 mafsal. A\u00e7\u0131l\u0131 \u015fekil &#8211; uzun kesimlerin daha kolay yap\u0131lmas\u0131 i\u00e7in. Ergonomik \u015fekilli plastik saplar. <\/p>\n<table><\/table>\n","protected":false},"excerpt":{"rendered":"<p><b>95 05 185 Kombine Makas<\/b><br \/>Mukavva, plastik, al\u00fcminyum, pirin\u00e7 ve bak\u0131r folyolar\u0131n kesilmesi i\u00e7in. \u00c7elik tel ve demir sac i\u00e7in uygun de\u011fildir. Hassas ta\u015flanm\u0131\u015f, sertle\u015ftirilmi\u015f kesiciler. A\u00e7ma yay\u0131 ve blokaj mandal\u0131 ile. Parmaklar\u0131n s\u0131k\u0131\u015fmas\u0131n\u0131 \u00f6nleyen tasar\u0131ma sahiptir. Ayarlanabilir vidal\u0131 mafsal. A\u00e7\u0131l\u0131 \u015fekil &#8211; uzun kesimlerin daha kolay yap\u0131lmas\u0131 i\u00e7in. Ergonomik \u015fekilli plastik saplar. <\/p>\n","protected":false},"featured_media":0,"comment_status":"open","ping_status":"closed","template":"","meta":{"_acf_changed":false},"product_brand":[1486],"product_cat":[833],"product_tag":[],"class_list":{"0":"post-15672","1":"product","2":"type-product","3":"status-publish","5":"product_brand-knipex","6":"product_cat-makaslar","8":"first","9":"outofstock","10":"taxable","11":"shipping-taxable","12":"purchasable","13":"product-type-simple","14":"add-to-wishlist-after_add_to_cart"},"acf":[],"_links":{"self":[{"href":"https:\/\/www.makitamarket.com.tr\/site\/wp-json\/wp\/v2\/product\/15672","targetHints":{"allow":["GET"]}}],"collection":[{"href":"https:\/\/www.makitamarket.com.tr\/site\/wp-json\/wp\/v2\/product"}],"about":[{"href":"https:\/\/www.makitamarket.com.tr\/site\/wp-json\/wp\/v2\/types\/product"}],"replies":[{"embeddable":true,"href":"https:\/\/www.makitamarket.com.tr\/site\/wp-json\/wp\/v2\/comments?post=15672"}],"wp:attachment":[{"href":"https:\/\/www.makitamarket.com.tr\/site\/wp-json\/wp\/v2\/media?parent=15672"}],"wp:term":[{"taxonomy":"product_brand","embeddable":true,"href":"https:\/\/www.makitamarket.com.tr\/site\/wp-json\/wp\/v2\/product_brand?post=15672"},{"taxonomy":"product_cat","embeddable":true,"href":"https:\/\/www.makitamarket.com.tr\/site\/wp-json\/wp\/v2\/product_cat?post=15672"},{"taxonomy":"product_tag","embeddable":true,"href":"https:\/\/www.makitamarket.com.tr\/site\/wp-json\/wp\/v2\/product_tag?post=15672"}],"curies":[{"name":"wp","href":"https:\/\/api.w.org\/{rel}","templated":true}]}}