{"id":15708,"date":"2024-11-28T19:52:01","date_gmt":"2024-11-28T16:52:01","guid":{"rendered":"https:\/\/www.makitamarket.com.tr\/site\/urun\/knipex-coax-kablo-siyirma-aleti\/"},"modified":"2026-03-30T09:34:24","modified_gmt":"2026-03-30T06:34:24","slug":"knipex-coax-kablo-siyirma-aleti","status":"publish","type":"product","link":"https:\/\/www.makitamarket.com.tr\/site\/urun\/knipex-coax-kablo-siyirma-aleti\/","title":{"rendered":"Knipex 166006 COAX KABLO SIYIRMA ALET\u0130"},"content":{"rendered":"<p><b>16 60 06 SB Koax ve veri kablosu s\u0131y\u0131rma aleti<\/b><br \/>Koax kablolar\u0131 RG 59, RG 6, RG 7, RG 11 i\u00e7in \u00e7ok ama\u00e7l\u0131 kablo s\u0131y\u0131rma aleti. D\u0131\u015f k\u0131l\u0131f, al\u00fcminyum sarg\u0131n\u0131n ve yal\u0131tkan tabaka izolasyonunun tek bir i\u015flemde s\u0131y\u0131r\u0131lmas\u0131 i\u00e7in. Ayarlanabilir data kablosu d\u0131\u015f k\u0131l\u0131f\u0131 soyma aleti. Telefon kablolar\u0131n\u0131 (4P\/6P\/8P) tek i\u015flemde kesme ve izolasyonunu s\u0131y\u0131rma i\u00e7in iki adet s\u0131y\u0131rma b\u0131\u00e7a\u011f\u0131. Data kablolar\u0131n\u0131 kesmeye yarayan entegre b\u0131\u00e7ak. <\/p>\n<li><b>Kablo tipi: <\/b>RG 59, RG 6, RG 7, RG 11<\/li>\n<table>\n<tr>\n<td>A\u011f\u0131rl\u0131k<\/td>\n<td>73 gr<\/td>\n<\/tr>\n<\/table>\n","protected":false},"excerpt":{"rendered":"<p><b>16 60 06 SB Koax ve veri kablosu s\u0131y\u0131rma aleti<\/b><br \/>Koax kablolar\u0131 RG 59, RG 6, RG 7, RG 11 i\u00e7in \u00e7ok ama\u00e7l\u0131 kablo s\u0131y\u0131rma aleti. D\u0131\u015f k\u0131l\u0131f, al\u00fcminyum sarg\u0131n\u0131n ve yal\u0131tkan tabaka izolasyonunun tek bir i\u015flemde s\u0131y\u0131r\u0131lmas\u0131 i\u00e7in. Ayarlanabilir data kablosu d\u0131\u015f k\u0131l\u0131f\u0131 soyma aleti. Telefon kablolar\u0131n\u0131 (4P\/6P\/8P) tek i\u015flemde kesme ve izolasyonunu s\u0131y\u0131rma i\u00e7in iki adet s\u0131y\u0131rma b\u0131\u00e7a\u011f\u0131. Data kablolar\u0131n\u0131 kesmeye yarayan entegre b\u0131\u00e7ak. <\/p>\n<li><b>Kablo tipi: <\/b>RG 59, RG 6, RG 7, RG 11<\/li>\n","protected":false},"featured_media":16672,"comment_status":"open","ping_status":"closed","template":"","meta":{"_acf_changed":false},"product_brand":[1486],"product_cat":[991],"product_tag":[],"class_list":{"0":"post-15708","1":"product","2":"type-product","3":"status-publish","4":"has-post-thumbnail","6":"product_brand-knipex","7":"product_cat-kablo-siyirmalar","9":"first","10":"outofstock","11":"taxable","12":"shipping-taxable","13":"purchasable","14":"product-type-simple","15":"add-to-wishlist-after_add_to_cart"},"acf":[],"_links":{"self":[{"href":"https:\/\/www.makitamarket.com.tr\/site\/wp-json\/wp\/v2\/product\/15708","targetHints":{"allow":["GET"]}}],"collection":[{"href":"https:\/\/www.makitamarket.com.tr\/site\/wp-json\/wp\/v2\/product"}],"about":[{"href":"https:\/\/www.makitamarket.com.tr\/site\/wp-json\/wp\/v2\/types\/product"}],"replies":[{"embeddable":true,"href":"https:\/\/www.makitamarket.com.tr\/site\/wp-json\/wp\/v2\/comments?post=15708"}],"wp:featuredmedia":[{"embeddable":true,"href":"https:\/\/www.makitamarket.com.tr\/site\/wp-json\/wp\/v2\/media\/16672"}],"wp:attachment":[{"href":"https:\/\/www.makitamarket.com.tr\/site\/wp-json\/wp\/v2\/media?parent=15708"}],"wp:term":[{"taxonomy":"product_brand","embeddable":true,"href":"https:\/\/www.makitamarket.com.tr\/site\/wp-json\/wp\/v2\/product_brand?post=15708"},{"taxonomy":"product_cat","embeddable":true,"href":"https:\/\/www.makitamarket.com.tr\/site\/wp-json\/wp\/v2\/product_cat?post=15708"},{"taxonomy":"product_tag","embeddable":true,"href":"https:\/\/www.makitamarket.com.tr\/site\/wp-json\/wp\/v2\/product_tag?post=15708"}],"curies":[{"name":"wp","href":"https:\/\/api.w.org\/{rel}","templated":true}]}}