{"id":15762,"date":"2024-11-28T19:52:25","date_gmt":"2024-11-28T16:52:25","guid":{"rendered":"https:\/\/www.makitamarket.com.tr\/site\/urun\/lightorch-sarj-edilebilir-calisma-lambasi\/"},"modified":"2026-04-06T15:29:47","modified_gmt":"2026-04-06T12:29:47","slug":"lightorch-sarj-edilebilir-calisma-lambasi","status":"publish","type":"product","link":"https:\/\/www.makitamarket.com.tr\/site\/urun\/lightorch-sarj-edilebilir-calisma-lambasi\/","title":{"rendered":"Lightorch LT03147 \u015eARJ ED\u0130LEB\u0130L\u0130R \u00c7ALI\u015eMA LAMBASI"},"content":{"rendered":"<p>LT03147<\/p>\n<table>\n<tr>\n<td>Ayd\u0131nlatma \u015eiddeti<\/td>\n<td>350 L\u00fcmen<\/td>\n<\/tr>\n<tr>\n<td>Ayd\u0131nlatma Mesafesi<\/td>\n<td>10, 20 Metre<\/td>\n<\/tr>\n<tr>\n<td>LED<\/td>\n<td>1x3W<\/td>\n<\/tr>\n<tr>\n<td>Tam \u015earjda Kullan\u0131m<\/td>\n<td>10,6 Saat<\/td>\n<\/tr>\n<tr>\n<td>\u015earj Kablosu<\/td>\n<td>220V Priz \u015farj\u0131<\/td>\n<\/tr>\n<tr>\n<td>Batarya<\/td>\n<td>Lithium-Ion sarj edilebilir<\/td>\n<\/tr>\n<tr>\n<td>360\u00b0 D\u00f6ner Kanca<\/td>\n<td>\u221a<\/td>\n<\/tr>\n<tr>\n<td>G\u00f6vde Uzunlu\u011fu<\/td>\n<td>22,5 cm<\/td>\n<\/tr>\n<tr>\n<td>Paket \u0130\u00e7i Adedi<\/td>\n<td>4<\/td>\n<\/tr>\n<tr>\n<td>Koli \u0130\u00e7i Adedi<\/td>\n<td>8<\/td>\n<\/tr>\n<\/table>\n","protected":false},"excerpt":{"rendered":"<p>LT03147<\/p>\n","protected":false},"featured_media":15761,"comment_status":"open","ping_status":"closed","template":"","meta":{"_acf_changed":false},"product_brand":[1556],"product_cat":[1565],"product_tag":[],"class_list":{"0":"post-15762","1":"product","2":"type-product","3":"status-publish","4":"has-post-thumbnail","6":"product_brand-lightorch","7":"product_cat-yok-yok","9":"first","10":"instock","11":"taxable","12":"shipping-taxable","13":"purchasable","14":"product-type-simple","15":"add-to-wishlist-after_add_to_cart"},"acf":[],"_links":{"self":[{"href":"https:\/\/www.makitamarket.com.tr\/site\/wp-json\/wp\/v2\/product\/15762","targetHints":{"allow":["GET"]}}],"collection":[{"href":"https:\/\/www.makitamarket.com.tr\/site\/wp-json\/wp\/v2\/product"}],"about":[{"href":"https:\/\/www.makitamarket.com.tr\/site\/wp-json\/wp\/v2\/types\/product"}],"replies":[{"embeddable":true,"href":"https:\/\/www.makitamarket.com.tr\/site\/wp-json\/wp\/v2\/comments?post=15762"}],"wp:featuredmedia":[{"embeddable":true,"href":"https:\/\/www.makitamarket.com.tr\/site\/wp-json\/wp\/v2\/media\/15761"}],"wp:attachment":[{"href":"https:\/\/www.makitamarket.com.tr\/site\/wp-json\/wp\/v2\/media?parent=15762"}],"wp:term":[{"taxonomy":"product_brand","embeddable":true,"href":"https:\/\/www.makitamarket.com.tr\/site\/wp-json\/wp\/v2\/product_brand?post=15762"},{"taxonomy":"product_cat","embeddable":true,"href":"https:\/\/www.makitamarket.com.tr\/site\/wp-json\/wp\/v2\/product_cat?post=15762"},{"taxonomy":"product_tag","embeddable":true,"href":"https:\/\/www.makitamarket.com.tr\/site\/wp-json\/wp\/v2\/product_tag?post=15762"}],"curies":[{"name":"wp","href":"https:\/\/api.w.org\/{rel}","templated":true}]}}