{"id":15785,"date":"2024-11-28T19:52:34","date_gmt":"2024-11-28T16:52:34","guid":{"rendered":"https:\/\/www.makitamarket.com.tr\/site\/urun\/lightorch-sarj-edilebilir-ledli-el-feneri\/"},"modified":"2026-04-06T15:29:56","modified_gmt":"2026-04-06T12:29:56","slug":"lightorch-sarj-edilebilir-ledli-el-feneri","status":"publish","type":"product","link":"https:\/\/www.makitamarket.com.tr\/site\/urun\/lightorch-sarj-edilebilir-ledli-el-feneri\/","title":{"rendered":"Lightorch LT03101 \u015eARJ ED\u0130LEB\u0130L\u0130R LEDL\u0130 EL FENER\u0130"},"content":{"rendered":"<table>\n<tr>\n<td>Ayd\u0131nlatma \u015eiddeti<\/td>\n<td>190 L\u00fcmen<\/td>\n<\/tr>\n<tr>\n<td>Ayd\u0131nlatma Mesafesi<\/td>\n<td>380 Metre<\/td>\n<\/tr>\n<tr>\n<td>LED<\/td>\n<td>1x3W S\u00fcper Parlak<\/td>\n<\/tr>\n<tr>\n<td>Tam \u015earjda Kullan\u0131m<\/td>\n<td>4 Saat<\/td>\n<\/tr>\n<tr>\n<td>Batarya<\/td>\n<td>Lithium-Ion \u015farj  edilebilir<\/td>\n<\/tr>\n<tr>\n<td>\u015earj Kablosu<\/td>\n<td>220V Priz \u015farj\u0131<\/td>\n<\/tr>\n<tr>\n<td>D\u00f6ner Sap<\/td>\n<td>\u221a<\/td>\n<\/tr>\n<tr>\n<td>Katlanabilir Ayak<\/td>\n<td>\u221a<\/td>\n<\/tr>\n<tr>\n<td>Kol Kilidi<\/td>\n<td>\u221a<\/td>\n<\/tr>\n<tr>\n<td>G\u00f6vde Materyali<\/td>\n<td>Darbeye Dayan\u0131kl\u0131 Kaucuk Kaplama<\/td>\n<\/tr>\n<tr>\n<td>G\u00f6vde Uzunlu\u011fu<\/td>\n<td>18,50 cm<\/td>\n<\/tr>\n<tr>\n<td>Paket \u0130\u00e7i Adedi<\/td>\n<td>1<\/td>\n<\/tr>\n<tr>\n<td>Koli \u0130\u00e7i Adedi<\/td>\n<td>10<\/td>\n<\/tr>\n<\/table>\n","protected":false},"excerpt":{"rendered":"<p>Ayd\u0131nlatma \u015eiddeti 190 L\u00fcmen Ayd\u0131nlatma Mesafesi 380 Metre LED 1x3W S\u00fcper Parlak Tam \u015earjda Kullan\u0131m 4 Saat Batarya Lithium-Ion \u015farj edilebilir \u015earj Kablosu 220V Priz \u015farj\u0131 D\u00f6ner Sap \u221a Katlanabilir<\/p>\n","protected":false},"featured_media":15784,"comment_status":"open","ping_status":"closed","template":"","meta":{"_acf_changed":false},"product_brand":[1556],"product_cat":[1339],"product_tag":[],"class_list":{"0":"post-15785","1":"product","2":"type-product","3":"status-publish","4":"has-post-thumbnail","6":"product_brand-lightorch","7":"product_cat-sarjli-el-fenerleri","9":"first","10":"outofstock","11":"taxable","12":"shipping-taxable","13":"purchasable","14":"product-type-simple","15":"add-to-wishlist-after_add_to_cart"},"acf":[],"_links":{"self":[{"href":"https:\/\/www.makitamarket.com.tr\/site\/wp-json\/wp\/v2\/product\/15785","targetHints":{"allow":["GET"]}}],"collection":[{"href":"https:\/\/www.makitamarket.com.tr\/site\/wp-json\/wp\/v2\/product"}],"about":[{"href":"https:\/\/www.makitamarket.com.tr\/site\/wp-json\/wp\/v2\/types\/product"}],"replies":[{"embeddable":true,"href":"https:\/\/www.makitamarket.com.tr\/site\/wp-json\/wp\/v2\/comments?post=15785"}],"wp:featuredmedia":[{"embeddable":true,"href":"https:\/\/www.makitamarket.com.tr\/site\/wp-json\/wp\/v2\/media\/15784"}],"wp:attachment":[{"href":"https:\/\/www.makitamarket.com.tr\/site\/wp-json\/wp\/v2\/media?parent=15785"}],"wp:term":[{"taxonomy":"product_brand","embeddable":true,"href":"https:\/\/www.makitamarket.com.tr\/site\/wp-json\/wp\/v2\/product_brand?post=15785"},{"taxonomy":"product_cat","embeddable":true,"href":"https:\/\/www.makitamarket.com.tr\/site\/wp-json\/wp\/v2\/product_cat?post=15785"},{"taxonomy":"product_tag","embeddable":true,"href":"https:\/\/www.makitamarket.com.tr\/site\/wp-json\/wp\/v2\/product_tag?post=15785"}],"curies":[{"name":"wp","href":"https:\/\/api.w.org\/{rel}","templated":true}]}}