{"id":15826,"date":"2024-11-28T19:52:43","date_gmt":"2024-11-28T16:52:43","guid":{"rendered":"https:\/\/www.makitamarket.com.tr\/site\/urun\/uni-t-bluetooth-baglantili-mini-ruzgar-olcer\/"},"modified":"2026-04-13T21:21:44","modified_gmt":"2026-04-13T18:21:44","slug":"uni-t-bluetooth-baglantili-mini-ruzgar-olcer","status":"publish","type":"product","link":"https:\/\/www.makitamarket.com.tr\/site\/urun\/uni-t-bluetooth-baglantili-mini-ruzgar-olcer\/","title":{"rendered":"Uni-t UT363BT BLUETOOTH BA\u011eLANTILI M\u0130N\u0130 R\u00dcZGAR \u00d6L\u00c7ER"},"content":{"rendered":"<table>\n<tr>\n<td>R\u00fczgar H\u0131z\u0131 \u00d6l\u00e7\u00fcm Aral\u0131\u011f\u0131<\/td>\n<td>0~30m\/s<\/td>\n<\/tr>\n<tr>\n<td>R\u00fczgar H\u0131z\u0131 Hassasiyeti<\/td>\n<td>\u00b1(5%+0.5)<\/td>\n<\/tr>\n<tr>\n<td>S\u0131cakl\u0131k \u00d6l\u00e7\u00fcm Aral\u0131\u011f\u0131 (\u02daC\/\u02daF)<\/td>\n<td>-10\u02daC~50\u02daC\/14\u02daF~122\u02daF<\/td>\n<\/tr>\n<tr>\n<td>S\u0131cakl\u0131k Hassasiyeti (\u02daC\/\u02daF)<\/td>\n<td>\u00b12\u02daC\/\u00b14\u02daF<\/td>\n<\/tr>\n<tr>\n<td>\u00d6rneklem S\u00fcresi<\/td>\n<td>0.5 sn<\/td>\n<\/tr>\n<tr>\n<td>G\u00f6r\u00fcnt\u00fcleme Birimleri<\/td>\n<td>m\/s, km\/h, ft\/min, knots,mph,\u02daC, \u02daF<\/td>\n<\/tr>\n<tr>\n<td>A\u011f\u0131rl\u0131k<\/td>\n<td>118 g<\/td>\n<\/tr>\n<\/table>\n","protected":false},"excerpt":{"rendered":"<p>R\u00fczgar H\u0131z\u0131 \u00d6l\u00e7\u00fcm Aral\u0131\u011f\u0131 0~30m\/s R\u00fczgar H\u0131z\u0131 Hassasiyeti \u00b1(5%+0.5) S\u0131cakl\u0131k \u00d6l\u00e7\u00fcm Aral\u0131\u011f\u0131 (\u02daC\/\u02daF) -10\u02daC~50\u02daC\/14\u02daF~122\u02daF S\u0131cakl\u0131k Hassasiyeti (\u02daC\/\u02daF) \u00b12\u02daC\/\u00b14\u02daF \u00d6rneklem S\u00fcresi 0.5 sn G\u00f6r\u00fcnt\u00fcleme Birimleri m\/s, km\/h, ft\/min, knots,mph,\u02daC, \u02daF A\u011f\u0131rl\u0131k<\/p>\n","protected":false},"featured_media":15825,"comment_status":"open","ping_status":"closed","template":"","meta":{"_acf_changed":false},"product_brand":[1531],"product_cat":[1341],"product_tag":[],"class_list":{"0":"post-15826","1":"product","2":"type-product","3":"status-publish","4":"has-post-thumbnail","6":"product_brand-uni-t","7":"product_cat-ruzgar-olcum-cihazlari","9":"first","10":"instock","11":"taxable","12":"shipping-taxable","13":"purchasable","14":"product-type-simple","15":"add-to-wishlist-after_add_to_cart"},"acf":[],"_links":{"self":[{"href":"https:\/\/www.makitamarket.com.tr\/site\/wp-json\/wp\/v2\/product\/15826","targetHints":{"allow":["GET"]}}],"collection":[{"href":"https:\/\/www.makitamarket.com.tr\/site\/wp-json\/wp\/v2\/product"}],"about":[{"href":"https:\/\/www.makitamarket.com.tr\/site\/wp-json\/wp\/v2\/types\/product"}],"replies":[{"embeddable":true,"href":"https:\/\/www.makitamarket.com.tr\/site\/wp-json\/wp\/v2\/comments?post=15826"}],"wp:featuredmedia":[{"embeddable":true,"href":"https:\/\/www.makitamarket.com.tr\/site\/wp-json\/wp\/v2\/media\/15825"}],"wp:attachment":[{"href":"https:\/\/www.makitamarket.com.tr\/site\/wp-json\/wp\/v2\/media?parent=15826"}],"wp:term":[{"taxonomy":"product_brand","embeddable":true,"href":"https:\/\/www.makitamarket.com.tr\/site\/wp-json\/wp\/v2\/product_brand?post=15826"},{"taxonomy":"product_cat","embeddable":true,"href":"https:\/\/www.makitamarket.com.tr\/site\/wp-json\/wp\/v2\/product_cat?post=15826"},{"taxonomy":"product_tag","embeddable":true,"href":"https:\/\/www.makitamarket.com.tr\/site\/wp-json\/wp\/v2\/product_tag?post=15826"}],"curies":[{"name":"wp","href":"https:\/\/api.w.org\/{rel}","templated":true}]}}