{"id":15844,"date":"2024-11-28T19:52:53","date_gmt":"2024-11-28T16:52:53","guid":{"rendered":"https:\/\/www.makitamarket.com.tr\/site\/urun\/bts-dijital-aluminyum-su-terazisi-16-400-mm\/"},"modified":"2026-03-15T10:22:23","modified_gmt":"2026-03-15T07:22:23","slug":"bts-dijital-aluminyum-su-terazisi-16-400-mm","status":"publish","type":"product","link":"https:\/\/www.makitamarket.com.tr\/site\/urun\/bts-dijital-aluminyum-su-terazisi-16-400-mm\/","title":{"rendered":"Bts BTS03104 D\u0130J\u0130TAL AL\u00dcM\u0130NYUM SU TERAZ\u0130S\u0130 16&#8243;\/400 mm"},"content":{"rendered":"<div>\n\t\u2022 Yatay ve Dikey 2 Sulu<\/div>\n<div>\n\t\u2022 \u00d6l\u00e7\u00fcm Aral\u0131\u011f\u0131: 0-3600<\/div>\n<div>\n\t\u2022 \u00c7\u00f6z\u00fcn\u00fcrl\u00fck: 0,10<\/div>\n<div>\n\t\u2022 Do\u011fruluk: 0,20<\/div>\n<div>\n\t\u2022 Termoplastik Bile\u015fenlere Sahip Al\u00fcminyum Ekstr\u00fczyon ve Eloksal Kaplamal\u0131 Son Derece Sa\u011flam G\u00f6vde<\/div>\n<div>\n\t\u2022 G\u00fc\u00e7l\u00fc M\u0131knat\u0131s<\/div>\n<div>\n\t\u2022 2 x AAA 1,5V Pil<\/div>\n<table>\n<tr>\n<td>\u00d6l\u00e7\u00fc<\/td>\n<td>16&#8243;\/400 mm.<\/td>\n<\/tr>\n<tr>\n<td>\u00d6zellik<\/td>\n<td>2 Sulu (Yatay &#8211; Dikey)<\/td>\n<\/tr>\n<\/table>\n","protected":false},"excerpt":{"rendered":"<div>\n\t\u2022 Yatay ve Dikey 2 Sulu<\/div>\n<div>\n\t\u2022 \u00d6l\u00e7\u00fcm Aral\u0131\u011f\u0131: 0-3600<\/div>\n<div>\n\t\u2022 \u00c7\u00f6z\u00fcn\u00fcrl\u00fck: 0,10<\/div>\n<div>\n\t\u2022 Do\u011fruluk: 0,20<\/div>\n<div>\n\t\u2022 Termoplastik Bile\u015fenlere Sahip Al\u00fcminyum Ekstr\u00fczyon ve Eloksal Kaplamal\u0131 Son Derece Sa\u011flam G\u00f6vde<\/div>\n<div>\n\t\u2022 G\u00fc\u00e7l\u00fc M\u0131knat\u0131s<\/div>\n<div>\n\t\u2022 2 x AAA 1,5V Pil<\/div>\n","protected":false},"featured_media":15843,"comment_status":"open","ping_status":"closed","template":"","meta":{"_acf_changed":false},"product_brand":[1548],"product_cat":[1565],"product_tag":[],"class_list":{"0":"post-15844","1":"product","2":"type-product","3":"status-publish","4":"has-post-thumbnail","6":"product_brand-bts","7":"product_cat-yok-yok","9":"first","10":"outofstock","11":"taxable","12":"shipping-taxable","13":"purchasable","14":"product-type-simple","15":"add-to-wishlist-after_add_to_cart"},"acf":[],"_links":{"self":[{"href":"https:\/\/www.makitamarket.com.tr\/site\/wp-json\/wp\/v2\/product\/15844","targetHints":{"allow":["GET"]}}],"collection":[{"href":"https:\/\/www.makitamarket.com.tr\/site\/wp-json\/wp\/v2\/product"}],"about":[{"href":"https:\/\/www.makitamarket.com.tr\/site\/wp-json\/wp\/v2\/types\/product"}],"replies":[{"embeddable":true,"href":"https:\/\/www.makitamarket.com.tr\/site\/wp-json\/wp\/v2\/comments?post=15844"}],"wp:featuredmedia":[{"embeddable":true,"href":"https:\/\/www.makitamarket.com.tr\/site\/wp-json\/wp\/v2\/media\/15843"}],"wp:attachment":[{"href":"https:\/\/www.makitamarket.com.tr\/site\/wp-json\/wp\/v2\/media?parent=15844"}],"wp:term":[{"taxonomy":"product_brand","embeddable":true,"href":"https:\/\/www.makitamarket.com.tr\/site\/wp-json\/wp\/v2\/product_brand?post=15844"},{"taxonomy":"product_cat","embeddable":true,"href":"https:\/\/www.makitamarket.com.tr\/site\/wp-json\/wp\/v2\/product_cat?post=15844"},{"taxonomy":"product_tag","embeddable":true,"href":"https:\/\/www.makitamarket.com.tr\/site\/wp-json\/wp\/v2\/product_tag?post=15844"}],"curies":[{"name":"wp","href":"https:\/\/api.w.org\/{rel}","templated":true}]}}