{"id":16043,"date":"2024-11-28T19:54:08","date_gmt":"2024-11-28T16:54:08","guid":{"rendered":"https:\/\/www.makitamarket.com.tr\/site\/urun\/proxxon-5-parcali-komple-polisaj-seti\/"},"modified":"2026-03-30T09:22:24","modified_gmt":"2026-03-30T06:22:24","slug":"proxxon-5-parcali-komple-polisaj-seti","status":"publish","type":"product","link":"https:\/\/www.makitamarket.com.tr\/site\/urun\/proxxon-5-parcali-komple-polisaj-seti\/","title":{"rendered":"Proxxon 28312 5 PAR\u00c7ALI KOMPLE POL\u0130SAJ SET\u0130"},"content":{"rendered":"<p>\n\t<span style=\"font-family:tahoma,geneva,sans-serif;\"><span style=\"font-size:12px;\"><font color=\"#1f1a17\"><font color=\"#1f1a17\"><font color=\"#1f1a17\">28030 SP\/E i\u00e7in 5 par\u00e7al\u0131 komple polisaj seti \u00e7elik f\u0131r\u00e7a, yapak, y\u00fcn ve pamuk disklerden olu\u015fur.<\/font><\/font><\/font><\/span><\/span><\/p>\n<table>\n<tr>\n<td>\u00d6zellik<\/td>\n<td>28030 SP\/E i\u00e7in 5 par\u00e7al\u0131 komple polisaj seti \u00e7elik f\u0131r\u00e7a, yapak, y\u00fcn ve pamuk disklerden olu\u015fur<\/td>\n<\/tr>\n<\/table>\n","protected":false},"excerpt":{"rendered":"<p>\n\t<span style=\"font-family:tahoma,geneva,sans-serif;\"><span style=\"font-size:12px;\"><font color=\"#1f1a17\"><font color=\"#1f1a17\"><font color=\"#1f1a17\">28030 SP\/E i\u00e7in 5 par\u00e7al\u0131 komple polisaj seti \u00e7elik f\u0131r\u00e7a, yapak, y\u00fcn ve pamuk disklerden olu\u015fur.<\/font><\/font><\/font><\/span><\/span><\/p>\n","protected":false},"featured_media":16042,"comment_status":"open","ping_status":"closed","template":"","meta":{"_acf_changed":false},"product_brand":[1501],"product_cat":[926],"product_tag":[],"class_list":{"0":"post-16043","1":"product","2":"type-product","3":"status-publish","4":"has-post-thumbnail","6":"product_brand-proxxon","7":"product_cat-aksesuarlar-mikro-aletleri","9":"first","10":"instock","11":"taxable","12":"shipping-taxable","13":"purchasable","14":"product-type-simple","15":"add-to-wishlist-after_add_to_cart"},"acf":[],"_links":{"self":[{"href":"https:\/\/www.makitamarket.com.tr\/site\/wp-json\/wp\/v2\/product\/16043","targetHints":{"allow":["GET"]}}],"collection":[{"href":"https:\/\/www.makitamarket.com.tr\/site\/wp-json\/wp\/v2\/product"}],"about":[{"href":"https:\/\/www.makitamarket.com.tr\/site\/wp-json\/wp\/v2\/types\/product"}],"replies":[{"embeddable":true,"href":"https:\/\/www.makitamarket.com.tr\/site\/wp-json\/wp\/v2\/comments?post=16043"}],"wp:featuredmedia":[{"embeddable":true,"href":"https:\/\/www.makitamarket.com.tr\/site\/wp-json\/wp\/v2\/media\/16042"}],"wp:attachment":[{"href":"https:\/\/www.makitamarket.com.tr\/site\/wp-json\/wp\/v2\/media?parent=16043"}],"wp:term":[{"taxonomy":"product_brand","embeddable":true,"href":"https:\/\/www.makitamarket.com.tr\/site\/wp-json\/wp\/v2\/product_brand?post=16043"},{"taxonomy":"product_cat","embeddable":true,"href":"https:\/\/www.makitamarket.com.tr\/site\/wp-json\/wp\/v2\/product_cat?post=16043"},{"taxonomy":"product_tag","embeddable":true,"href":"https:\/\/www.makitamarket.com.tr\/site\/wp-json\/wp\/v2\/product_tag?post=16043"}],"curies":[{"name":"wp","href":"https:\/\/api.w.org\/{rel}","templated":true}]}}