{"id":16074,"date":"2024-11-28T19:54:19","date_gmt":"2024-11-28T16:54:19","guid":{"rendered":"https:\/\/www.makitamarket.com.tr\/site\/urun\/proxxon-tungsten-karbur-torpu-8-0x12-mm\/"},"modified":"2026-04-06T15:34:55","modified_gmt":"2026-04-06T12:34:55","slug":"proxxon-tungsten-karbur-torpu-8-0x12-mm","status":"publish","type":"product","link":"https:\/\/www.makitamarket.com.tr\/site\/urun\/proxxon-tungsten-karbur-torpu-8-0x12-mm\/","title":{"rendered":"Proxxon 29062 TUNGSTEN KARB\u00dcR T\u00d6RP\u00dc 8.0&#215;12 mm"},"content":{"rendered":"<div id=\"cke_pastebin\">\n<div id=\"cke_pastebin\">\n\t\tTungsten karb\u00fcr t\u00f6rp\u00fc konik 8,0x12mm ah\u015fap plastik ve fberglas kaplamal\u0131 malzemeler i\u00e7in ideal \u00d8) 3.2<\/div>\n<div>\n\t\t\u00a0<\/div>\n<\/div>\n<table><\/table>\n","protected":false},"excerpt":{"rendered":"<div id=\"cke_pastebin\">\n<div id=\"cke_pastebin\">\n\t\tTungsten karb\u00fcr t\u00f6rp\u00fc konik 8,0x12mm ah\u015fap plastik ve fberglas kaplamal\u0131 malzemeler i\u00e7in ideal \u00d8) 3.2<\/div>\n<div>\n\t\t\u00a0<\/div>\n<\/div>\n","protected":false},"featured_media":16073,"comment_status":"open","ping_status":"closed","template":"","meta":{"_acf_changed":false},"product_brand":[1501],"product_cat":[926],"product_tag":[],"class_list":{"0":"post-16074","1":"product","2":"type-product","3":"status-publish","4":"has-post-thumbnail","6":"product_brand-proxxon","7":"product_cat-aksesuarlar-mikro-aletleri","9":"first","10":"instock","11":"taxable","12":"shipping-taxable","13":"purchasable","14":"product-type-simple","15":"add-to-wishlist-after_add_to_cart"},"acf":[],"_links":{"self":[{"href":"https:\/\/www.makitamarket.com.tr\/site\/wp-json\/wp\/v2\/product\/16074","targetHints":{"allow":["GET"]}}],"collection":[{"href":"https:\/\/www.makitamarket.com.tr\/site\/wp-json\/wp\/v2\/product"}],"about":[{"href":"https:\/\/www.makitamarket.com.tr\/site\/wp-json\/wp\/v2\/types\/product"}],"replies":[{"embeddable":true,"href":"https:\/\/www.makitamarket.com.tr\/site\/wp-json\/wp\/v2\/comments?post=16074"}],"wp:featuredmedia":[{"embeddable":true,"href":"https:\/\/www.makitamarket.com.tr\/site\/wp-json\/wp\/v2\/media\/16073"}],"wp:attachment":[{"href":"https:\/\/www.makitamarket.com.tr\/site\/wp-json\/wp\/v2\/media?parent=16074"}],"wp:term":[{"taxonomy":"product_brand","embeddable":true,"href":"https:\/\/www.makitamarket.com.tr\/site\/wp-json\/wp\/v2\/product_brand?post=16074"},{"taxonomy":"product_cat","embeddable":true,"href":"https:\/\/www.makitamarket.com.tr\/site\/wp-json\/wp\/v2\/product_cat?post=16074"},{"taxonomy":"product_tag","embeddable":true,"href":"https:\/\/www.makitamarket.com.tr\/site\/wp-json\/wp\/v2\/product_tag?post=16074"}],"curies":[{"name":"wp","href":"https:\/\/api.w.org\/{rel}","templated":true}]}}