{"id":16127,"date":"2024-11-28T19:54:38","date_gmt":"2024-11-28T16:54:38","guid":{"rendered":"https:\/\/www.makitamarket.com.tr\/site\/urun\/bmi-bmi-689025tm-torpedo-cep-tipi-su-terazisi\/"},"modified":"2026-03-30T09:23:33","modified_gmt":"2026-03-30T06:23:33","slug":"bmi-bmi-689025tm-torpedo-cep-tipi-su-terazisi","status":"publish","type":"product","link":"https:\/\/www.makitamarket.com.tr\/site\/urun\/bmi-bmi-689025tm-torpedo-cep-tipi-su-terazisi\/","title":{"rendered":"Bmi 689025TM BMI 689025TM TORPEDO CEP T\u0130P\u0130 SU TERAZ\u0130S\u0130"},"content":{"rendered":"<div>\n\t<span dir=\"ltr\" role=\"presentation\" style=\"left: 438.952px; top: 761.177px; font-size: 10px; font-family: sans-serif; transform: scaleX(0.8635);\">Dikey terazi g\u00f6z\u00fc<\/span><br role=\"presentation\" \/><br \/>\n\t<span dir=\"ltr\" role=\"presentation\" style=\"left: 438.952px; top: 772.007px; font-size: 10px; font-family: sans-serif; transform: scaleX(0.845276);\">B\u00fcy\u00fcte\u00e7li yatay terazi g\u00f6z\u00fc<\/span><br role=\"presentation\" \/><br \/>\n\t<span dir=\"ltr\" role=\"presentation\" style=\"left: 438.952px; top: 782.837px; font-size: 10px; font-family: sans-serif; transform: scaleX(0.898636);\">M\u0131knat\u0131sl\u0131<\/span><\/div>\n<table>\n<tr>\n<td>Uzunluk<\/td>\n<td>20 cm<\/td>\n<\/tr>\n<tr>\n<td>Hassasiyet<\/td>\n<td>1m\u2019de 0,5mm<\/td>\n<\/tr>\n<\/table>\n","protected":false},"excerpt":{"rendered":"<div>\n\t<span dir=\"ltr\" role=\"presentation\" style=\"left: 438.952px; top: 761.177px; font-size: 10px; font-family: sans-serif; transform: scaleX(0.8635);\">Dikey terazi g\u00f6z\u00fc<\/span><br role=\"presentation\" \/><br \/>\n\t<span dir=\"ltr\" role=\"presentation\" style=\"left: 438.952px; top: 772.007px; font-size: 10px; font-family: sans-serif; transform: scaleX(0.845276);\">B\u00fcy\u00fcte\u00e7li yatay terazi g\u00f6z\u00fc<\/span><br role=\"presentation\" \/><br \/>\n\t<span dir=\"ltr\" role=\"presentation\" style=\"left: 438.952px; top: 782.837px; font-size: 10px; font-family: sans-serif; transform: scaleX(0.898636);\">M\u0131knat\u0131sl\u0131<\/span><\/div>\n","protected":false},"featured_media":16126,"comment_status":"open","ping_status":"closed","template":"","meta":{"_acf_changed":false},"product_brand":[1522],"product_cat":[974],"product_tag":[],"class_list":{"0":"post-16127","1":"product","2":"type-product","3":"status-publish","4":"has-post-thumbnail","6":"product_brand-bmi","7":"product_cat-su-terazileri","9":"first","10":"instock","11":"taxable","12":"shipping-taxable","13":"purchasable","14":"product-type-simple","15":"add-to-wishlist-after_add_to_cart"},"acf":[],"_links":{"self":[{"href":"https:\/\/www.makitamarket.com.tr\/site\/wp-json\/wp\/v2\/product\/16127","targetHints":{"allow":["GET"]}}],"collection":[{"href":"https:\/\/www.makitamarket.com.tr\/site\/wp-json\/wp\/v2\/product"}],"about":[{"href":"https:\/\/www.makitamarket.com.tr\/site\/wp-json\/wp\/v2\/types\/product"}],"replies":[{"embeddable":true,"href":"https:\/\/www.makitamarket.com.tr\/site\/wp-json\/wp\/v2\/comments?post=16127"}],"wp:featuredmedia":[{"embeddable":true,"href":"https:\/\/www.makitamarket.com.tr\/site\/wp-json\/wp\/v2\/media\/16126"}],"wp:attachment":[{"href":"https:\/\/www.makitamarket.com.tr\/site\/wp-json\/wp\/v2\/media?parent=16127"}],"wp:term":[{"taxonomy":"product_brand","embeddable":true,"href":"https:\/\/www.makitamarket.com.tr\/site\/wp-json\/wp\/v2\/product_brand?post=16127"},{"taxonomy":"product_cat","embeddable":true,"href":"https:\/\/www.makitamarket.com.tr\/site\/wp-json\/wp\/v2\/product_cat?post=16127"},{"taxonomy":"product_tag","embeddable":true,"href":"https:\/\/www.makitamarket.com.tr\/site\/wp-json\/wp\/v2\/product_tag?post=16127"}],"curies":[{"name":"wp","href":"https:\/\/api.w.org\/{rel}","templated":true}]}}