{"id":16156,"date":"2024-11-28T19:54:49","date_gmt":"2024-11-28T16:54:49","guid":{"rendered":"https:\/\/www.makitamarket.com.tr\/site\/urun\/uni-t-fis-priz-guc-analizoru\/"},"modified":"2026-04-06T15:36:44","modified_gmt":"2026-04-06T12:36:44","slug":"uni-t-fis-priz-guc-analizoru","status":"publish","type":"product","link":"https:\/\/www.makitamarket.com.tr\/site\/urun\/uni-t-fis-priz-guc-analizoru\/","title":{"rendered":"Uni-t UT230B F\u0130\u015e &#8211; PR\u0130Z G\u00dc\u00c7 ANAL\u0130Z\u00d6R\u00dc"},"content":{"rendered":"<table>\n<tr>\n<td>Voltaj<\/td>\n<td>100.0V~260.0V<\/td>\n<\/tr>\n<tr>\n<td>Ak\u0131m<\/td>\n<td>0A~16.00A<\/td>\n<\/tr>\n<tr>\n<td>Frekans<\/td>\n<td>45Hz<\/td>\n<\/tr>\n<tr>\n<td>G\u00fc\u00e7<\/td>\n<td>0~3680W<\/td>\n<\/tr>\n<tr>\n<td>G\u00fc\u00e7 Fakt\u00f6r\u00fc<\/td>\n<td>0~1.00<\/td>\n<\/tr>\n<tr>\n<td>Enerji Kullan\u0131m\u0131<\/td>\n<td>0~9999KWh<\/td>\n<\/tr>\n<tr>\n<td>Batarya<\/td>\n<td>3.0 V<\/td>\n<\/tr>\n<tr>\n<td>A\u011f\u0131rl\u0131k<\/td>\n<td>140 g<\/td>\n<\/tr>\n<tr>\n<td>Boyutlar<\/td>\n<td>130mm x 65mm x 59mm<\/td>\n<\/tr>\n<tr>\n<td>Ambalaj \u0130\u00e7eri\u011fi<\/td>\n<td>Blister, Kullan\u0131m Klavuzu<\/td>\n<\/tr>\n<\/table>\n","protected":false},"excerpt":{"rendered":"<p>Voltaj 100.0V~260.0V Ak\u0131m 0A~16.00A Frekans 45Hz G\u00fc\u00e7 0~3680W G\u00fc\u00e7 Fakt\u00f6r\u00fc 0~1.00 Enerji Kullan\u0131m\u0131 0~9999KWh Batarya 3.0 V A\u011f\u0131rl\u0131k 140 g Boyutlar 130mm x 65mm x 59mm Ambalaj \u0130\u00e7eri\u011fi Blister, Kullan\u0131m<\/p>\n","protected":false},"featured_media":16155,"comment_status":"open","ping_status":"closed","template":"","meta":{"_acf_changed":false},"product_brand":[1531],"product_cat":[1352],"product_tag":[],"class_list":{"0":"post-16156","1":"product","2":"type-product","3":"status-publish","4":"has-post-thumbnail","6":"product_brand-uni-t","7":"product_cat-priz-test-cihazlari","9":"first","10":"instock","11":"taxable","12":"shipping-taxable","13":"purchasable","14":"product-type-simple","15":"add-to-wishlist-after_add_to_cart"},"acf":[],"_links":{"self":[{"href":"https:\/\/www.makitamarket.com.tr\/site\/wp-json\/wp\/v2\/product\/16156","targetHints":{"allow":["GET"]}}],"collection":[{"href":"https:\/\/www.makitamarket.com.tr\/site\/wp-json\/wp\/v2\/product"}],"about":[{"href":"https:\/\/www.makitamarket.com.tr\/site\/wp-json\/wp\/v2\/types\/product"}],"replies":[{"embeddable":true,"href":"https:\/\/www.makitamarket.com.tr\/site\/wp-json\/wp\/v2\/comments?post=16156"}],"wp:featuredmedia":[{"embeddable":true,"href":"https:\/\/www.makitamarket.com.tr\/site\/wp-json\/wp\/v2\/media\/16155"}],"wp:attachment":[{"href":"https:\/\/www.makitamarket.com.tr\/site\/wp-json\/wp\/v2\/media?parent=16156"}],"wp:term":[{"taxonomy":"product_brand","embeddable":true,"href":"https:\/\/www.makitamarket.com.tr\/site\/wp-json\/wp\/v2\/product_brand?post=16156"},{"taxonomy":"product_cat","embeddable":true,"href":"https:\/\/www.makitamarket.com.tr\/site\/wp-json\/wp\/v2\/product_cat?post=16156"},{"taxonomy":"product_tag","embeddable":true,"href":"https:\/\/www.makitamarket.com.tr\/site\/wp-json\/wp\/v2\/product_tag?post=16156"}],"curies":[{"name":"wp","href":"https:\/\/api.w.org\/{rel}","templated":true}]}}