{"id":16619,"date":"2024-11-28T19:59:52","date_gmt":"2024-11-28T16:59:52","guid":{"rendered":"https:\/\/www.makitamarket.com.tr\/site\/urun\/bessey-sac-makasi-300-mm\/"},"modified":"2026-04-06T15:45:40","modified_gmt":"2026-04-06T12:45:40","slug":"bessey-sac-makasi-300-mm","status":"publish","type":"product","link":"https:\/\/www.makitamarket.com.tr\/site\/urun\/bessey-sac-makasi-300-mm\/","title":{"rendered":"Bessey BESD107-300L SAC MAKASI 300 mm"},"content":{"rendered":"<div>\n\t<span dir=\"ltr\" role=\"presentation\" style=\"left: 913.607px; top: 1092.24px; font-size: 11.6667px; font-family: sans-serif; transform: scaleX(0.862857);\">Sol e\u011fim-<\/span><span dir=\"ltr\" role=\"presentation\" style=\"left: 955.887px; top: 1092.24px; font-size: 11.6667px; font-family: sans-serif;\"> <\/span><span dir=\"ltr\" role=\"presentation\" style=\"left: 967.818px; top: 1092.24px; font-size: 11.6667px; font-family: sans-serif; transform: scaleX(0.851006);\">Sa\u011f e\u011fim<\/span><\/div>\n<table>\n<tr>\n<td>Boy<\/td>\n<td>300<\/td>\n<\/tr>\n<tr>\n<td>A\u011f\u0131z Geni\u015fli\u011fi<\/td>\n<td>47<\/td>\n<\/tr>\n<tr>\n<td>Kesme Kapasitesi<\/td>\n<td>1<\/td>\n<\/tr>\n<tr>\n<td>A\u011f\u0131rl\u0131k<\/td>\n<td>0.60<\/td>\n<\/tr>\n<\/table>\n","protected":false},"excerpt":{"rendered":"<div>\n\t<span dir=\"ltr\" role=\"presentation\" style=\"left: 913.607px; top: 1092.24px; font-size: 11.6667px; font-family: sans-serif; transform: scaleX(0.862857);\">Sol e\u011fim-<\/span><span dir=\"ltr\" role=\"presentation\" style=\"left: 955.887px; top: 1092.24px; font-size: 11.6667px; font-family: sans-serif;\"> <\/span><span dir=\"ltr\" role=\"presentation\" style=\"left: 967.818px; top: 1092.24px; font-size: 11.6667px; font-family: sans-serif; transform: scaleX(0.851006);\">Sa\u011f e\u011fim<\/span><\/div>\n","protected":false},"featured_media":16620,"comment_status":"open","ping_status":"closed","template":"","meta":{"_acf_changed":false},"product_brand":[1534],"product_cat":[1202],"product_tag":[],"class_list":{"0":"post-16619","1":"product","2":"type-product","3":"status-publish","4":"has-post-thumbnail","6":"product_brand-bessey","7":"product_cat-sac-makaslari","9":"first","10":"outofstock","11":"taxable","12":"shipping-taxable","13":"purchasable","14":"product-type-simple","15":"add-to-wishlist-after_add_to_cart"},"acf":[],"_links":{"self":[{"href":"https:\/\/www.makitamarket.com.tr\/site\/wp-json\/wp\/v2\/product\/16619","targetHints":{"allow":["GET"]}}],"collection":[{"href":"https:\/\/www.makitamarket.com.tr\/site\/wp-json\/wp\/v2\/product"}],"about":[{"href":"https:\/\/www.makitamarket.com.tr\/site\/wp-json\/wp\/v2\/types\/product"}],"replies":[{"embeddable":true,"href":"https:\/\/www.makitamarket.com.tr\/site\/wp-json\/wp\/v2\/comments?post=16619"}],"wp:featuredmedia":[{"embeddable":true,"href":"https:\/\/www.makitamarket.com.tr\/site\/wp-json\/wp\/v2\/media\/16620"}],"wp:attachment":[{"href":"https:\/\/www.makitamarket.com.tr\/site\/wp-json\/wp\/v2\/media?parent=16619"}],"wp:term":[{"taxonomy":"product_brand","embeddable":true,"href":"https:\/\/www.makitamarket.com.tr\/site\/wp-json\/wp\/v2\/product_brand?post=16619"},{"taxonomy":"product_cat","embeddable":true,"href":"https:\/\/www.makitamarket.com.tr\/site\/wp-json\/wp\/v2\/product_cat?post=16619"},{"taxonomy":"product_tag","embeddable":true,"href":"https:\/\/www.makitamarket.com.tr\/site\/wp-json\/wp\/v2\/product_tag?post=16619"}],"curies":[{"name":"wp","href":"https:\/\/api.w.org\/{rel}","templated":true}]}}