{"id":16778,"date":"2024-11-28T20:01:03","date_gmt":"2024-11-28T17:01:03","guid":{"rendered":"https:\/\/www.makitamarket.com.tr\/site\/urun\/knipex-vde-kablo-siyirma-bicagi-180-mm\/"},"modified":"2026-03-30T09:36:25","modified_gmt":"2026-03-30T06:36:25","slug":"knipex-vde-kablo-siyirma-bicagi-180-mm","status":"publish","type":"product","link":"https:\/\/www.makitamarket.com.tr\/site\/urun\/knipex-vde-kablo-siyirma-bicagi-180-mm\/","title":{"rendered":"Knipex 985313 VDE KABLO SIYIRMA BI\u00c7A\u011eI 180 mm"},"content":{"rendered":"<p><b>98 53 13 Kablo D\u0131\u015f K\u0131l\u0131f\u0131 Soyma B\u0131\u00e7a\u011f\u0131<\/b><br \/>Kullan\u0131m rahatl\u0131\u011f\u0131 sa\u011flayan kayma korumas\u0131na sahip sap \u015fekli ile \u00e7al\u0131\u015fma ergonomisi sunar. Elde kaymaya kar\u015f\u0131 dayan\u0131kl\u0131 yumu\u015fak komponentler ile daha y\u00fcksek i\u015f g\u00fcvenli\u011fi. B\u0131\u00e7a\u011f\u0131n, ba\u015f parmak oyu\u011fu ve sap sonundaki &#8220;parmak kancas\u0131&#8221; \u00fczerinden tutulmas\u0131 sayesinde daha iyi kuvvet aktar\u0131m\u0131 sa\u011flan\u0131r. \u015eeffaf koruyucu kapak. Dar, sabit kanca \u015feklinde b\u0131\u00e7ak, orak \u015feklinde. Sekt\u00f6r kesitli kablo i\u00e7in elveri\u015fli. B\u0131\u00e7ak: \u00d6zel tak\u0131m \u00e7eli\u011fi, \u0131s\u0131l i\u015flem ya\u011f i\u00e7inde ger\u00e7ekle\u015ftirilmi\u015ftir. <\/p>\n<li><b>S\u00fcng\u00fc Uzunlu\u011fu: <\/b>50 mm<\/li>\n<li><b>Yar\u0131\u00e7ap: <\/b>40 mm<\/li>\n<li><b>VDE onayl\u0131: <\/b>evet \u00a0<\/li>\n<table>\n<tr>\n<td>Uzunluk<\/td>\n<td>180<\/td>\n<\/tr>\n<tr>\n<td>B\u0131\u00e7ak Uzunlu\u011fu<\/td>\n<td>50 mm<\/td>\n<\/tr>\n<tr>\n<td>A\u011f\u0131rl\u0131k<\/td>\n<td>64 gr<\/td>\n<\/tr>\n<\/table>\n","protected":false},"excerpt":{"rendered":"<p><b>98 53 13 Kablo D\u0131\u015f K\u0131l\u0131f\u0131 Soyma B\u0131\u00e7a\u011f\u0131<\/b><br \/>Kullan\u0131m rahatl\u0131\u011f\u0131 sa\u011flayan kayma korumas\u0131na sahip sap \u015fekli ile \u00e7al\u0131\u015fma ergonomisi sunar. Elde kaymaya kar\u015f\u0131 dayan\u0131kl\u0131 yumu\u015fak komponentler ile daha y\u00fcksek i\u015f g\u00fcvenli\u011fi. B\u0131\u00e7a\u011f\u0131n, ba\u015f parmak oyu\u011fu ve sap sonundaki &#8220;parmak kancas\u0131&#8221; \u00fczerinden tutulmas\u0131 sayesinde daha iyi kuvvet aktar\u0131m\u0131 sa\u011flan\u0131r. \u015eeffaf koruyucu kapak. Dar, sabit kanca \u015feklinde b\u0131\u00e7ak, orak \u015feklinde. Sekt\u00f6r kesitli kablo i\u00e7in elveri\u015fli. B\u0131\u00e7ak: \u00d6zel tak\u0131m \u00e7eli\u011fi, \u0131s\u0131l i\u015flem ya\u011f i\u00e7inde ger\u00e7ekle\u015ftirilmi\u015ftir. <\/p>\n<li><b>S\u00fcng\u00fc Uzunlu\u011fu: <\/b>50 mm<\/li>\n<li><b>Yar\u0131\u00e7ap: <\/b>40 mm<\/li>\n<li><b>VDE onayl\u0131: <\/b>evet \u00a0<\/li>\n","protected":false},"featured_media":16777,"comment_status":"open","ping_status":"closed","template":"","meta":{"_acf_changed":false},"product_brand":[1486],"product_cat":[1270],"product_tag":[],"class_list":{"0":"post-16778","1":"product","2":"type-product","3":"status-publish","4":"has-post-thumbnail","6":"product_brand-knipex","7":"product_cat-izoleli-bicaklar-ve-aletler","9":"first","10":"instock","11":"taxable","12":"shipping-taxable","13":"purchasable","14":"product-type-simple","15":"add-to-wishlist-after_add_to_cart"},"acf":[],"_links":{"self":[{"href":"https:\/\/www.makitamarket.com.tr\/site\/wp-json\/wp\/v2\/product\/16778","targetHints":{"allow":["GET"]}}],"collection":[{"href":"https:\/\/www.makitamarket.com.tr\/site\/wp-json\/wp\/v2\/product"}],"about":[{"href":"https:\/\/www.makitamarket.com.tr\/site\/wp-json\/wp\/v2\/types\/product"}],"replies":[{"embeddable":true,"href":"https:\/\/www.makitamarket.com.tr\/site\/wp-json\/wp\/v2\/comments?post=16778"}],"wp:featuredmedia":[{"embeddable":true,"href":"https:\/\/www.makitamarket.com.tr\/site\/wp-json\/wp\/v2\/media\/16777"}],"wp:attachment":[{"href":"https:\/\/www.makitamarket.com.tr\/site\/wp-json\/wp\/v2\/media?parent=16778"}],"wp:term":[{"taxonomy":"product_brand","embeddable":true,"href":"https:\/\/www.makitamarket.com.tr\/site\/wp-json\/wp\/v2\/product_brand?post=16778"},{"taxonomy":"product_cat","embeddable":true,"href":"https:\/\/www.makitamarket.com.tr\/site\/wp-json\/wp\/v2\/product_cat?post=16778"},{"taxonomy":"product_tag","embeddable":true,"href":"https:\/\/www.makitamarket.com.tr\/site\/wp-json\/wp\/v2\/product_tag?post=16778"}],"curies":[{"name":"wp","href":"https:\/\/api.w.org\/{rel}","templated":true}]}}