{"id":16880,"date":"2024-11-28T20:03:45","date_gmt":"2024-11-28T17:03:45","guid":{"rendered":"https:\/\/www.makitamarket.com.tr\/site\/urun\/scheppach-hm90mp-icin-testere-216-mm-40-dis\/"},"modified":"2026-01-23T15:44:24","modified_gmt":"2026-01-23T12:44:24","slug":"scheppach-hm90mp-icin-testere-216-mm-40-dis","status":"publish","type":"product","link":"https:\/\/www.makitamarket.com.tr\/site\/urun\/scheppach-hm90mp-icin-testere-216-mm-40-dis\/","title":{"rendered":"Scheppach 7901200701 HM90MP \u0130\u00c7\u0130N TESTERE 216 mm 40 D\u0130\u015e"},"content":{"rendered":"<table>\n<tr>\n<td>Kullan\u0131m Alan\u0131<\/td>\n<td>Sert ve Yumu\u015fak Ah\u015fap, Laminant, MDF, Plastik Demir \u0130\u00e7ermeyen metal<\/td>\n<\/tr>\n<tr>\n<td>\u00d6l\u00e7\u00fc<\/td>\n<td>\u00d8 216 x 30 x 2.8mm \/ 40 Di\u015f<\/td>\n<\/tr>\n<\/table>\n","protected":false},"excerpt":{"rendered":"<p>Kullan\u0131m Alan\u0131 Sert ve Yumu\u015fak Ah\u015fap, Laminant, MDF, Plastik Demir \u0130\u00e7ermeyen metal \u00d6l\u00e7\u00fc \u00d8 216 x 30 x 2.8mm \/ 40 Di\u015f<\/p>\n","protected":false},"featured_media":16879,"comment_status":"open","ping_status":"closed","template":"","meta":{"_acf_changed":false},"product_brand":[1514],"product_cat":[1026],"product_tag":[],"class_list":{"0":"post-16880","1":"product","2":"type-product","3":"status-publish","4":"has-post-thumbnail","6":"product_brand-scheppach","7":"product_cat-daire-testere-makinalari","9":"first","10":"outofstock","11":"taxable","12":"shipping-taxable","13":"purchasable","14":"product-type-simple","15":"add-to-wishlist-after_add_to_cart"},"acf":[],"_links":{"self":[{"href":"https:\/\/www.makitamarket.com.tr\/site\/wp-json\/wp\/v2\/product\/16880","targetHints":{"allow":["GET"]}}],"collection":[{"href":"https:\/\/www.makitamarket.com.tr\/site\/wp-json\/wp\/v2\/product"}],"about":[{"href":"https:\/\/www.makitamarket.com.tr\/site\/wp-json\/wp\/v2\/types\/product"}],"replies":[{"embeddable":true,"href":"https:\/\/www.makitamarket.com.tr\/site\/wp-json\/wp\/v2\/comments?post=16880"}],"wp:featuredmedia":[{"embeddable":true,"href":"https:\/\/www.makitamarket.com.tr\/site\/wp-json\/wp\/v2\/media\/16879"}],"wp:attachment":[{"href":"https:\/\/www.makitamarket.com.tr\/site\/wp-json\/wp\/v2\/media?parent=16880"}],"wp:term":[{"taxonomy":"product_brand","embeddable":true,"href":"https:\/\/www.makitamarket.com.tr\/site\/wp-json\/wp\/v2\/product_brand?post=16880"},{"taxonomy":"product_cat","embeddable":true,"href":"https:\/\/www.makitamarket.com.tr\/site\/wp-json\/wp\/v2\/product_cat?post=16880"},{"taxonomy":"product_tag","embeddable":true,"href":"https:\/\/www.makitamarket.com.tr\/site\/wp-json\/wp\/v2\/product_tag?post=16880"}],"curies":[{"name":"wp","href":"https:\/\/api.w.org\/{rel}","templated":true}]}}