{"id":17261,"date":"2024-11-28T20:06:22","date_gmt":"2024-11-28T17:06:22","guid":{"rendered":"https:\/\/www.makitamarket.com.tr\/site\/urun\/makita-b-tipi-dekupaj-testere-bicak-seti\/"},"modified":"2025-08-28T10:07:08","modified_gmt":"2025-08-28T07:07:08","slug":"makita-b-tipi-dekupaj-testere-bicak-seti","status":"publish","type":"product","link":"https:\/\/www.makitamarket.com.tr\/site\/urun\/makita-b-tipi-dekupaj-testere-bicak-seti\/","title":{"rendered":"Makita A-86898 B T\u0130P\u0130 DEKUPAJ TESTERE BI\u00c7AK SET\u0130"},"content":{"rendered":"<table border=\"0\" cellpadding=\"0\" cellspacing=\"0\" width=\"303\">\n<colgroup>\n<col \/>\n<col \/>\n<col \/>\n\t<\/colgroup>\n<tbody>\n<tr height=\"20\" id=\"36665\">\n<td height=\"81\" rowspan=\"4\" style=\"height:81px;width:36px;\">\n\t\t\t\tB10S<\/td>\n<td style=\"width:181px;\">\n\t\t\t\tUzunda \u00c7al\u0131\u015fma<\/td>\n<td style=\"width:87px;\">\n\t\t\t\t65 mm<\/td>\n<\/tr>\n<tr height=\"20\">\n<td height=\"20\" style=\"height:20px;width:181px;\">\n\t\t\t\tAh\u015fap Kesim<\/td>\n<td style=\"width:87px;\">\n\t\t\t\t3 &#8211; 50 mm<\/td>\n<\/tr>\n<tr height=\"20\">\n<td height=\"20\" style=\"height:20px;width:181px;\">\n\t\t\t\t\u0130nch Ba\u015f\u0131 Di\u015f<\/td>\n<td style=\"width:87px;\">\n\t\t\t\t13<\/td>\n<\/tr>\n<tr height=\"21\">\n<td height=\"21\" style=\"height:21px;width:181px;\">\n\t\t\t\tB\u0131\u00e7ak Materyali<\/td>\n<td style=\"width:87px;\">\n\t\t\t\tHCS<\/td>\n<\/tr>\n<tr height=\"20\">\n<td height=\"101\" rowspan=\"5\" style=\"height:101px;\">\n\t\t\t\tB13<\/td>\n<td style=\"width:181px;\">\n\t\t\t\tUzunda \u00c7al\u0131\u015fma<\/td>\n<td style=\"width:87px;\">\n\t\t\t\t80 mm<\/td>\n<\/tr>\n<tr height=\"20\">\n<td height=\"20\" style=\"height:20px;width:181px;\">\n\t\t\t\tAh\u015fap Kesim<\/td>\n<td style=\"width:87px;\">\n\t\t\t\t4 &#8211; 65 mm<\/td>\n<\/tr>\n<tr height=\"20\">\n<td height=\"20\" style=\"height:20px;width:181px;\">\n\t\t\t\tPlastik Kesim<\/td>\n<td style=\"width:87px;\">\n\t\t\t\t4 &#8211; 65 mm<\/td>\n<\/tr>\n<tr height=\"20\">\n<td height=\"20\" style=\"height:20px;width:181px;\">\n\t\t\t\t\u0130nch Ba\u015f\u0131 Di\u015f<\/td>\n<td style=\"width:87px;\">\n\t\t\t\t8<\/td>\n<\/tr>\n<tr height=\"21\">\n<td height=\"21\" style=\"height:21px;width:181px;\">\n\t\t\t\tB\u0131\u00e7ak Materyali<\/td>\n<td style=\"width:87px;\">\n\t\t\t\tHCS<\/td>\n<\/tr>\n<tr height=\"20\">\n<td height=\"101\" rowspan=\"5\" style=\"height:101px;\">\n\t\t\t\tB16<\/td>\n<td style=\"width:181px;\">\n\t\t\t\tUzunda \u00c7al\u0131\u015fma<\/td>\n<td style=\"width:87px;\">\n\t\t\t\t75 mm<\/td>\n<\/tr>\n<tr height=\"20\">\n<td height=\"20\" style=\"height:20px;width:181px;\">\n\t\t\t\tAh\u015fap Kesim<\/td>\n<td style=\"width:87px;\">\n\t\t\t\t5 &#8211; 65 mm<\/td>\n<\/tr>\n<tr height=\"20\">\n<td height=\"20\" style=\"height:20px;width:181px;\">\n\t\t\t\tPlastik Kesim<\/td>\n<td style=\"width:87px;\">\n\t\t\t\t5 &#8211; 65 mm<\/td>\n<\/tr>\n<tr height=\"20\">\n<td height=\"20\" style=\"height:20px;width:181px;\">\n\t\t\t\t\u0130nch Ba\u015f\u0131 Di\u015f<\/td>\n<td style=\"width:87px;\">\n\t\t\t\t6<\/td>\n<\/tr>\n<tr height=\"21\">\n<td height=\"21\" style=\"height:21px;width:181px;\">\n\t\t\t\tB\u0131\u00e7ak Materyali<\/td>\n<td style=\"width:87px;\">\n\t\t\t\tHCS<\/td>\n<\/tr>\n<tr height=\"20\">\n<td height=\"141\" rowspan=\"7\" style=\"height:141px;\">\n\t\t\t\tB22<\/td>\n<td style=\"width:181px;\">\n\t\t\t\tUzunda \u00c7al\u0131\u015fma<\/td>\n<td style=\"width:87px;\">\n\t\t\t\t50 mm<\/td>\n<\/tr>\n<tr height=\"20\">\n<td height=\"20\" style=\"height:20px;width:181px;\">\n\t\t\t\tPlastik Kesim<\/td>\n<td style=\"width:87px;\">\n\t\t\t\t1 &#8211; 6 mm<\/td>\n<\/tr>\n<tr height=\"20\">\n<td height=\"20\" style=\"height:20px;width:181px;\">\n\t\t\t\tAl\u00fcminyum Kesim<\/td>\n<td style=\"width:87px;\">\n\t\t\t\t1 &#8211; 3 mm<\/td>\n<\/tr>\n<tr height=\"20\">\n<td height=\"20\" style=\"height:20px;width:181px;\">\n\t\t\t\tPaslanmaz \u00c7elik Kesim<\/td>\n<td style=\"width:87px;\">\n\t\t\t\t1 &#8211; 3 mm<\/td>\n<\/tr>\n<tr height=\"20\">\n<td height=\"20\" style=\"height:20px;width:181px;\">\n\t\t\t\tYumu\u015fak \u00c7elik Kesim<\/td>\n<td style=\"width:87px;\">\n\t\t\t\t1 &#8211; 3 mm<\/td>\n<\/tr>\n<tr height=\"20\">\n<td height=\"20\" style=\"height:20px;width:181px;\">\n\t\t\t\t\u0130nch Ba\u015f\u0131 Di\u015f<\/td>\n<td style=\"width:87px;\">\n\t\t\t\t24<\/td>\n<\/tr>\n<tr height=\"21\">\n<td height=\"21\" style=\"height:21px;width:181px;\">\n\t\t\t\tB\u0131\u00e7ak Materyali<\/td>\n<td style=\"width:87px;\">\n\t\t\t\tHSS<\/td>\n<\/tr>\n<tr height=\"20\">\n<td height=\"141\" rowspan=\"7\" style=\"height:141px;\">\n\t\t\t\tB23<\/td>\n<td style=\"width:181px;\">\n\t\t\t\tUzunda \u00c7al\u0131\u015fma<\/td>\n<td style=\"width:87px;\">\n\t\t\t\t50 mm<\/td>\n<\/tr>\n<tr height=\"20\">\n<td height=\"20\" style=\"height:20px;width:181px;\">\n\t\t\t\tAh\u015fap Kesim<\/td>\n<td style=\"width:87px;\">\n\t\t\t\t3 &#8211; 35 mm<\/td>\n<\/tr>\n<tr height=\"20\">\n<td height=\"20\" style=\"height:20px;width:181px;\">\n\t\t\t\tPlastik Kesim<\/td>\n<td style=\"width:87px;\">\n\t\t\t\t3 &#8211; 35 mm<\/td>\n<\/tr>\n<tr height=\"20\">\n<td height=\"20\" style=\"height:20px;width:181px;\">\n\t\t\t\tAl\u00fcminyum Kesim<\/td>\n<td style=\"width:87px;\">\n\t\t\t\t2 &#8211; 6 mm<\/td>\n<\/tr>\n<tr height=\"20\">\n<td height=\"20\" style=\"height:20px;width:181px;\">\n\t\t\t\tYumu\u015fak \u00c7elik Kesim<\/td>\n<td style=\"width:87px;\">\n\t\t\t\t2 &#8211; 6 mm<\/td>\n<\/tr>\n<tr height=\"20\">\n<td height=\"20\" style=\"height:20px;width:181px;\">\n\t\t\t\t\u0130nch Ba\u015f\u0131 Di\u015f<\/td>\n<td style=\"width:87px;\">\n\t\t\t\t14<\/td>\n<\/tr>\n<tr height=\"21\">\n<td height=\"21\" style=\"height:21px;width:181px;\">\n\t\t\t\tB\u0131\u00e7ak Materyali<\/td>\n<td style=\"width:87px;\">\n\t\t\t\tHSS<\/td>\n<\/tr>\n<\/tbody>\n<\/table>\n<table>\n<tr>\n<td>A\u00e7\u0131klama<\/td>\n<td>Dekupaj B\u0131\u00e7ak Seti<\/td>\n<\/tr>\n<\/table>\n","protected":false},"excerpt":{"rendered":"<table border=\"0\" cellpadding=\"0\" cellspacing=\"0\" width=\"303\">\n<colgroup>\n<col \/>\n<col \/>\n<col \/>\n\t<\/colgroup>\n<tbody>\n<tr height=\"20\" id=\"36665\">\n<td height=\"81\" rowspan=\"4\" style=\"height:81px;width:36px;\">\n\t\t\t\tB10S<\/td>\n<td style=\"width:181px;\">\n\t\t\t\tUzunda \u00c7al\u0131\u015fma<\/td>\n<td style=\"width:87px;\">\n\t\t\t\t65 mm<\/td>\n<\/tr>\n<tr height=\"20\">\n<td height=\"20\" style=\"height:20px;width:181px;\">\n\t\t\t\tAh\u015fap Kesim<\/td>\n<td style=\"width:87px;\">\n\t\t\t\t3 &#8211; 50 mm<\/td>\n<\/tr>\n<tr height=\"20\">\n<td height=\"20\" style=\"height:20px;width:181px;\">\n\t\t\t\t\u0130nch Ba\u015f\u0131 Di\u015f<\/td>\n<td style=\"width:87px;\">\n\t\t\t\t13<\/td>\n<\/tr>\n<tr height=\"21\">\n<td height=\"21\" style=\"height:21px;width:181px;\">\n\t\t\t\tB\u0131\u00e7ak Materyali<\/td>\n<td style=\"width:87px;\">\n\t\t\t\tHCS<\/td>\n<\/tr>\n<tr height=\"20\">\n<td height=\"101\" rowspan=\"5\" style=\"height:101px;\">\n\t\t\t\tB13<\/td>\n<td style=\"width:181px;\">\n\t\t\t\tUzunda \u00c7al\u0131\u015fma<\/td>\n<td style=\"width:87px;\">\n\t\t\t\t80 mm<\/td>\n<\/tr>\n<tr height=\"20\">\n<td height=\"20\" style=\"height:20px;width:181px;\">\n\t\t\t\tAh\u015fap Kesim<\/td>\n<td style=\"width:87px;\">\n\t\t\t\t4 &#8211; 65 mm<\/td>\n<\/tr>\n<tr height=\"20\">\n<td height=\"20\" style=\"height:20px;width:181px;\">\n\t\t\t\tPlastik Kesim<\/td>\n<td style=\"width:87px;\">\n\t\t\t\t4 &#8211; 65 mm<\/td>\n<\/tr>\n<tr height=\"20\">\n<td height=\"20\" style=\"height:20px;width:181px;\">\n\t\t\t\t\u0130nch Ba\u015f\u0131 Di\u015f<\/td>\n<td style=\"width:87px;\">\n\t\t\t\t8<\/td>\n<\/tr>\n<tr height=\"21\">\n<td height=\"21\" style=\"height:21px;width:181px;\">\n\t\t\t\tB\u0131\u00e7ak Materyali<\/td>\n<td style=\"width:87px;\">\n\t\t\t\tHCS<\/td>\n<\/tr>\n<tr height=\"20\">\n<td height=\"101\" rowspan=\"5\" style=\"height:101px;\">\n\t\t\t\tB16<\/td>\n<td style=\"width:181px;\">\n\t\t\t\tUzunda \u00c7al\u0131\u015fma<\/td>\n<td style=\"width:87px;\">\n\t\t\t\t75 mm<\/td>\n<\/tr>\n<tr height=\"20\">\n<td height=\"20\" style=\"height:20px;width:181px;\">\n\t\t\t\tAh\u015fap Kesim<\/td>\n<td style=\"width:87px;\">\n\t\t\t\t5 &#8211; 65 mm<\/td>\n<\/tr>\n<tr height=\"20\">\n<td height=\"20\" style=\"height:20px;width:181px;\">\n\t\t\t\tPlastik Kesim<\/td>\n<td style=\"width:87px;\">\n\t\t\t\t5 &#8211; 65 mm<\/td>\n<\/tr>\n<tr height=\"20\">\n<td height=\"20\" style=\"height:20px;width:181px;\">\n\t\t\t\t\u0130nch Ba\u015f\u0131 Di\u015f<\/td>\n<td style=\"width:87px;\">\n\t\t\t\t6<\/td>\n<\/tr>\n<tr height=\"21\">\n<td height=\"21\" style=\"height:21px;width:181px;\">\n\t\t\t\tB\u0131\u00e7ak Materyali<\/td>\n<td style=\"width:87px;\">\n\t\t\t\tHCS<\/td>\n<\/tr>\n<tr height=\"20\">\n<td height=\"141\" rowspan=\"7\" style=\"height:141px;\">\n\t\t\t\tB22<\/td>\n<td style=\"width:181px;\">\n\t\t\t\tUzunda \u00c7al\u0131\u015fma<\/td>\n<td style=\"width:87px;\">\n\t\t\t\t50 mm<\/td>\n<\/tr>\n<tr height=\"20\">\n<td height=\"20\" style=\"height:20px;width:181px;\">\n\t\t\t\tPlastik Kesim<\/td>\n<td style=\"width:87px;\">\n\t\t\t\t1 &#8211; 6 mm<\/td>\n<\/tr>\n<tr height=\"20\">\n<td height=\"20\" style=\"height:20px;width:181px;\">\n\t\t\t\tAl\u00fcminyum Kesim<\/td>\n<td style=\"width:87px;\">\n\t\t\t\t1 &#8211; 3 mm<\/td>\n<\/tr>\n<tr height=\"20\">\n<td height=\"20\" style=\"height:20px;width:181px;\">\n\t\t\t\tPaslanmaz \u00c7elik Kesim<\/td>\n<td style=\"width:87px;\">\n\t\t\t\t1 &#8211; 3 mm<\/td>\n<\/tr>\n<tr height=\"20\">\n<td height=\"20\" style=\"height:20px;width:181px;\">\n\t\t\t\tYumu\u015fak \u00c7elik Kesim<\/td>\n<td style=\"width:87px;\">\n\t\t\t\t1 &#8211; 3 mm<\/td>\n<\/tr>\n<tr height=\"20\">\n<td height=\"20\" style=\"height:20px;width:181px;\">\n\t\t\t\t\u0130nch Ba\u015f\u0131 Di\u015f<\/td>\n<td style=\"width:87px;\">\n\t\t\t\t24<\/td>\n<\/tr>\n<tr height=\"21\">\n<td height=\"21\" style=\"height:21px;width:181px;\">\n\t\t\t\tB\u0131\u00e7ak Materyali<\/td>\n<td style=\"width:87px;\">\n\t\t\t\tHSS<\/td>\n<\/tr>\n<tr height=\"20\">\n<td height=\"141\" rowspan=\"7\" style=\"height:141px;\">\n\t\t\t\tB23<\/td>\n<td style=\"width:181px;\">\n\t\t\t\tUzunda \u00c7al\u0131\u015fma<\/td>\n<td style=\"width:87px;\">\n\t\t\t\t50 mm<\/td>\n<\/tr>\n<tr height=\"20\">\n<td height=\"20\" style=\"height:20px;width:181px;\">\n\t\t\t\tAh\u015fap Kesim<\/td>\n<td style=\"width:87px;\">\n\t\t\t\t3 &#8211; 35 mm<\/td>\n<\/tr>\n<tr height=\"20\">\n<td height=\"20\" style=\"height:20px;width:181px;\">\n\t\t\t\tPlastik Kesim<\/td>\n<td style=\"width:87px;\">\n\t\t\t\t3 &#8211; 35 mm<\/td>\n<\/tr>\n<tr height=\"20\">\n<td height=\"20\" style=\"height:20px;width:181px;\">\n\t\t\t\tAl\u00fcminyum Kesim<\/td>\n<td style=\"width:87px;\">\n\t\t\t\t2 &#8211; 6 mm<\/td>\n<\/tr>\n<tr height=\"20\">\n<td height=\"20\" style=\"height:20px;width:181px;\">\n\t\t\t\tYumu\u015fak \u00c7elik Kesim<\/td>\n<td style=\"width:87px;\">\n\t\t\t\t2 &#8211; 6 mm<\/td>\n<\/tr>\n<tr height=\"20\">\n<td height=\"20\" style=\"height:20px;width:181px;\">\n\t\t\t\t\u0130nch Ba\u015f\u0131 Di\u015f<\/td>\n<td style=\"width:87px;\">\n\t\t\t\t14<\/td>\n<\/tr>\n<tr height=\"21\">\n<td height=\"21\" style=\"height:21px;width:181px;\">\n\t\t\t\tB\u0131\u00e7ak Materyali<\/td>\n<td style=\"width:87px;\">\n\t\t\t\tHSS<\/td>\n<\/tr>\n<\/tbody>\n<\/table>\n","protected":false},"featured_media":20725,"comment_status":"open","ping_status":"closed","template":"","meta":{"_acf_changed":false},"product_brand":[],"product_cat":[1204],"product_tag":[],"class_list":{"0":"post-17261","1":"product","2":"type-product","3":"status-publish","4":"has-post-thumbnail","6":"product_cat-b-tipi-kama-tipi-bicaklar","8":"first","9":"outofstock","10":"taxable","11":"shipping-taxable","12":"purchasable","13":"product-type-simple","14":"add-to-wishlist-after_add_to_cart"},"acf":[],"_links":{"self":[{"href":"https:\/\/www.makitamarket.com.tr\/site\/wp-json\/wp\/v2\/product\/17261","targetHints":{"allow":["GET"]}}],"collection":[{"href":"https:\/\/www.makitamarket.com.tr\/site\/wp-json\/wp\/v2\/product"}],"about":[{"href":"https:\/\/www.makitamarket.com.tr\/site\/wp-json\/wp\/v2\/types\/product"}],"replies":[{"embeddable":true,"href":"https:\/\/www.makitamarket.com.tr\/site\/wp-json\/wp\/v2\/comments?post=17261"}],"wp:featuredmedia":[{"embeddable":true,"href":"https:\/\/www.makitamarket.com.tr\/site\/wp-json\/wp\/v2\/media\/20725"}],"wp:attachment":[{"href":"https:\/\/www.makitamarket.com.tr\/site\/wp-json\/wp\/v2\/media?parent=17261"}],"wp:term":[{"taxonomy":"product_brand","embeddable":true,"href":"https:\/\/www.makitamarket.com.tr\/site\/wp-json\/wp\/v2\/product_brand?post=17261"},{"taxonomy":"product_cat","embeddable":true,"href":"https:\/\/www.makitamarket.com.tr\/site\/wp-json\/wp\/v2\/product_cat?post=17261"},{"taxonomy":"product_tag","embeddable":true,"href":"https:\/\/www.makitamarket.com.tr\/site\/wp-json\/wp\/v2\/product_tag?post=17261"}],"curies":[{"name":"wp","href":"https:\/\/api.w.org\/{rel}","templated":true}]}}