{"id":17358,"date":"2024-11-28T20:07:03","date_gmt":"2024-11-28T17:07:03","guid":{"rendered":"https:\/\/www.makitamarket.com.tr\/site\/urun\/uni-t-lazerli-termometre\/"},"modified":"2025-07-11T00:08:56","modified_gmt":"2025-07-10T21:08:56","slug":"uni-t-lazerli-termometre","status":"publish","type":"product","link":"https:\/\/www.makitamarket.com.tr\/site\/urun\/uni-t-lazerli-termometre\/","title":{"rendered":"Uni-t UT300A LAZERL\u0130 TERMOMETRE"},"content":{"rendered":"<table>\n<tr>\n<td>\u00d6l\u00e7\u00fcm Aral\u0131\u011f\u0131<\/td>\n<td>-18\u00b0C ~ 280\u00b0C \u00b1(0.8%+1)<\/td>\n<\/tr>\n<tr>\n<td>Hassasiyet<\/td>\n<td>\u00b12\u00b0C veya \u00b12%           \u00b1(1.2%+3)<\/td>\n<\/tr>\n<tr>\n<td>Tekrarlanabilirlik<\/td>\n<td>\u00b10.5\u00b0C veya \u00b10.5%<\/td>\n<\/tr>\n<tr>\n<td>\u00c7\u00f6z\u00fcn\u00fcrl\u00fck<\/td>\n<td>0.1\u00b0C<\/td>\n<\/tr>\n<tr>\n<td>Viz\u00f6r<\/td>\n<td>10:01 \u00b1(1%+2)<\/td>\n<\/tr>\n<tr>\n<td>Yan\u0131t s\u00fcresi<\/td>\n<td>500mS \u00b1(4%+3)<\/td>\n<\/tr>\n<tr>\n<td>Emissivite<\/td>\n<td>0.95 \u00b1(0.5%+3)<\/td>\n<\/tr>\n<tr>\n<td>Laser Tipi<\/td>\n<td>S\u0131n\u0131f 2(II) \u00b1(1.2%+3)<\/td>\n<\/tr>\n<tr>\n<td>Laser G\u00fcc\u00fc<\/td>\n<td><1mW<\/td>\n<\/tr>\n<tr>\n<td>Laser Dalga boyu<\/td>\n<td>630nm ~ 670nm<\/td>\n<\/tr>\n<tr>\n<td>Spektral yan\u0131t<\/td>\n<td>8\u00b5m~14\u00b5m<\/td>\n<\/tr>\n<tr>\n<td>G\u00fc\u00e7<\/td>\n<td>9V Batarya [6F22]<\/td>\n<\/tr>\n<tr>\n<td>A\u011f\u0131rl\u0131k<\/td>\n<td>185 g<\/td>\n<\/tr>\n<\/table>\n","protected":false},"excerpt":{"rendered":"<p>\u00d6l\u00e7\u00fcm Aral\u0131\u011f\u0131 -18\u00b0C ~ 280\u00b0C \u00b1(0.8%+1) Hassasiyet \u00b12\u00b0C veya \u00b12% \u00b1(1.2%+3) Tekrarlanabilirlik \u00b10.5\u00b0C veya \u00b10.5% \u00c7\u00f6z\u00fcn\u00fcrl\u00fck 0.1\u00b0C Viz\u00f6r 10:01 \u00b1(1%+2) Yan\u0131t s\u00fcresi 500mS \u00b1(4%+3) Emissivite 0.95 \u00b1(0.5%+3) Laser Tipi S\u0131n\u0131f<\/p>\n","protected":false},"featured_media":17357,"comment_status":"open","ping_status":"closed","template":"","meta":{"_acf_changed":false},"product_brand":[],"product_cat":[1172],"product_tag":[],"class_list":{"0":"post-17358","1":"product","2":"type-product","3":"status-publish","4":"has-post-thumbnail","6":"product_cat-lazer-sicaklik-olcerler","8":"first","9":"outofstock","10":"taxable","11":"shipping-taxable","12":"purchasable","13":"product-type-simple","14":"add-to-wishlist-after_add_to_cart"},"acf":[],"_links":{"self":[{"href":"https:\/\/www.makitamarket.com.tr\/site\/wp-json\/wp\/v2\/product\/17358","targetHints":{"allow":["GET"]}}],"collection":[{"href":"https:\/\/www.makitamarket.com.tr\/site\/wp-json\/wp\/v2\/product"}],"about":[{"href":"https:\/\/www.makitamarket.com.tr\/site\/wp-json\/wp\/v2\/types\/product"}],"replies":[{"embeddable":true,"href":"https:\/\/www.makitamarket.com.tr\/site\/wp-json\/wp\/v2\/comments?post=17358"}],"wp:featuredmedia":[{"embeddable":true,"href":"https:\/\/www.makitamarket.com.tr\/site\/wp-json\/wp\/v2\/media\/17357"}],"wp:attachment":[{"href":"https:\/\/www.makitamarket.com.tr\/site\/wp-json\/wp\/v2\/media?parent=17358"}],"wp:term":[{"taxonomy":"product_brand","embeddable":true,"href":"https:\/\/www.makitamarket.com.tr\/site\/wp-json\/wp\/v2\/product_brand?post=17358"},{"taxonomy":"product_cat","embeddable":true,"href":"https:\/\/www.makitamarket.com.tr\/site\/wp-json\/wp\/v2\/product_cat?post=17358"},{"taxonomy":"product_tag","embeddable":true,"href":"https:\/\/www.makitamarket.com.tr\/site\/wp-json\/wp\/v2\/product_tag?post=17358"}],"curies":[{"name":"wp","href":"https:\/\/api.w.org\/{rel}","templated":true}]}}