{"id":17653,"date":"2024-11-28T20:09:04","date_gmt":"2024-11-28T17:09:04","guid":{"rendered":"https:\/\/www.makitamarket.com.tr\/site\/urun\/knipex-kablo-siyirma-aleti-yedek-bicak\/"},"modified":"2026-04-06T16:04:08","modified_gmt":"2026-04-06T13:04:08","slug":"knipex-kablo-siyirma-aleti-yedek-bicak","status":"publish","type":"product","link":"https:\/\/www.makitamarket.com.tr\/site\/urun\/knipex-kablo-siyirma-aleti-yedek-bicak\/","title":{"rendered":"Knipex 1639135 KABLO SIYIRMA ALET\u0130 YEDEK BI\u00c7AK"},"content":{"rendered":"<p><strong>16 39 135 16 30 135 SB \/ 16 30 145 SB i\u00e7in yedek b\u0131\u00e7ak<\/strong><\/p>\n<p>\u00c7aplar\u0131 6,0 &#8211; 29,0 mm aras\u0131nda olan PVC, lastik, silikon, PTFE malzemeden \u00fcretilmi\u015f yuvarlak kablolar\u0131n d\u0131\u015f k\u0131f\u0131n\u0131 soymak i\u00e7in. Kendinden germeli tutma mandal\u0131. T\u0131rt\u0131kl\u0131 somun ile kesim derinli\u011fi ayarlamal\u0131. \u00c7evre ve uzunlamas\u0131na kesim i\u00e7in d\u00f6nd\u00fcr\u00fclebilir sap g\u00f6vdesi. Ara kablolar\u0131n \u00e7\u0131kar\u0131lmas\u0131n\u0131 sa\u011flayan spiral kesim. De\u011fi\u015ftirilebilir b\u0131\u00e7ak. <\/p>\n<table>\n<tr>\n<td>Uzunluk<\/td>\n<td>135<\/td>\n<\/tr>\n<tr>\n<td>Sap<\/td>\n<td>Yedek B\u0131\u00e7ak<\/td>\n<\/tr>\n<\/table>\n","protected":false},"excerpt":{"rendered":"<p><strong>16 39 135 16 30 135 SB \/ 16 30 145 SB i\u00e7in yedek b\u0131\u00e7ak<\/strong><\/p>\n<p>\u00c7aplar\u0131 6,0 &#8211; 29,0 mm aras\u0131nda olan PVC, lastik, silikon, PTFE malzemeden \u00fcretilmi\u015f yuvarlak kablolar\u0131n d\u0131\u015f k\u0131f\u0131n\u0131 soymak i\u00e7in. Kendinden germeli tutma mandal\u0131. T\u0131rt\u0131kl\u0131 somun ile kesim derinli\u011fi ayarlamal\u0131. \u00c7evre ve uzunlamas\u0131na kesim i\u00e7in d\u00f6nd\u00fcr\u00fclebilir sap g\u00f6vdesi. Ara kablolar\u0131n \u00e7\u0131kar\u0131lmas\u0131n\u0131 sa\u011flayan spiral kesim. De\u011fi\u015ftirilebilir b\u0131\u00e7ak. <\/p>\n","protected":false},"featured_media":0,"comment_status":"open","ping_status":"closed","template":"","meta":{"_acf_changed":false},"product_brand":[1486],"product_cat":[991],"product_tag":[],"class_list":{"0":"post-17653","1":"product","2":"type-product","3":"status-publish","5":"product_brand-knipex","6":"product_cat-kablo-siyirmalar","8":"first","9":"outofstock","10":"taxable","11":"shipping-taxable","12":"purchasable","13":"product-type-simple","14":"add-to-wishlist-after_add_to_cart"},"acf":[],"_links":{"self":[{"href":"https:\/\/www.makitamarket.com.tr\/site\/wp-json\/wp\/v2\/product\/17653","targetHints":{"allow":["GET"]}}],"collection":[{"href":"https:\/\/www.makitamarket.com.tr\/site\/wp-json\/wp\/v2\/product"}],"about":[{"href":"https:\/\/www.makitamarket.com.tr\/site\/wp-json\/wp\/v2\/types\/product"}],"replies":[{"embeddable":true,"href":"https:\/\/www.makitamarket.com.tr\/site\/wp-json\/wp\/v2\/comments?post=17653"}],"wp:attachment":[{"href":"https:\/\/www.makitamarket.com.tr\/site\/wp-json\/wp\/v2\/media?parent=17653"}],"wp:term":[{"taxonomy":"product_brand","embeddable":true,"href":"https:\/\/www.makitamarket.com.tr\/site\/wp-json\/wp\/v2\/product_brand?post=17653"},{"taxonomy":"product_cat","embeddable":true,"href":"https:\/\/www.makitamarket.com.tr\/site\/wp-json\/wp\/v2\/product_cat?post=17653"},{"taxonomy":"product_tag","embeddable":true,"href":"https:\/\/www.makitamarket.com.tr\/site\/wp-json\/wp\/v2\/product_tag?post=17653"}],"curies":[{"name":"wp","href":"https:\/\/api.w.org\/{rel}","templated":true}]}}