{"id":17658,"date":"2024-11-28T20:09:06","date_gmt":"2024-11-28T17:09:06","guid":{"rendered":"https:\/\/www.makitamarket.com.tr\/site\/urun\/alteco-alteco-putt-50g-k-ikisi-bir-arada-celik-macun\/"},"modified":"2026-04-06T16:04:10","modified_gmt":"2026-04-06T13:04:10","slug":"alteco-alteco-putt-50g-k-ikisi-bir-arada-celik-macun","status":"publish","type":"product","link":"https:\/\/www.makitamarket.com.tr\/site\/urun\/alteco-alteco-putt-50g-k-ikisi-bir-arada-celik-macun\/","title":{"rendered":"Alteco EPO PUTTY 50GR KAR ALTECO PUTT &#8211; 50G &#8211; K \u0130K\u0130S\u0130 B\u0130R ARADA \u00c7EL\u0130K MACUN"},"content":{"rendered":"<div>\n\t<strong>Kullan\u0131m Alanlar\u0131:<br \/>\n\t<\/strong><\/div>\n<div id=\"cke_pastebin\">\n<div>\n\t\tBeton, fiberglas, metal, PVC, plastik ve ah\u015fap gibi materyallerin yap\u0131\u015ft\u0131r\u0131lmas\u0131nda kullan\u0131l\u0131r.<\/div>\n<div>\n\t\tNormal ko\u015fullar\u0131n yan\u0131s\u0131ra su alt\u0131nda ve tuzlu suda da kuruma yapar.<\/div>\n<div>\n\t\tIslak ve kuru y\u00fczeylerde rahatl\u0131kla kullan\u0131labilir.<\/div>\n<div>\n\t\tKuruma i\u015fleminden sonra e\u011felenebilir, ta\u015flanabilir ve boyanabilir.<\/div>\n<\/div>\n<table>\n<tr>\n<td>G\u00f6r\u00fcn\u00fcm<\/td>\n<td>(A) Siyah &#8211; (B) Beyaz<\/td>\n<\/tr>\n<tr>\n<td>Vizkosite (cP 25 C)<\/td>\n<td>Pasta<\/td>\n<\/tr>\n<tr>\n<td>Spesifik Gravite (25 C \/ 4 C)<\/td>\n<td>(A) 1.81 \u00b1 0.10 (Re\u00e7ine)<\/td>\n<\/tr>\n<tr>\n<td>Spesifik Gravite (25 C \/ 4 C)<\/td>\n<td>(B) 1.80\u00b10.10 (Sertle\u015ftirici)<\/td>\n<\/tr>\n<tr>\n<td>Gerilim Mukavemeti<\/td>\n<td>min 70 kgf\/cm2<\/td>\n<\/tr>\n<tr>\n<td>Kuruma S\u00fcresi<\/td>\n<td>8 &#8211; 12 dk<\/td>\n<\/tr>\n<tr>\n<td>Kar\u0131\u015f\u0131m Oran\u0131<\/td>\n<td>(A) % 100 &#8211; (B) % 100<\/td>\n<\/tr>\n<tr>\n<td>Biti\u015f Rengi<\/td>\n<td>Koyu Gri<\/td>\n<\/tr>\n<tr>\n<td>Yap\u0131\u015ft\u0131r\u0131c\u0131 Miktar\u0131<\/td>\n<td>50gr.<\/td>\n<\/tr>\n<tr>\n<td>Paket Miktar\u0131<\/td>\n<td>6&#8217;l\u0131 Set<\/td>\n<\/tr>\n<tr>\n<td>Koli Miktar\u0131<\/td>\n<td>144 Set<\/td>\n<\/tr>\n<\/table>\n","protected":false},"excerpt":{"rendered":"<div>\n\t<strong>Kullan\u0131m Alanlar\u0131:<br \/>\n\t<\/strong><\/div>\n<div id=\"cke_pastebin\">\n<div>\n\t\tBeton, fiberglas, metal, PVC, plastik ve ah\u015fap gibi materyallerin yap\u0131\u015ft\u0131r\u0131lmas\u0131nda kullan\u0131l\u0131r.<\/div>\n<div>\n\t\tNormal ko\u015fullar\u0131n yan\u0131s\u0131ra su alt\u0131nda ve tuzlu suda da kuruma yapar.<\/div>\n<div>\n\t\tIslak ve kuru y\u00fczeylerde rahatl\u0131kla kullan\u0131labilir.<\/div>\n<div>\n\t\tKuruma i\u015fleminden sonra e\u011felenebilir, ta\u015flanabilir ve boyanabilir.<\/div>\n<\/div>\n","protected":false},"featured_media":17657,"comment_status":"open","ping_status":"closed","template":"","meta":{"_acf_changed":false},"product_brand":[1551],"product_cat":[1188],"product_tag":[],"class_list":{"0":"post-17658","1":"product","2":"type-product","3":"status-publish","4":"has-post-thumbnail","6":"product_brand-alteco","7":"product_cat-yapistiricilar","9":"first","10":"instock","11":"taxable","12":"shipping-taxable","13":"purchasable","14":"product-type-simple","15":"add-to-wishlist-after_add_to_cart"},"acf":[],"_links":{"self":[{"href":"https:\/\/www.makitamarket.com.tr\/site\/wp-json\/wp\/v2\/product\/17658","targetHints":{"allow":["GET"]}}],"collection":[{"href":"https:\/\/www.makitamarket.com.tr\/site\/wp-json\/wp\/v2\/product"}],"about":[{"href":"https:\/\/www.makitamarket.com.tr\/site\/wp-json\/wp\/v2\/types\/product"}],"replies":[{"embeddable":true,"href":"https:\/\/www.makitamarket.com.tr\/site\/wp-json\/wp\/v2\/comments?post=17658"}],"wp:featuredmedia":[{"embeddable":true,"href":"https:\/\/www.makitamarket.com.tr\/site\/wp-json\/wp\/v2\/media\/17657"}],"wp:attachment":[{"href":"https:\/\/www.makitamarket.com.tr\/site\/wp-json\/wp\/v2\/media?parent=17658"}],"wp:term":[{"taxonomy":"product_brand","embeddable":true,"href":"https:\/\/www.makitamarket.com.tr\/site\/wp-json\/wp\/v2\/product_brand?post=17658"},{"taxonomy":"product_cat","embeddable":true,"href":"https:\/\/www.makitamarket.com.tr\/site\/wp-json\/wp\/v2\/product_cat?post=17658"},{"taxonomy":"product_tag","embeddable":true,"href":"https:\/\/www.makitamarket.com.tr\/site\/wp-json\/wp\/v2\/product_tag?post=17658"}],"curies":[{"name":"wp","href":"https:\/\/api.w.org\/{rel}","templated":true}]}}