{"id":18423,"date":"2024-11-28T20:14:51","date_gmt":"2024-11-28T17:14:51","guid":{"rendered":"https:\/\/www.makitamarket.com.tr\/site\/urun\/knisaw-kilic-testere-bicagi-225-mm\/"},"modified":"2026-04-06T16:23:04","modified_gmt":"2026-04-06T13:23:04","slug":"knisaw-kilic-testere-bicagi-225-mm","status":"publish","type":"product","link":"https:\/\/www.makitamarket.com.tr\/site\/urun\/knisaw-kilic-testere-bicagi-225-mm\/","title":{"rendered":"Knisaw KS44002 KILI\u00c7 TESTERE BI\u00c7A\u011eI 225 mm"},"content":{"rendered":"<table>\n<tr>\n<td>Kullan\u0131m Alan\u0131<\/td>\n<td>Palet onar\u0131m\u0131, \u00c7ivili\/Metal  ah\u015fap (5-175mm),  Sac Boru ve  al\u00fcmin. profil. (3-12mm)<\/td>\n<\/tr>\n<tr>\n<td>A\u00e7\u0131klama<\/td>\n<td>BI-METAL<\/td>\n<\/tr>\n<tr>\n<td>\u00d6l\u00e7\u00fc \/ Di\u015f<\/td>\n<td>9\u201d \/ 10TPI,  225mm \/ 2.5mm<\/td>\n<\/tr>\n<\/table>\n","protected":false},"excerpt":{"rendered":"<p>Kullan\u0131m Alan\u0131 Palet onar\u0131m\u0131, \u00c7ivili\/Metal ah\u015fap (5-175mm), Sac Boru ve al\u00fcmin. profil. (3-12mm) A\u00e7\u0131klama BI-METAL \u00d6l\u00e7\u00fc \/ Di\u015f 9\u201d \/ 10TPI, 225mm \/ 2.5mm<\/p>\n","protected":false},"featured_media":18422,"comment_status":"open","ping_status":"closed","template":"","meta":{"_acf_changed":false},"product_brand":[1550],"product_cat":[1565],"product_tag":[],"class_list":{"0":"post-18423","1":"product","2":"type-product","3":"status-publish","4":"has-post-thumbnail","6":"product_brand-knisaw","7":"product_cat-yok-yok","9":"first","10":"instock","11":"taxable","12":"shipping-taxable","13":"purchasable","14":"product-type-simple","15":"add-to-wishlist-after_add_to_cart"},"acf":[],"_links":{"self":[{"href":"https:\/\/www.makitamarket.com.tr\/site\/wp-json\/wp\/v2\/product\/18423","targetHints":{"allow":["GET"]}}],"collection":[{"href":"https:\/\/www.makitamarket.com.tr\/site\/wp-json\/wp\/v2\/product"}],"about":[{"href":"https:\/\/www.makitamarket.com.tr\/site\/wp-json\/wp\/v2\/types\/product"}],"replies":[{"embeddable":true,"href":"https:\/\/www.makitamarket.com.tr\/site\/wp-json\/wp\/v2\/comments?post=18423"}],"wp:featuredmedia":[{"embeddable":true,"href":"https:\/\/www.makitamarket.com.tr\/site\/wp-json\/wp\/v2\/media\/18422"}],"wp:attachment":[{"href":"https:\/\/www.makitamarket.com.tr\/site\/wp-json\/wp\/v2\/media?parent=18423"}],"wp:term":[{"taxonomy":"product_brand","embeddable":true,"href":"https:\/\/www.makitamarket.com.tr\/site\/wp-json\/wp\/v2\/product_brand?post=18423"},{"taxonomy":"product_cat","embeddable":true,"href":"https:\/\/www.makitamarket.com.tr\/site\/wp-json\/wp\/v2\/product_cat?post=18423"},{"taxonomy":"product_tag","embeddable":true,"href":"https:\/\/www.makitamarket.com.tr\/site\/wp-json\/wp\/v2\/product_tag?post=18423"}],"curies":[{"name":"wp","href":"https:\/\/api.w.org\/{rel}","templated":true}]}}