{"id":18838,"date":"2024-11-28T20:17:33","date_gmt":"2024-11-28T17:17:33","guid":{"rendered":"https:\/\/www.makitamarket.com.tr\/site\/urun\/proxxon-duz-kesim-testeresi-super-cut-58-mm\/"},"modified":"2026-04-06T16:33:54","modified_gmt":"2026-04-06T13:33:54","slug":"proxxon-duz-kesim-testeresi-super-cut-58-mm","status":"publish","type":"product","link":"https:\/\/www.makitamarket.com.tr\/site\/urun\/proxxon-duz-kesim-testeresi-super-cut-58-mm\/","title":{"rendered":"Proxxon 28014 D\u00dcZ KES\u0130M TESTERES\u0130 &#8220;SUPER &#8211; CUT&#8221; 58 mm"},"content":{"rendered":"<div>\n\t58mm \u00e7ap (10mm g\u00f6bek)<\/div>\n<div>\n\t80 adet de\u011fi\u015fken yerle\u015ftirilmi\u015f di\u015fli.<\/div>\n<div>\n\tSert ve yumu\u015fak ah\u015fap, plastik ve pertinax i\u00e7in ideal .<\/div>\n<div>\n\tH\u0131zl\u0131, temiz kesimler i\u00e7in. Di\u015fliler teker teker kesilmi\u015f ve bilenmi\u015ftir.<\/div>\n<table><\/table>\n","protected":false},"excerpt":{"rendered":"<div>\n\t58mm \u00e7ap (10mm g\u00f6bek)<\/div>\n<div>\n\t80 adet de\u011fi\u015fken yerle\u015ftirilmi\u015f di\u015fli.<\/div>\n<div>\n\tSert ve yumu\u015fak ah\u015fap, plastik ve pertinax i\u00e7in ideal .<\/div>\n<div>\n\tH\u0131zl\u0131, temiz kesimler i\u00e7in. Di\u015fliler teker teker kesilmi\u015f ve bilenmi\u015ftir.<\/div>\n","protected":false},"featured_media":18837,"comment_status":"open","ping_status":"closed","template":"","meta":{"_acf_changed":false},"product_brand":[1501],"product_cat":[926],"product_tag":[],"class_list":{"0":"post-18838","1":"product","2":"type-product","3":"status-publish","4":"has-post-thumbnail","6":"product_brand-proxxon","7":"product_cat-aksesuarlar-mikro-aletleri","9":"first","10":"outofstock","11":"taxable","12":"shipping-taxable","13":"purchasable","14":"product-type-simple","15":"add-to-wishlist-after_add_to_cart"},"acf":[],"_links":{"self":[{"href":"https:\/\/www.makitamarket.com.tr\/site\/wp-json\/wp\/v2\/product\/18838","targetHints":{"allow":["GET"]}}],"collection":[{"href":"https:\/\/www.makitamarket.com.tr\/site\/wp-json\/wp\/v2\/product"}],"about":[{"href":"https:\/\/www.makitamarket.com.tr\/site\/wp-json\/wp\/v2\/types\/product"}],"replies":[{"embeddable":true,"href":"https:\/\/www.makitamarket.com.tr\/site\/wp-json\/wp\/v2\/comments?post=18838"}],"wp:featuredmedia":[{"embeddable":true,"href":"https:\/\/www.makitamarket.com.tr\/site\/wp-json\/wp\/v2\/media\/18837"}],"wp:attachment":[{"href":"https:\/\/www.makitamarket.com.tr\/site\/wp-json\/wp\/v2\/media?parent=18838"}],"wp:term":[{"taxonomy":"product_brand","embeddable":true,"href":"https:\/\/www.makitamarket.com.tr\/site\/wp-json\/wp\/v2\/product_brand?post=18838"},{"taxonomy":"product_cat","embeddable":true,"href":"https:\/\/www.makitamarket.com.tr\/site\/wp-json\/wp\/v2\/product_cat?post=18838"},{"taxonomy":"product_tag","embeddable":true,"href":"https:\/\/www.makitamarket.com.tr\/site\/wp-json\/wp\/v2\/product_tag?post=18838"}],"curies":[{"name":"wp","href":"https:\/\/api.w.org\/{rel}","templated":true}]}}