{"id":19180,"date":"2024-11-28T20:19:46","date_gmt":"2024-11-28T17:19:46","guid":{"rendered":"https:\/\/www.makitamarket.com.tr\/site\/urun\/topshop-elmas-kumlu-bileme-blogu\/"},"modified":"2026-04-13T23:21:33","modified_gmt":"2026-04-13T20:21:33","slug":"topshop-elmas-kumlu-bileme-blogu","status":"publish","type":"product","link":"https:\/\/www.makitamarket.com.tr\/site\/urun\/topshop-elmas-kumlu-bileme-blogu\/","title":{"rendered":"Topshop TSP39905 ELMAS KUMLU B\u0130LEME BLO\u011eU"},"content":{"rendered":"<div>\n\t\u00c7ift Kenarl\u0131\u00a0<\/div>\n<div>\n\t\u2022 K\u0131rm\u0131z\u0131 Kenar: \u0130nce kum<\/div>\n<div>\n\t\u2022 Sar\u0131 Kenar: Kal\u0131n Kum<\/div>\n<table><\/table>\n","protected":false},"excerpt":{"rendered":"<div>\n\t\u00c7ift Kenarl\u0131\u00a0<\/div>\n<div>\n\t\u2022 K\u0131rm\u0131z\u0131 Kenar: \u0130nce kum<\/div>\n<div>\n\t\u2022 Sar\u0131 Kenar: Kal\u0131n Kum<\/div>\n","protected":false},"featured_media":21867,"comment_status":"open","ping_status":"closed","template":"","meta":{"_acf_changed":false},"product_brand":[1496],"product_cat":[1565],"product_tag":[],"class_list":{"0":"post-19180","1":"product","2":"type-product","3":"status-publish","4":"has-post-thumbnail","6":"product_brand-topshop","7":"product_cat-yok-yok","9":"first","10":"instock","11":"taxable","12":"shipping-taxable","13":"purchasable","14":"product-type-simple","15":"add-to-wishlist-after_add_to_cart"},"acf":[],"_links":{"self":[{"href":"https:\/\/www.makitamarket.com.tr\/site\/wp-json\/wp\/v2\/product\/19180","targetHints":{"allow":["GET"]}}],"collection":[{"href":"https:\/\/www.makitamarket.com.tr\/site\/wp-json\/wp\/v2\/product"}],"about":[{"href":"https:\/\/www.makitamarket.com.tr\/site\/wp-json\/wp\/v2\/types\/product"}],"replies":[{"embeddable":true,"href":"https:\/\/www.makitamarket.com.tr\/site\/wp-json\/wp\/v2\/comments?post=19180"}],"wp:featuredmedia":[{"embeddable":true,"href":"https:\/\/www.makitamarket.com.tr\/site\/wp-json\/wp\/v2\/media\/21867"}],"wp:attachment":[{"href":"https:\/\/www.makitamarket.com.tr\/site\/wp-json\/wp\/v2\/media?parent=19180"}],"wp:term":[{"taxonomy":"product_brand","embeddable":true,"href":"https:\/\/www.makitamarket.com.tr\/site\/wp-json\/wp\/v2\/product_brand?post=19180"},{"taxonomy":"product_cat","embeddable":true,"href":"https:\/\/www.makitamarket.com.tr\/site\/wp-json\/wp\/v2\/product_cat?post=19180"},{"taxonomy":"product_tag","embeddable":true,"href":"https:\/\/www.makitamarket.com.tr\/site\/wp-json\/wp\/v2\/product_tag?post=19180"}],"curies":[{"name":"wp","href":"https:\/\/api.w.org\/{rel}","templated":true}]}}