{"id":19237,"date":"2024-11-28T20:20:15","date_gmt":"2024-11-28T17:20:15","guid":{"rendered":"https:\/\/www.makitamarket.com.tr\/site\/urun\/uni-t-priz-test-cihazi\/"},"modified":"2026-04-06T16:43:58","modified_gmt":"2026-04-06T13:43:58","slug":"uni-t-priz-test-cihazi","status":"publish","type":"product","link":"https:\/\/www.makitamarket.com.tr\/site\/urun\/uni-t-priz-test-cihazi\/","title":{"rendered":"Uni-t UT07A PR\u0130Z TEST C\u0130HAZI"},"content":{"rendered":"<p><strong>G\u00f6stergeler<\/strong><\/p>\n<p>\u2022 OK<\/p>\n<p>\u2022 Topraklama hatas\u0131<\/p>\n<p>\u2022 Ak\u0131m hatas\u0131<\/p>\n<p>\u2022 N\u00f6t\u00fcr hatas\u0131<\/p>\n<p>\u2022 Canl\u0131 \/ Toprak uygulanm\u0131\u015ft\u0131r.<\/p>\n<table>\n<tr>\n<td>\u00c7al\u0131\u015fma Voltaj\u0131<\/td>\n<td>230V AC<\/td>\n<\/tr>\n<tr>\n<td>\u00c7al\u0131\u015fma Ak\u0131m\u0131<\/td>\n<td><10mA<\/td>\n<\/tr>\n<tr>\n<td>\u00c7al\u0131\u015fma Frekans\u0131<\/td>\n<td>50Hz~60Hz<\/td>\n<\/tr>\n<tr>\n<td>RCD<\/td>\n<td>OK, Ka\u00e7ak yoktur.<\/td>\n<\/tr>\n<tr>\n<td>A\u011f\u0131rl\u0131k<\/td>\n<td>79 g<\/td>\n<\/tr>\n<tr>\n<td>Boyutlar<\/td>\n<td>65 mm x 65 mm x 61 mm<\/td>\n<\/tr>\n<\/table>\n","protected":false},"excerpt":{"rendered":"<p><strong>G\u00f6stergeler<\/strong><\/p>\n<p>\u2022 OK<\/p>\n<p>\u2022 Topraklama hatas\u0131<\/p>\n<p>\u2022 Ak\u0131m hatas\u0131<\/p>\n<p>\u2022 N\u00f6t\u00fcr hatas\u0131<\/p>\n<p>\u2022 Canl\u0131 \/ Toprak uygulanm\u0131\u015ft\u0131r.<\/p>\n","protected":false},"featured_media":19236,"comment_status":"open","ping_status":"closed","template":"","meta":{"_acf_changed":false},"product_brand":[1531],"product_cat":[1352],"product_tag":[],"class_list":{"0":"post-19237","1":"product","2":"type-product","3":"status-publish","4":"has-post-thumbnail","6":"product_brand-uni-t","7":"product_cat-priz-test-cihazlari","9":"first","10":"outofstock","11":"taxable","12":"shipping-taxable","13":"purchasable","14":"product-type-simple","15":"add-to-wishlist-after_add_to_cart"},"acf":[],"_links":{"self":[{"href":"https:\/\/www.makitamarket.com.tr\/site\/wp-json\/wp\/v2\/product\/19237","targetHints":{"allow":["GET"]}}],"collection":[{"href":"https:\/\/www.makitamarket.com.tr\/site\/wp-json\/wp\/v2\/product"}],"about":[{"href":"https:\/\/www.makitamarket.com.tr\/site\/wp-json\/wp\/v2\/types\/product"}],"replies":[{"embeddable":true,"href":"https:\/\/www.makitamarket.com.tr\/site\/wp-json\/wp\/v2\/comments?post=19237"}],"wp:featuredmedia":[{"embeddable":true,"href":"https:\/\/www.makitamarket.com.tr\/site\/wp-json\/wp\/v2\/media\/19236"}],"wp:attachment":[{"href":"https:\/\/www.makitamarket.com.tr\/site\/wp-json\/wp\/v2\/media?parent=19237"}],"wp:term":[{"taxonomy":"product_brand","embeddable":true,"href":"https:\/\/www.makitamarket.com.tr\/site\/wp-json\/wp\/v2\/product_brand?post=19237"},{"taxonomy":"product_cat","embeddable":true,"href":"https:\/\/www.makitamarket.com.tr\/site\/wp-json\/wp\/v2\/product_cat?post=19237"},{"taxonomy":"product_tag","embeddable":true,"href":"https:\/\/www.makitamarket.com.tr\/site\/wp-json\/wp\/v2\/product_tag?post=19237"}],"curies":[{"name":"wp","href":"https:\/\/api.w.org\/{rel}","templated":true}]}}