{"id":19465,"date":"2024-11-28T20:21:38","date_gmt":"2024-11-28T17:21:38","guid":{"rendered":"https:\/\/www.makitamarket.com.tr\/site\/urun\/topshop-demir-testeresi\/"},"modified":"2026-03-30T10:25:27","modified_gmt":"2026-03-30T07:25:27","slug":"topshop-demir-testeresi","status":"publish","type":"product","link":"https:\/\/www.makitamarket.com.tr\/site\/urun\/topshop-demir-testeresi\/","title":{"rendered":"Topshop TH03070 DEM\u0130R TESTERES\u0130"},"content":{"rendered":"<div>\n\t\u2022 Ergonomik ve dayan\u0131kl\u0131 al\u00fcminyum g\u00f6vde yap\u0131s\u0131.<\/div>\n<div>\n\t\u2022 H\u0131zl\u0131 a\u00e7\u0131lan b\u0131\u00e7ak de\u011fi\u015ftirme mekanizmas\u0131.<\/div>\n<table>\n<tr>\n<td>\u00d6l\u00e7\u00fc<\/td>\n<td>12\u201d (300 mm)<\/td>\n<\/tr>\n<tr>\n<td>Koli \u0130\u00e7i Adedi<\/td>\n<td>8<\/td>\n<\/tr>\n<\/table>\n","protected":false},"excerpt":{"rendered":"<div>\n\t\u2022 Ergonomik ve dayan\u0131kl\u0131 al\u00fcminyum g\u00f6vde yap\u0131s\u0131.<\/div>\n<div>\n\t\u2022 H\u0131zl\u0131 a\u00e7\u0131lan b\u0131\u00e7ak de\u011fi\u015ftirme mekanizmas\u0131.<\/div>\n","protected":false},"featured_media":19464,"comment_status":"open","ping_status":"closed","template":"","meta":{"_acf_changed":false},"product_brand":[1496],"product_cat":[1565],"product_tag":[],"class_list":{"0":"post-19465","1":"product","2":"type-product","3":"status-publish","4":"has-post-thumbnail","6":"product_brand-topshop","7":"product_cat-yok-yok","9":"first","10":"instock","11":"taxable","12":"shipping-taxable","13":"purchasable","14":"product-type-simple","15":"add-to-wishlist-after_add_to_cart"},"acf":[],"_links":{"self":[{"href":"https:\/\/www.makitamarket.com.tr\/site\/wp-json\/wp\/v2\/product\/19465","targetHints":{"allow":["GET"]}}],"collection":[{"href":"https:\/\/www.makitamarket.com.tr\/site\/wp-json\/wp\/v2\/product"}],"about":[{"href":"https:\/\/www.makitamarket.com.tr\/site\/wp-json\/wp\/v2\/types\/product"}],"replies":[{"embeddable":true,"href":"https:\/\/www.makitamarket.com.tr\/site\/wp-json\/wp\/v2\/comments?post=19465"}],"wp:featuredmedia":[{"embeddable":true,"href":"https:\/\/www.makitamarket.com.tr\/site\/wp-json\/wp\/v2\/media\/19464"}],"wp:attachment":[{"href":"https:\/\/www.makitamarket.com.tr\/site\/wp-json\/wp\/v2\/media?parent=19465"}],"wp:term":[{"taxonomy":"product_brand","embeddable":true,"href":"https:\/\/www.makitamarket.com.tr\/site\/wp-json\/wp\/v2\/product_brand?post=19465"},{"taxonomy":"product_cat","embeddable":true,"href":"https:\/\/www.makitamarket.com.tr\/site\/wp-json\/wp\/v2\/product_cat?post=19465"},{"taxonomy":"product_tag","embeddable":true,"href":"https:\/\/www.makitamarket.com.tr\/site\/wp-json\/wp\/v2\/product_tag?post=19465"}],"curies":[{"name":"wp","href":"https:\/\/api.w.org\/{rel}","templated":true}]}}