{"id":19623,"date":"2024-11-28T20:22:44","date_gmt":"2024-11-28T17:22:44","guid":{"rendered":"https:\/\/www.makitamarket.com.tr\/site\/urun\/proxxon-micromot-celik-pens-seti\/"},"modified":"2026-04-06T16:53:04","modified_gmt":"2026-04-06T13:53:04","slug":"proxxon-micromot-celik-pens-seti","status":"publish","type":"product","link":"https:\/\/www.makitamarket.com.tr\/site\/urun\/proxxon-micromot-celik-pens-seti\/","title":{"rendered":"Proxxon 28940 M\u0130CROMOT \u00c7EL\u0130K PENS SET\u0130"},"content":{"rendered":"<p>\n\tSertle\u015ftirilmi\u015f ve 3 oluklu. Birer adet 1.0-1.5-2.0-2.4- 3.0-3.2mm \u00f6l\u00e7\u00fclerinde. S\u0131kma somunu ve ask\u0131l\u0131kl\u0131<\/p>\n<table><\/table>\n","protected":false},"excerpt":{"rendered":"<p>\n\tSertle\u015ftirilmi\u015f ve 3 oluklu. Birer adet 1.0-1.5-2.0-2.4- 3.0-3.2mm \u00f6l\u00e7\u00fclerinde. S\u0131kma somunu ve ask\u0131l\u0131kl\u0131<\/p>\n","protected":false},"featured_media":19622,"comment_status":"open","ping_status":"closed","template":"","meta":{"_acf_changed":false},"product_brand":[1501],"product_cat":[926],"product_tag":[],"class_list":{"0":"post-19623","1":"product","2":"type-product","3":"status-publish","4":"has-post-thumbnail","6":"product_brand-proxxon","7":"product_cat-aksesuarlar-mikro-aletleri","9":"first","10":"outofstock","11":"taxable","12":"shipping-taxable","13":"purchasable","14":"product-type-simple","15":"add-to-wishlist-after_add_to_cart"},"acf":[],"_links":{"self":[{"href":"https:\/\/www.makitamarket.com.tr\/site\/wp-json\/wp\/v2\/product\/19623","targetHints":{"allow":["GET"]}}],"collection":[{"href":"https:\/\/www.makitamarket.com.tr\/site\/wp-json\/wp\/v2\/product"}],"about":[{"href":"https:\/\/www.makitamarket.com.tr\/site\/wp-json\/wp\/v2\/types\/product"}],"replies":[{"embeddable":true,"href":"https:\/\/www.makitamarket.com.tr\/site\/wp-json\/wp\/v2\/comments?post=19623"}],"wp:featuredmedia":[{"embeddable":true,"href":"https:\/\/www.makitamarket.com.tr\/site\/wp-json\/wp\/v2\/media\/19622"}],"wp:attachment":[{"href":"https:\/\/www.makitamarket.com.tr\/site\/wp-json\/wp\/v2\/media?parent=19623"}],"wp:term":[{"taxonomy":"product_brand","embeddable":true,"href":"https:\/\/www.makitamarket.com.tr\/site\/wp-json\/wp\/v2\/product_brand?post=19623"},{"taxonomy":"product_cat","embeddable":true,"href":"https:\/\/www.makitamarket.com.tr\/site\/wp-json\/wp\/v2\/product_cat?post=19623"},{"taxonomy":"product_tag","embeddable":true,"href":"https:\/\/www.makitamarket.com.tr\/site\/wp-json\/wp\/v2\/product_tag?post=19623"}],"curies":[{"name":"wp","href":"https:\/\/api.w.org\/{rel}","templated":true}]}}