{"id":19889,"date":"2024-11-28T20:24:59","date_gmt":"2024-11-28T17:24:59","guid":{"rendered":"https:\/\/www.makitamarket.com.tr\/site\/urun\/maxpower-yildiz-uclu-tornavida-4x125-mm\/"},"modified":"2025-11-16T11:01:24","modified_gmt":"2025-11-16T08:01:24","slug":"maxpower-yildiz-uclu-tornavida-4x125-mm","status":"publish","type":"product","link":"https:\/\/www.makitamarket.com.tr\/site\/urun\/maxpower-yildiz-uclu-tornavida-4x125-mm\/","title":{"rendered":"Maxpower MX4125Y YILDIZ U\u00c7LU TORNAV\u0130DA 4&#215;125 mm"},"content":{"rendered":"<div>\n\t\u2022 Chrome Vanadium \u00c7elik<\/div>\n<div>\n\t\u2022 M\u0131knat\u0131sl\u0131 u\u00e7<\/div>\n<div>\n\t\u2022 Y\u00fcksek Darbeye Dayanakl\u0131 Sap<\/div>\n<div>\n\t<strong>Yerli \u00dcretim<\/strong><\/div>\n<table>\n<tr>\n<td>\u00d6l\u00e7\u00fcs\u00fc<\/td>\n<td>4x125mm<\/td>\n<\/tr>\n<tr>\n<td>Paket\/Koli \u0130\u00e7i Adedi<\/td>\n<td>12\/240<\/td>\n<\/tr>\n<\/table>\n","protected":false},"excerpt":{"rendered":"<div>\n\t\u2022 Chrome Vanadium \u00c7elik<\/div>\n<div>\n\t\u2022 M\u0131knat\u0131sl\u0131 u\u00e7<\/div>\n<div>\n\t\u2022 Y\u00fcksek Darbeye Dayanakl\u0131 Sap<\/div>\n<div>\n\t<strong>Yerli \u00dcretim<\/strong><\/div>\n","protected":false},"featured_media":19888,"comment_status":"open","ping_status":"closed","template":"","meta":{"_acf_changed":false},"product_brand":[1515],"product_cat":[1565],"product_tag":[],"class_list":{"0":"post-19889","1":"product","2":"type-product","3":"status-publish","4":"has-post-thumbnail","6":"product_brand-maxpower","7":"product_cat-yok-yok","9":"first","10":"outofstock","11":"taxable","12":"shipping-taxable","13":"purchasable","14":"product-type-simple","15":"add-to-wishlist-after_add_to_cart"},"acf":[],"_links":{"self":[{"href":"https:\/\/www.makitamarket.com.tr\/site\/wp-json\/wp\/v2\/product\/19889","targetHints":{"allow":["GET"]}}],"collection":[{"href":"https:\/\/www.makitamarket.com.tr\/site\/wp-json\/wp\/v2\/product"}],"about":[{"href":"https:\/\/www.makitamarket.com.tr\/site\/wp-json\/wp\/v2\/types\/product"}],"replies":[{"embeddable":true,"href":"https:\/\/www.makitamarket.com.tr\/site\/wp-json\/wp\/v2\/comments?post=19889"}],"wp:featuredmedia":[{"embeddable":true,"href":"https:\/\/www.makitamarket.com.tr\/site\/wp-json\/wp\/v2\/media\/19888"}],"wp:attachment":[{"href":"https:\/\/www.makitamarket.com.tr\/site\/wp-json\/wp\/v2\/media?parent=19889"}],"wp:term":[{"taxonomy":"product_brand","embeddable":true,"href":"https:\/\/www.makitamarket.com.tr\/site\/wp-json\/wp\/v2\/product_brand?post=19889"},{"taxonomy":"product_cat","embeddable":true,"href":"https:\/\/www.makitamarket.com.tr\/site\/wp-json\/wp\/v2\/product_cat?post=19889"},{"taxonomy":"product_tag","embeddable":true,"href":"https:\/\/www.makitamarket.com.tr\/site\/wp-json\/wp\/v2\/product_tag?post=19889"}],"curies":[{"name":"wp","href":"https:\/\/api.w.org\/{rel}","templated":true}]}}