{"id":19947,"date":"2024-11-28T20:25:18","date_gmt":"2024-11-28T17:25:18","guid":{"rendered":"https:\/\/www.makitamarket.com.tr\/site\/urun\/makita-uzun-tip-elmas-tas-delme-ucu-14x400-mm\/"},"modified":"2026-04-28T09:05:33","modified_gmt":"2026-04-28T06:05:33","slug":"makita-uzun-tip-elmas-tas-delme-ucu-14x400-mm","status":"publish","type":"product","link":"https:\/\/www.makitamarket.com.tr\/site\/urun\/makita-uzun-tip-elmas-tas-delme-ucu-14x400-mm\/","title":{"rendered":"Makita D-18976 UZUN T\u0130P ELMAS TA\u015e DELME UCU 14&#215;400 mm"},"content":{"rendered":"<table>\n<tr>\n<td>Matkap \u00c7ap\u0131<\/td>\n<td>14<\/td>\n<\/tr>\n<tr>\n<td>Matkap Boyu<\/td>\n<td>400<\/td>\n<\/tr>\n<tr>\n<td>\u00c7ap<\/td>\n<td>14 mm<\/td>\n<\/tr>\n<tr>\n<td>Uzunluk<\/td>\n<td>400 mm<\/td>\n<\/tr>\n<tr>\n<td>\u00c7al\u0131\u015fma Uzunlu\u011fu<\/td>\n<td>315 mm<\/td>\n<\/tr>\n<\/table>\n","protected":false},"excerpt":{"rendered":"<p>Matkap \u00c7ap\u0131 14 Matkap Boyu 400 \u00c7ap 14 mm Uzunluk 400 mm \u00c7al\u0131\u015fma Uzunlu\u011fu 315 mm<\/p>\n","protected":false},"featured_media":0,"comment_status":"open","ping_status":"closed","template":"","meta":{"_acf_changed":false},"product_brand":[1485],"product_cat":[1425],"product_tag":[],"class_list":{"0":"post-19947","1":"product","2":"type-product","3":"status-publish","5":"product_brand-makita","6":"product_cat-uzun-tip-tas-delme-uclari","8":"first","9":"instock","10":"taxable","11":"shipping-taxable","12":"purchasable","13":"product-type-simple","14":"add-to-wishlist-after_add_to_cart"},"acf":[],"_links":{"self":[{"href":"https:\/\/www.makitamarket.com.tr\/site\/wp-json\/wp\/v2\/product\/19947","targetHints":{"allow":["GET"]}}],"collection":[{"href":"https:\/\/www.makitamarket.com.tr\/site\/wp-json\/wp\/v2\/product"}],"about":[{"href":"https:\/\/www.makitamarket.com.tr\/site\/wp-json\/wp\/v2\/types\/product"}],"replies":[{"embeddable":true,"href":"https:\/\/www.makitamarket.com.tr\/site\/wp-json\/wp\/v2\/comments?post=19947"}],"wp:attachment":[{"href":"https:\/\/www.makitamarket.com.tr\/site\/wp-json\/wp\/v2\/media?parent=19947"}],"wp:term":[{"taxonomy":"product_brand","embeddable":true,"href":"https:\/\/www.makitamarket.com.tr\/site\/wp-json\/wp\/v2\/product_brand?post=19947"},{"taxonomy":"product_cat","embeddable":true,"href":"https:\/\/www.makitamarket.com.tr\/site\/wp-json\/wp\/v2\/product_cat?post=19947"},{"taxonomy":"product_tag","embeddable":true,"href":"https:\/\/www.makitamarket.com.tr\/site\/wp-json\/wp\/v2\/product_tag?post=19947"}],"curies":[{"name":"wp","href":"https:\/\/api.w.org\/{rel}","templated":true}]}}