{"id":20020,"date":"2024-11-28T20:25:44","date_gmt":"2024-11-28T17:25:44","guid":{"rendered":"https:\/\/www.makitamarket.com.tr\/site\/urun\/makita-1-4-altigen-baglantili-baglantili-ahsap-burgu-uc-10x200-mm\/"},"modified":"2026-04-06T17:03:26","modified_gmt":"2026-04-06T14:03:26","slug":"makita-1-4-altigen-baglantili-baglantili-ahsap-burgu-uc-10x200-mm","status":"publish","type":"product","link":"https:\/\/www.makitamarket.com.tr\/site\/urun\/makita-1-4-altigen-baglantili-baglantili-ahsap-burgu-uc-10x200-mm\/","title":{"rendered":"Makita D-16019 1\/4&#8243; ALTIGEN BA\u011eLANTILI BA\u011eLANTILI AH\u015eAP BURGU U\u00c7 10&#215;200 mm"},"content":{"rendered":"<table>\n<tr>\n<td>Matkap \u00c7ap\u0131<\/td>\n<td>10<\/td>\n<\/tr>\n<tr>\n<td>Matkap Boyu<\/td>\n<td>200<\/td>\n<\/tr>\n<tr>\n<td>\u00c7al\u0131\u015fma Uzunlu\u011fu<\/td>\n<td>130<\/td>\n<\/tr>\n<tr>\n<td>Sap Tipi<\/td>\n<td>1\/4&#8243; Alt\u0131gen<\/td>\n<\/tr>\n<\/table>\n","protected":false},"excerpt":{"rendered":"<p>Matkap \u00c7ap\u0131 10 Matkap Boyu 200 \u00c7al\u0131\u015fma Uzunlu\u011fu 130 Sap Tipi 1\/4&#8243; Alt\u0131gen<\/p>\n","protected":false},"featured_media":0,"comment_status":"open","ping_status":"closed","template":"","meta":{"_acf_changed":false},"product_brand":[1485],"product_cat":[1096],"product_tag":[],"class_list":{"0":"post-20020","1":"product","2":"type-product","3":"status-publish","5":"product_brand-makita","6":"product_cat-ahsap-matkap-uclari","8":"first","9":"instock","10":"taxable","11":"shipping-taxable","12":"purchasable","13":"product-type-simple","14":"add-to-wishlist-after_add_to_cart"},"acf":[],"_links":{"self":[{"href":"https:\/\/www.makitamarket.com.tr\/site\/wp-json\/wp\/v2\/product\/20020","targetHints":{"allow":["GET"]}}],"collection":[{"href":"https:\/\/www.makitamarket.com.tr\/site\/wp-json\/wp\/v2\/product"}],"about":[{"href":"https:\/\/www.makitamarket.com.tr\/site\/wp-json\/wp\/v2\/types\/product"}],"replies":[{"embeddable":true,"href":"https:\/\/www.makitamarket.com.tr\/site\/wp-json\/wp\/v2\/comments?post=20020"}],"wp:attachment":[{"href":"https:\/\/www.makitamarket.com.tr\/site\/wp-json\/wp\/v2\/media?parent=20020"}],"wp:term":[{"taxonomy":"product_brand","embeddable":true,"href":"https:\/\/www.makitamarket.com.tr\/site\/wp-json\/wp\/v2\/product_brand?post=20020"},{"taxonomy":"product_cat","embeddable":true,"href":"https:\/\/www.makitamarket.com.tr\/site\/wp-json\/wp\/v2\/product_cat?post=20020"},{"taxonomy":"product_tag","embeddable":true,"href":"https:\/\/www.makitamarket.com.tr\/site\/wp-json\/wp\/v2\/product_tag?post=20020"}],"curies":[{"name":"wp","href":"https:\/\/api.w.org\/{rel}","templated":true}]}}