{"id":20195,"date":"2024-11-28T20:27:10","date_gmt":"2024-11-28T17:27:10","guid":{"rendered":"https:\/\/www.makitamarket.com.tr\/site\/urun\/lightorch-27-ledli-calisma-lambasi-ve-el-feneri\/"},"modified":"2026-04-06T17:09:27","modified_gmt":"2026-04-06T14:09:27","slug":"lightorch-27-ledli-calisma-lambasi-ve-el-feneri","status":"publish","type":"product","link":"https:\/\/www.makitamarket.com.tr\/site\/urun\/lightorch-27-ledli-calisma-lambasi-ve-el-feneri\/","title":{"rendered":"Lightorch LT03153 27 LEDL\u0130 \u00c7ALI\u015eMA LAMBASI VE EL FENER\u0130"},"content":{"rendered":"<table>\n<tr>\n<td>Ayd\u0131nlatma \u015eekli<\/td>\n<td>50 L\u00fcmen<\/td>\n<\/tr>\n<tr>\n<td>Ayd\u0131nlatma Mesafesi<\/td>\n<td>20 Metre<\/td>\n<\/tr>\n<tr>\n<td>LED<\/td>\n<td>El Feneri : 3 LED, \u00c7al\u0131\u015fma Lambas\u0131: 24 LED<\/td>\n<\/tr>\n<tr>\n<td>Tam Dolu Pille Kullan\u0131m<\/td>\n<td>3 Saat<\/td>\n<\/tr>\n<tr>\n<td>Batarya<\/td>\n<td>3 AAA Pil<\/td>\n<\/tr>\n<tr>\n<td>M\u0131knat\u0131sl\u0131 Y\u00fczey<\/td>\n<td>\u221a<\/td>\n<\/tr>\n<tr>\n<td>360\u00b0 D\u00f6ner Kanca<\/td>\n<td>\u221a<\/td>\n<\/tr>\n<tr>\n<td>G\u00f6vde Uzunlu\u011fu<\/td>\n<td>9,5 cm<\/td>\n<\/tr>\n<tr>\n<td>Paket \u0130\u00e7i Adedi<\/td>\n<td>4<\/td>\n<\/tr>\n<tr>\n<td>Koli \u0130\u00e7i Adedi<\/td>\n<td>16<\/td>\n<\/tr>\n<\/table>\n","protected":false},"excerpt":{"rendered":"<p>Ayd\u0131nlatma \u015eekli 50 L\u00fcmen Ayd\u0131nlatma Mesafesi 20 Metre LED El Feneri : 3 LED, \u00c7al\u0131\u015fma Lambas\u0131: 24 LED Tam Dolu Pille Kullan\u0131m 3 Saat Batarya 3 AAA Pil M\u0131knat\u0131sl\u0131 Y\u00fczey<\/p>\n","protected":false},"featured_media":20194,"comment_status":"open","ping_status":"closed","template":"","meta":{"_acf_changed":false},"product_brand":[1556],"product_cat":[1348],"product_tag":[],"class_list":{"0":"post-20195","1":"product","2":"type-product","3":"status-publish","4":"has-post-thumbnail","6":"product_brand-lightorch","7":"product_cat-pilli-el-fenerleri","9":"first","10":"instock","11":"taxable","12":"shipping-taxable","13":"purchasable","14":"product-type-simple","15":"add-to-wishlist-after_add_to_cart"},"acf":[],"_links":{"self":[{"href":"https:\/\/www.makitamarket.com.tr\/site\/wp-json\/wp\/v2\/product\/20195","targetHints":{"allow":["GET"]}}],"collection":[{"href":"https:\/\/www.makitamarket.com.tr\/site\/wp-json\/wp\/v2\/product"}],"about":[{"href":"https:\/\/www.makitamarket.com.tr\/site\/wp-json\/wp\/v2\/types\/product"}],"replies":[{"embeddable":true,"href":"https:\/\/www.makitamarket.com.tr\/site\/wp-json\/wp\/v2\/comments?post=20195"}],"wp:featuredmedia":[{"embeddable":true,"href":"https:\/\/www.makitamarket.com.tr\/site\/wp-json\/wp\/v2\/media\/20194"}],"wp:attachment":[{"href":"https:\/\/www.makitamarket.com.tr\/site\/wp-json\/wp\/v2\/media?parent=20195"}],"wp:term":[{"taxonomy":"product_brand","embeddable":true,"href":"https:\/\/www.makitamarket.com.tr\/site\/wp-json\/wp\/v2\/product_brand?post=20195"},{"taxonomy":"product_cat","embeddable":true,"href":"https:\/\/www.makitamarket.com.tr\/site\/wp-json\/wp\/v2\/product_cat?post=20195"},{"taxonomy":"product_tag","embeddable":true,"href":"https:\/\/www.makitamarket.com.tr\/site\/wp-json\/wp\/v2\/product_tag?post=20195"}],"curies":[{"name":"wp","href":"https:\/\/api.w.org\/{rel}","templated":true}]}}