{"id":20251,"date":"2024-11-28T20:27:28","date_gmt":"2024-11-28T17:27:28","guid":{"rendered":"https:\/\/www.makitamarket.com.tr\/site\/urun\/makita-beton-matkap-ucu-seti\/"},"modified":"2026-04-06T17:10:28","modified_gmt":"2026-04-06T14:10:28","slug":"makita-beton-matkap-ucu-seti","status":"publish","type":"product","link":"https:\/\/www.makitamarket.com.tr\/site\/urun\/makita-beton-matkap-ucu-seti\/","title":{"rendered":"Makita D-20719 BETON MATKAP UCU SET\u0130"},"content":{"rendered":"<p>\n\t\u00a0<\/p>\n<table border=\"1\" cellpadding=\"1\" cellspacing=\"1\" height=\"158\" width=\"472\">\n<tbody>\n<tr>\n<td colspan=\"3\" style=\"text-align: center;\">\n\t\t\t\t<strong>Beton Matkap Ucu Seti<br \/>\n\t\t\t\t<\/strong><\/td>\n<\/tr>\n<tr>\n<td style=\"text-align: center;\">\n\t\t\t\t<strong>\u00c7AP (mm)<br \/>\n\t\t\t\t<\/strong><\/td>\n<td style=\"text-align: center;\">\n\t\t\t\t<strong>UZUNLUK (mm)<br \/>\n\t\t\t\t<\/strong><\/td>\n<td style=\"text-align: center;\">\n\t\t\t\t<strong>\u00c7ALI\u015eMA UZUNLU\u011eU (mm)<br \/>\n\t\t\t\t<\/strong><\/td>\n<\/tr>\n<tr>\n<td style=\"text-align: center;\">\n\t\t\t\t5<\/td>\n<td style=\"text-align: center;\">\n\t\t\t\t110<\/td>\n<td style=\"text-align: center;\">\n\t\t\t\t60<\/td>\n<\/tr>\n<tr>\n<td style=\"text-align: center;\">\n\t\t\t\t6<\/td>\n<td style=\"text-align: center;\">\n\t\t\t\t110<\/td>\n<td style=\"text-align: center;\">\n\t\t\t\t60<\/td>\n<\/tr>\n<tr>\n<td style=\"text-align: center;\">\n\t\t\t\t7<\/td>\n<td style=\"text-align: center;\">\n\t\t\t\t110<\/td>\n<td style=\"text-align: center;\">\n\t\t\t\t60<\/td>\n<\/tr>\n<tr>\n<td style=\"text-align: center;\">\n\t\t\t\t8<\/td>\n<td style=\"text-align: center;\">\n\t\t\t\t110<\/td>\n<td style=\"text-align: center;\">\n\t\t\t\t60<\/td>\n<\/tr>\n<tr>\n<td style=\"text-align: center;\">\n\t\t\t\t10<\/td>\n<td style=\"text-align: center;\">\n\t\t\t\t110<\/td>\n<td style=\"text-align: center;\">\n\t\t\t\t60<\/td>\n<\/tr>\n<\/tbody>\n<\/table>\n<p>\n\t\u00a0<\/p>\n<p>\n\tBeton delme i\u015fleri i\u00e7in kullan\u0131lacak matkap u\u00e7lar\u0131d\u0131r.<\/p>\n<table>\n<tr>\n<td>\u00c7ap x Uzunluk x \u00c7al\u0131\u015fma Uzunlu\u011fu<\/td>\n<td>5 x 110 x 60<\/td>\n<\/tr>\n<tr>\n<td>\u00c7ap x Uzunluk x \u00c7al\u0131\u015fma Uzunlu\u011fu<\/td>\n<td>6 x 110 x 60<\/td>\n<\/tr>\n<tr>\n<td>\u00c7ap x Uzunluk x \u00c7al\u0131\u015fma Uzunlu\u011fu<\/td>\n<td>7 x 110 x 60<\/td>\n<\/tr>\n<tr>\n<td>\u00c7ap x Uzunluk x \u00c7al\u0131\u015fma Uzunlu\u011fu<\/td>\n<td>8 x 110 x 60<\/td>\n<\/tr>\n<tr>\n<td>\u00c7ap x Uzunluk x \u00c7al\u0131\u015fma Uzunlu\u011fu<\/td>\n<td>10 x 110 x 60<\/td>\n<\/tr>\n<\/table>\n","protected":false},"excerpt":{"rendered":"<p>\n\t\u00a0<\/p>\n<table border=\"1\" cellpadding=\"1\" cellspacing=\"1\" height=\"158\" width=\"472\">\n<tbody>\n<tr>\n<td colspan=\"3\" style=\"text-align: center;\">\n\t\t\t\t<strong>Beton Matkap Ucu Seti<br \/>\n\t\t\t\t<\/strong><\/td>\n<\/tr>\n<tr>\n<td style=\"text-align: center;\">\n\t\t\t\t<strong>\u00c7AP (mm)<br \/>\n\t\t\t\t<\/strong><\/td>\n<td style=\"text-align: center;\">\n\t\t\t\t<strong>UZUNLUK (mm)<br \/>\n\t\t\t\t<\/strong><\/td>\n<td style=\"text-align: center;\">\n\t\t\t\t<strong>\u00c7ALI\u015eMA UZUNLU\u011eU (mm)<br \/>\n\t\t\t\t<\/strong><\/td>\n<\/tr>\n<tr>\n<td style=\"text-align: center;\">\n\t\t\t\t5<\/td>\n<td style=\"text-align: center;\">\n\t\t\t\t110<\/td>\n<td style=\"text-align: center;\">\n\t\t\t\t60<\/td>\n<\/tr>\n<tr>\n<td style=\"text-align: center;\">\n\t\t\t\t6<\/td>\n<td style=\"text-align: center;\">\n\t\t\t\t110<\/td>\n<td style=\"text-align: center;\">\n\t\t\t\t60<\/td>\n<\/tr>\n<tr>\n<td style=\"text-align: center;\">\n\t\t\t\t7<\/td>\n<td style=\"text-align: center;\">\n\t\t\t\t110<\/td>\n<td style=\"text-align: center;\">\n\t\t\t\t60<\/td>\n<\/tr>\n<tr>\n<td style=\"text-align: center;\">\n\t\t\t\t8<\/td>\n<td style=\"text-align: center;\">\n\t\t\t\t110<\/td>\n<td style=\"text-align: center;\">\n\t\t\t\t60<\/td>\n<\/tr>\n<tr>\n<td style=\"text-align: center;\">\n\t\t\t\t10<\/td>\n<td style=\"text-align: center;\">\n\t\t\t\t110<\/td>\n<td style=\"text-align: center;\">\n\t\t\t\t60<\/td>\n<\/tr>\n<\/tbody>\n<\/table>\n<p>\n\t\u00a0<\/p>\n<p>\n\tBeton delme i\u015fleri i\u00e7in kullan\u0131lacak matkap u\u00e7lar\u0131d\u0131r.<\/p>\n","protected":false},"featured_media":20250,"comment_status":"open","ping_status":"closed","template":"","meta":{"_acf_changed":false},"product_brand":[1485],"product_cat":[1096],"product_tag":[],"class_list":{"0":"post-20251","1":"product","2":"type-product","3":"status-publish","4":"has-post-thumbnail","6":"product_brand-makita","7":"product_cat-ahsap-matkap-uclari","9":"first","10":"instock","11":"taxable","12":"shipping-taxable","13":"purchasable","14":"product-type-simple","15":"add-to-wishlist-after_add_to_cart"},"acf":[],"_links":{"self":[{"href":"https:\/\/www.makitamarket.com.tr\/site\/wp-json\/wp\/v2\/product\/20251","targetHints":{"allow":["GET"]}}],"collection":[{"href":"https:\/\/www.makitamarket.com.tr\/site\/wp-json\/wp\/v2\/product"}],"about":[{"href":"https:\/\/www.makitamarket.com.tr\/site\/wp-json\/wp\/v2\/types\/product"}],"replies":[{"embeddable":true,"href":"https:\/\/www.makitamarket.com.tr\/site\/wp-json\/wp\/v2\/comments?post=20251"}],"wp:featuredmedia":[{"embeddable":true,"href":"https:\/\/www.makitamarket.com.tr\/site\/wp-json\/wp\/v2\/media\/20250"}],"wp:attachment":[{"href":"https:\/\/www.makitamarket.com.tr\/site\/wp-json\/wp\/v2\/media?parent=20251"}],"wp:term":[{"taxonomy":"product_brand","embeddable":true,"href":"https:\/\/www.makitamarket.com.tr\/site\/wp-json\/wp\/v2\/product_brand?post=20251"},{"taxonomy":"product_cat","embeddable":true,"href":"https:\/\/www.makitamarket.com.tr\/site\/wp-json\/wp\/v2\/product_cat?post=20251"},{"taxonomy":"product_tag","embeddable":true,"href":"https:\/\/www.makitamarket.com.tr\/site\/wp-json\/wp\/v2\/product_tag?post=20251"}],"curies":[{"name":"wp","href":"https:\/\/api.w.org\/{rel}","templated":true}]}}