{"id":20502,"date":"2024-11-28T20:29:07","date_gmt":"2024-11-28T17:29:07","guid":{"rendered":"https:\/\/www.makitamarket.com.tr\/site\/urun\/proxxon-temizleme-ve-polisaj-2-li-13-mm\/"},"modified":"2026-03-30T10:50:27","modified_gmt":"2026-03-30T07:50:27","slug":"proxxon-temizleme-ve-polisaj-2-li-13-mm","status":"publish","type":"product","link":"https:\/\/www.makitamarket.com.tr\/site\/urun\/proxxon-temizleme-ve-polisaj-2-li-13-mm\/","title":{"rendered":"Proxxon 28963 TEM\u0130ZLEME VE POL\u0130SAJ 2 L\u0130 13 mm"},"content":{"rendered":"<p>\n\tPirin\u00e7 f\u0131r\u00e7a, \u00e7anak ve daire tel f\u0131r\u00e7alar ala\u015f\u0131m, bak\u0131r, de\u011ferli maden, yar\u0131 de\u011ferli ta\u015f, plastik ve ah\u015fap \u00fczerinde \u00e7al\u0131\u015fmak i\u00e7in idealdir. Asitten etkilenmez. Elektrik ak\u0131m\u0131n\u0131 iletmedi\u011fi i\u00e7in elektronik par\u00e7alar ve devreler \u00fczerinde \u00e7al\u0131\u015fmaya el veri\u015flidir.<\/p>\n<p>\n\tMil \u00c7ap\u0131 2.35<\/p>\n<table>\n<tr>\n<td>Mil \u00c7ap\u0131<\/td>\n<td>2,35 mm<\/td>\n<\/tr>\n<\/table>\n","protected":false},"excerpt":{"rendered":"<p>\n\tPirin\u00e7 f\u0131r\u00e7a, \u00e7anak ve daire tel f\u0131r\u00e7alar ala\u015f\u0131m, bak\u0131r, de\u011ferli maden, yar\u0131 de\u011ferli ta\u015f, plastik ve ah\u015fap \u00fczerinde \u00e7al\u0131\u015fmak i\u00e7in idealdir. Asitten etkilenmez. Elektrik ak\u0131m\u0131n\u0131 iletmedi\u011fi i\u00e7in elektronik par\u00e7alar ve devreler \u00fczerinde \u00e7al\u0131\u015fmaya el veri\u015flidir.<\/p>\n<p>\n\tMil \u00c7ap\u0131 2.35<\/p>\n","protected":false},"featured_media":20840,"comment_status":"open","ping_status":"closed","template":"","meta":{"_acf_changed":false},"product_brand":[1501],"product_cat":[926],"product_tag":[],"class_list":{"0":"post-20502","1":"product","2":"type-product","3":"status-publish","4":"has-post-thumbnail","6":"product_brand-proxxon","7":"product_cat-aksesuarlar-mikro-aletleri","9":"first","10":"instock","11":"taxable","12":"shipping-taxable","13":"purchasable","14":"product-type-simple","15":"add-to-wishlist-after_add_to_cart"},"acf":[],"_links":{"self":[{"href":"https:\/\/www.makitamarket.com.tr\/site\/wp-json\/wp\/v2\/product\/20502","targetHints":{"allow":["GET"]}}],"collection":[{"href":"https:\/\/www.makitamarket.com.tr\/site\/wp-json\/wp\/v2\/product"}],"about":[{"href":"https:\/\/www.makitamarket.com.tr\/site\/wp-json\/wp\/v2\/types\/product"}],"replies":[{"embeddable":true,"href":"https:\/\/www.makitamarket.com.tr\/site\/wp-json\/wp\/v2\/comments?post=20502"}],"wp:featuredmedia":[{"embeddable":true,"href":"https:\/\/www.makitamarket.com.tr\/site\/wp-json\/wp\/v2\/media\/20840"}],"wp:attachment":[{"href":"https:\/\/www.makitamarket.com.tr\/site\/wp-json\/wp\/v2\/media?parent=20502"}],"wp:term":[{"taxonomy":"product_brand","embeddable":true,"href":"https:\/\/www.makitamarket.com.tr\/site\/wp-json\/wp\/v2\/product_brand?post=20502"},{"taxonomy":"product_cat","embeddable":true,"href":"https:\/\/www.makitamarket.com.tr\/site\/wp-json\/wp\/v2\/product_cat?post=20502"},{"taxonomy":"product_tag","embeddable":true,"href":"https:\/\/www.makitamarket.com.tr\/site\/wp-json\/wp\/v2\/product_tag?post=20502"}],"curies":[{"name":"wp","href":"https:\/\/api.w.org\/{rel}","templated":true}]}}