{"id":20814,"date":"2024-11-28T20:31:20","date_gmt":"2024-11-28T17:31:20","guid":{"rendered":"https:\/\/www.makitamarket.com.tr\/site\/urun\/nikon-sapli-firfir-zimpara-30x15-mm-100-kum\/"},"modified":"2026-03-30T10:49:33","modified_gmt":"2026-03-30T07:49:33","slug":"nikon-sapli-firfir-zimpara-30x15-mm-100-kum","status":"publish","type":"product","link":"https:\/\/www.makitamarket.com.tr\/site\/urun\/nikon-sapli-firfir-zimpara-30x15-mm-100-kum\/","title":{"rendered":"Nikon N32007 SAPLI FIRFIR ZIMPARA 30&#215;15 mm 100 KUM"},"content":{"rendered":"<p>\n\t<strong>Al\u00fcminyum Oksit\u00a0<\/strong>a\u015f\u0131nd\u0131r\u0131c\u0131 uygulamas\u0131na tabidir. Metal ve Kal\u0131p sekt\u00f6r\u00fcnde yo\u011fun olarak kullan\u0131l\u0131r. Kaynakl\u0131 malzemelerde ve Metal y\u00fczey \u00fczerinde bulunan Pas, C\u00fcruf, \u00c7apak temizli\u011finde kullan\u0131l\u0131r. Z\u0131mparalanan y\u00fczeyde biti\u015f i\u015flemi yap\u0131lmaktad\u0131r.<\/p>\n<table>\n<tr>\n<td>Kum<\/td>\n<td>100<\/td>\n<\/tr>\n<tr>\n<td>\u00d6l\u00e7\u00fc(mm)<\/td>\n<td>30 x15<\/td>\n<\/tr>\n<tr>\n<td>Kutu \u0130\u00e7i Adedi<\/td>\n<td>10<\/td>\n<\/tr>\n<\/table>\n","protected":false},"excerpt":{"rendered":"<p>\n\t<strong>Al\u00fcminyum Oksit\u00a0<\/strong>a\u015f\u0131nd\u0131r\u0131c\u0131 uygulamas\u0131na tabidir. Metal ve Kal\u0131p sekt\u00f6r\u00fcnde yo\u011fun olarak kullan\u0131l\u0131r. Kaynakl\u0131 malzemelerde ve Metal y\u00fczey \u00fczerinde bulunan Pas, C\u00fcruf, \u00c7apak temizli\u011finde kullan\u0131l\u0131r. Z\u0131mparalanan y\u00fczeyde biti\u015f i\u015flemi yap\u0131lmaktad\u0131r.<\/p>\n","protected":false},"featured_media":20813,"comment_status":"open","ping_status":"closed","template":"","meta":{"_acf_changed":false},"product_brand":[1518],"product_cat":[1421],"product_tag":[],"class_list":{"0":"post-20814","1":"product","2":"type-product","3":"status-publish","4":"has-post-thumbnail","6":"product_brand-nikon","7":"product_cat-sapli-firfir-zimparalar","9":"first","10":"instock","11":"taxable","12":"shipping-taxable","13":"purchasable","14":"product-type-simple","15":"add-to-wishlist-after_add_to_cart"},"acf":[],"_links":{"self":[{"href":"https:\/\/www.makitamarket.com.tr\/site\/wp-json\/wp\/v2\/product\/20814","targetHints":{"allow":["GET"]}}],"collection":[{"href":"https:\/\/www.makitamarket.com.tr\/site\/wp-json\/wp\/v2\/product"}],"about":[{"href":"https:\/\/www.makitamarket.com.tr\/site\/wp-json\/wp\/v2\/types\/product"}],"replies":[{"embeddable":true,"href":"https:\/\/www.makitamarket.com.tr\/site\/wp-json\/wp\/v2\/comments?post=20814"}],"wp:featuredmedia":[{"embeddable":true,"href":"https:\/\/www.makitamarket.com.tr\/site\/wp-json\/wp\/v2\/media\/20813"}],"wp:attachment":[{"href":"https:\/\/www.makitamarket.com.tr\/site\/wp-json\/wp\/v2\/media?parent=20814"}],"wp:term":[{"taxonomy":"product_brand","embeddable":true,"href":"https:\/\/www.makitamarket.com.tr\/site\/wp-json\/wp\/v2\/product_brand?post=20814"},{"taxonomy":"product_cat","embeddable":true,"href":"https:\/\/www.makitamarket.com.tr\/site\/wp-json\/wp\/v2\/product_cat?post=20814"},{"taxonomy":"product_tag","embeddable":true,"href":"https:\/\/www.makitamarket.com.tr\/site\/wp-json\/wp\/v2\/product_tag?post=20814"}],"curies":[{"name":"wp","href":"https:\/\/api.w.org\/{rel}","templated":true}]}}