{"id":20999,"date":"2024-11-28T20:32:30","date_gmt":"2024-11-28T17:32:30","guid":{"rendered":"https:\/\/www.makitamarket.com.tr\/site\/urun\/proxxon-ahsap-kesimi-icin-testere-3-lu\/"},"modified":"2026-03-30T10:54:21","modified_gmt":"2026-03-30T07:54:21","slug":"proxxon-ahsap-kesimi-icin-testere-3-lu","status":"publish","type":"product","link":"https:\/\/www.makitamarket.com.tr\/site\/urun\/proxxon-ahsap-kesimi-icin-testere-3-lu\/","title":{"rendered":"Proxxon 28830 AH\u015eAP KES\u0130M\u0130 \u0130\u00c7\u0130N TESTERE 3 L\u00dc"},"content":{"rendered":"<p>\n\t<span style=\"font-size:12px;\"><strong><font color=\"#1f1a17\"><font color=\"#1f1a17\"><font color=\"#1f1a17\">Yay \u00e7eli\u011finden yap\u0131lm\u0131\u015f testereler<br \/>\n\t<\/font><\/font><\/font><\/strong><\/span><\/p>\n<p>\n\t<span style=\"font-size:12px;\"><font color=\"#1f1a17\"><font color=\"#1f1a17\"><font color=\"#1f1a17\">0.1 mm kal\u0131nl\u0131kta.<\/font><\/font><\/font><br \/>\n\t<\/span><\/p>\n<p>\n\t<span style=\"font-size:12px;\"><font color=\"#1f1a17\"><font color=\"#1f1a17\"><font color=\"#1f1a17\">Plastik, ah\u015fap ve demirsiz metaller i\u00e7in.<\/font><\/font><\/font><br \/>\n\t<\/span><\/p>\n<p>\n\t<span style=\"font-size:12px;\"><font color=\"#1f1a17\"><font color=\"#1f1a17\"><font color=\"#1f1a17\">Mil \u00e7ap\u0131 2.35 mm.<\/font><\/font><\/font><br \/>\n\t<\/span><\/p>\n<table>\n<tr>\n<td>Mil \u00c7ap\u0131<\/td>\n<td>2,35 mm<\/td>\n<\/tr>\n<\/table>\n","protected":false},"excerpt":{"rendered":"<p>\n\t<span style=\"font-size:12px;\"><strong><font color=\"#1f1a17\"><font color=\"#1f1a17\"><font color=\"#1f1a17\">Yay \u00e7eli\u011finden yap\u0131lm\u0131\u015f testereler<br \/>\n\t<\/font><\/font><\/font><\/strong><\/span><\/p>\n<p>\n\t<span style=\"font-size:12px;\"><font color=\"#1f1a17\"><font color=\"#1f1a17\"><font color=\"#1f1a17\">0.1 mm kal\u0131nl\u0131kta.<\/font><\/font><\/font><br \/>\n\t<\/span><\/p>\n<p>\n\t<span style=\"font-size:12px;\"><font color=\"#1f1a17\"><font color=\"#1f1a17\"><font color=\"#1f1a17\">Plastik, ah\u015fap ve demirsiz metaller i\u00e7in.<\/font><\/font><\/font><br \/>\n\t<\/span><\/p>\n<p>\n\t<span style=\"font-size:12px;\"><font color=\"#1f1a17\"><font color=\"#1f1a17\"><font color=\"#1f1a17\">Mil \u00e7ap\u0131 2.35 mm.<\/font><\/font><\/font><br \/>\n\t<\/span><\/p>\n","protected":false},"featured_media":20998,"comment_status":"open","ping_status":"closed","template":"","meta":{"_acf_changed":false},"product_brand":[1501],"product_cat":[926],"product_tag":[],"class_list":{"0":"post-20999","1":"product","2":"type-product","3":"status-publish","4":"has-post-thumbnail","6":"product_brand-proxxon","7":"product_cat-aksesuarlar-mikro-aletleri","9":"first","10":"instock","11":"taxable","12":"shipping-taxable","13":"purchasable","14":"product-type-simple","15":"add-to-wishlist-after_add_to_cart"},"acf":[],"_links":{"self":[{"href":"https:\/\/www.makitamarket.com.tr\/site\/wp-json\/wp\/v2\/product\/20999","targetHints":{"allow":["GET"]}}],"collection":[{"href":"https:\/\/www.makitamarket.com.tr\/site\/wp-json\/wp\/v2\/product"}],"about":[{"href":"https:\/\/www.makitamarket.com.tr\/site\/wp-json\/wp\/v2\/types\/product"}],"replies":[{"embeddable":true,"href":"https:\/\/www.makitamarket.com.tr\/site\/wp-json\/wp\/v2\/comments?post=20999"}],"wp:featuredmedia":[{"embeddable":true,"href":"https:\/\/www.makitamarket.com.tr\/site\/wp-json\/wp\/v2\/media\/20998"}],"wp:attachment":[{"href":"https:\/\/www.makitamarket.com.tr\/site\/wp-json\/wp\/v2\/media?parent=20999"}],"wp:term":[{"taxonomy":"product_brand","embeddable":true,"href":"https:\/\/www.makitamarket.com.tr\/site\/wp-json\/wp\/v2\/product_brand?post=20999"},{"taxonomy":"product_cat","embeddable":true,"href":"https:\/\/www.makitamarket.com.tr\/site\/wp-json\/wp\/v2\/product_cat?post=20999"},{"taxonomy":"product_tag","embeddable":true,"href":"https:\/\/www.makitamarket.com.tr\/site\/wp-json\/wp\/v2\/product_tag?post=20999"}],"curies":[{"name":"wp","href":"https:\/\/api.w.org\/{rel}","templated":true}]}}