{"id":22035,"date":"2024-11-28T20:38:44","date_gmt":"2024-11-28T17:38:44","guid":{"rendered":"https:\/\/www.makitamarket.com.tr\/site\/urun\/topart-yayli-kiskac-50-mm\/"},"modified":"2025-11-16T11:53:21","modified_gmt":"2025-11-16T08:53:21","slug":"topart-yayli-kiskac-50-mm","status":"publish","type":"product","link":"https:\/\/www.makitamarket.com.tr\/site\/urun\/topart-yayli-kiskac-50-mm\/","title":{"rendered":"Topart TA90002 YAYLI KISKA\u00c7 50 mm"},"content":{"rendered":"<div>\n\t\u2022 H\u0131zl\u0131 ve pratik i\u015fler i\u00e7in uygundur.<\/div>\n<div>\n\t\u2022 Tek el ile s\u0131kma yap\u0131labilir.<\/div>\n<div>\n\t\u2022 Koruyucu s\u0131kma pabu\u00e7lar\u0131 hassas i\u015fler i\u00e7in kullan\u0131lmaya olanak sa\u011flar.<\/div>\n<table>\n<tr>\n<td>\u00d6l\u00e7\u00fcs\u00fc<\/td>\n<td>50 mm<\/td>\n<\/tr>\n<tr>\n<td>Kutu\/Koli \u0130\u00e7i Adedi<\/td>\n<td>6 \/ 36<\/td>\n<\/tr>\n<\/table>\n","protected":false},"excerpt":{"rendered":"<div>\n\t\u2022 H\u0131zl\u0131 ve pratik i\u015fler i\u00e7in uygundur.<\/div>\n<div>\n\t\u2022 Tek el ile s\u0131kma yap\u0131labilir.<\/div>\n<div>\n\t\u2022 Koruyucu s\u0131kma pabu\u00e7lar\u0131 hassas i\u015fler i\u00e7in kullan\u0131lmaya olanak sa\u011flar.<\/div>\n","protected":false},"featured_media":22034,"comment_status":"open","ping_status":"closed","template":"","meta":{"_acf_changed":false},"product_brand":[1527],"product_cat":[1470],"product_tag":[],"class_list":{"0":"post-22035","1":"product","2":"type-product","3":"status-publish","4":"has-post-thumbnail","6":"product_brand-topart","7":"product_cat-yayli-kiskaclar","9":"first","10":"outofstock","11":"taxable","12":"shipping-taxable","13":"purchasable","14":"product-type-simple","15":"add-to-wishlist-after_add_to_cart"},"acf":[],"_links":{"self":[{"href":"https:\/\/www.makitamarket.com.tr\/site\/wp-json\/wp\/v2\/product\/22035","targetHints":{"allow":["GET"]}}],"collection":[{"href":"https:\/\/www.makitamarket.com.tr\/site\/wp-json\/wp\/v2\/product"}],"about":[{"href":"https:\/\/www.makitamarket.com.tr\/site\/wp-json\/wp\/v2\/types\/product"}],"replies":[{"embeddable":true,"href":"https:\/\/www.makitamarket.com.tr\/site\/wp-json\/wp\/v2\/comments?post=22035"}],"wp:featuredmedia":[{"embeddable":true,"href":"https:\/\/www.makitamarket.com.tr\/site\/wp-json\/wp\/v2\/media\/22034"}],"wp:attachment":[{"href":"https:\/\/www.makitamarket.com.tr\/site\/wp-json\/wp\/v2\/media?parent=22035"}],"wp:term":[{"taxonomy":"product_brand","embeddable":true,"href":"https:\/\/www.makitamarket.com.tr\/site\/wp-json\/wp\/v2\/product_brand?post=22035"},{"taxonomy":"product_cat","embeddable":true,"href":"https:\/\/www.makitamarket.com.tr\/site\/wp-json\/wp\/v2\/product_cat?post=22035"},{"taxonomy":"product_tag","embeddable":true,"href":"https:\/\/www.makitamarket.com.tr\/site\/wp-json\/wp\/v2\/product_tag?post=22035"}],"curies":[{"name":"wp","href":"https:\/\/api.w.org\/{rel}","templated":true}]}}