{"id":22587,"date":"2025-01-06T16:33:23","date_gmt":"2025-01-06T13:33:23","guid":{"rendered":"https:\/\/www.makitamarket.com.tr\/site\/urun\/rapid-pmp171-havali-civi-cakma-tabancasi\/"},"modified":"2026-04-06T12:08:18","modified_gmt":"2026-04-06T09:08:18","slug":"rapid-pmp171-havali-civi-cakma-tabancasi","status":"publish","type":"product","link":"https:\/\/www.makitamarket.com.tr\/site\/urun\/rapid-pmp171-havali-civi-cakma-tabancasi\/","title":{"rendered":"Rapid PMP171 HAVALI \u00c7\u0130V\u0130 \u00c7AKMA TABANCASI"},"content":{"rendered":"<div>\n\t23Ga \u00e7iviyle hassas bir \u00e7al\u0131\u015fma i\u00e7in tasarlanm\u0131\u015f profesyonel haval\u0131 mikro \u00e7ivi tabancas\u0131. Kap\u0131 ve pencere \u00e7er\u00e7eveleme, s\u00fcp\u00fcrgelikler, al\u00e7\u0131panlar, hafi f ah\u015fap paneller ve dekoratif kaplama \u00fczerinde yo\u011fun \u00e7al\u0131\u015fmalar i\u00e7in idealdir.<\/div>\n<div>\n\t\u2022 35mm\u2019ye kadar 23Ga mikro \u00e7ivi \u00e7akar.<\/div>\n<div>\n\t\u2022 Temas halinde \u00e7al\u0131\u015ft\u0131rma ate\u015flemesi.<\/div>\n<div>\n\t\u2022 3600 ayarlanabilir hava egsozu-tozu \u00e7al\u0131\u015fma y\u00fczeyinden uzak tutar.<\/div>\n<div>\n\t\u2022 G\u00fc\u00e7l\u00fc ve dayan\u0131kl\u0131 hafi f al\u00fcminyum g\u00f6vde.<\/div>\n<div>\n\t\u2022 H\u0131zl\u0131 y\u00fckleme sistemi.<\/div>\n<div>\n\t\u2022 Konforlu kavrama.<\/div>\n<div>\n\t\u2022 Anahtarlar dahil ve 25mm\u2019lik 500 adet Mikro pim ba\u015flang\u0131\u00e7 seti.<\/div>\n<div>\n\t\u2022 2 y\u0131l garanti.<\/div>\n<div>\n\tMicro-Pin (23P) 15-35mm<\/div>\n<table><\/table>\n","protected":false},"excerpt":{"rendered":"<div>\n\t23Ga \u00e7iviyle hassas bir \u00e7al\u0131\u015fma i\u00e7in tasarlanm\u0131\u015f profesyonel haval\u0131 mikro \u00e7ivi tabancas\u0131. Kap\u0131 ve pencere \u00e7er\u00e7eveleme, s\u00fcp\u00fcrgelikler, al\u00e7\u0131panlar, hafi f ah\u015fap paneller ve dekoratif kaplama \u00fczerinde yo\u011fun \u00e7al\u0131\u015fmalar i\u00e7in idealdir.<\/div>\n<div>\n\t\u2022 35mm\u2019ye kadar 23Ga mikro \u00e7ivi \u00e7akar.<\/div>\n<div>\n\t\u2022 Temas halinde \u00e7al\u0131\u015ft\u0131rma ate\u015flemesi.<\/div>\n<div>\n\t\u2022 3600 ayarlanabilir hava egsozu-tozu \u00e7al\u0131\u015fma y\u00fczeyinden uzak tutar.<\/div>\n<div>\n\t\u2022 G\u00fc\u00e7l\u00fc ve dayan\u0131kl\u0131 hafi f al\u00fcminyum g\u00f6vde.<\/div>\n<div>\n\t\u2022 H\u0131zl\u0131 y\u00fckleme sistemi.<\/div>\n<div>\n\t\u2022 Konforlu kavrama.<\/div>\n<div>\n\t\u2022 Anahtarlar dahil ve 25mm\u2019lik 500 adet Mikro pim ba\u015flang\u0131\u00e7 seti.<\/div>\n<div>\n\t\u2022 2 y\u0131l garanti.<\/div>\n<div>\n\tMicro-Pin (23P) 15-35mm<\/div>\n","protected":false},"featured_media":8018,"comment_status":"open","ping_status":"closed","template":"","meta":{"_acf_changed":false},"product_brand":[1491],"product_cat":[712],"product_tag":[],"class_list":{"0":"post-22587","1":"product","2":"type-product","3":"status-publish","4":"has-post-thumbnail","6":"product_brand-rapid","7":"product_cat-zimba-tabancalari","9":"first","10":"instock","11":"taxable","12":"shipping-taxable","13":"purchasable","14":"product-type-simple","15":"add-to-wishlist-after_add_to_cart"},"acf":[],"_links":{"self":[{"href":"https:\/\/www.makitamarket.com.tr\/site\/wp-json\/wp\/v2\/product\/22587","targetHints":{"allow":["GET"]}}],"collection":[{"href":"https:\/\/www.makitamarket.com.tr\/site\/wp-json\/wp\/v2\/product"}],"about":[{"href":"https:\/\/www.makitamarket.com.tr\/site\/wp-json\/wp\/v2\/types\/product"}],"replies":[{"embeddable":true,"href":"https:\/\/www.makitamarket.com.tr\/site\/wp-json\/wp\/v2\/comments?post=22587"}],"wp:featuredmedia":[{"embeddable":true,"href":"https:\/\/www.makitamarket.com.tr\/site\/wp-json\/wp\/v2\/media\/8018"}],"wp:attachment":[{"href":"https:\/\/www.makitamarket.com.tr\/site\/wp-json\/wp\/v2\/media?parent=22587"}],"wp:term":[{"taxonomy":"product_brand","embeddable":true,"href":"https:\/\/www.makitamarket.com.tr\/site\/wp-json\/wp\/v2\/product_brand?post=22587"},{"taxonomy":"product_cat","embeddable":true,"href":"https:\/\/www.makitamarket.com.tr\/site\/wp-json\/wp\/v2\/product_cat?post=22587"},{"taxonomy":"product_tag","embeddable":true,"href":"https:\/\/www.makitamarket.com.tr\/site\/wp-json\/wp\/v2\/product_tag?post=22587"}],"curies":[{"name":"wp","href":"https:\/\/api.w.org\/{rel}","templated":true}]}}