{"id":22607,"date":"2025-01-06T16:33:33","date_gmt":"2025-01-06T13:33:33","guid":{"rendered":"https:\/\/www.makitamarket.com.tr\/site\/urun\/rapid-pbs121-havali-civi-cakma-tabancasi\/"},"modified":"2026-04-06T12:11:28","modified_gmt":"2026-04-06T09:11:28","slug":"rapid-pbs121-havali-civi-cakma-tabancasi","status":"publish","type":"product","link":"https:\/\/www.makitamarket.com.tr\/site\/urun\/rapid-pbs121-havali-civi-cakma-tabancasi\/","title":{"rendered":"Rapid PBS121 HAVALI \u00c7\u0130V\u0130 \u00c7AKMA TABANCASI"},"content":{"rendered":"<div>\n\tY\u00fcksek tempolu i\u015fler i\u00e7in m\u00fckemmel, birinci kalite, son derece \u00e7ok y\u00f6nl\u00fc, haval\u0131 \u00e7ivi ve z\u0131mba \u00e7akma tabancas\u0131. Titiz DIY (Kendin Yap) kullan\u0131c\u0131lar\u0131 i\u00e7in tasarlanm\u0131\u015ft\u0131r. Lambri, mobilya tamir, yenidend\u00f6\u015feme ve ince i\u015fler i\u00e7in kullan\u0131m.<\/div>\n<div>\n\t\u2022 Ard\u0131\u015f\u0131k tahrik tetik<\/div>\n<div>\n\t\u2022 D\u00fc\u015f\u00fck hava t\u00fcketimi < 0.8 L<\/div>\n<div>\n\t\u2022 3600 ayarlanabilir hava egzozu &#8211; tozlar\u0131 \u00e7al\u0131\u015fma alanlar\u0131 d\u0131\u015f\u0131nda tutar<\/div>\n<div>\n\t\u2022 G\u00fc\u00e7l\u00fc ve dayan\u0131kl\u0131, hafi f magnezyum ana g\u00f6vde<\/div>\n<div>\n\t\u2022 Ayarlanabilir derinlik mekanizmas\u0131<\/div>\n<div>\n\t\u2022 Kolay-Temizlik Mekanizmas\u0131 ile h\u0131zl\u0131 y\u00fckleme sistemi s\u0131k\u0131\u015fmalar\u0131n kolay ve h\u0131zl\u0131 temizlenmesi i\u00e7in<\/div>\n<div>\n\t\u2022 No-mar pad &#8211; \u00e7al\u0131\u015fma y\u00fczeylerini korumak i\u00e7in<\/div>\n<div>\n\t\u2022 Rahat kavrama<\/div>\n<div>\n\t\u2022 Dar ba\u015fl\u0131 z\u0131mba telleri ve ba\u015fs\u0131z \u00e7iviler i\u00e7in \u00e7ift kartu\u015f<\/div>\n<div>\n\t\u2022 Koruyucu g\u00f6zl\u00fckler, ya\u011f kab\u0131, anahtarlar ve 200 adet 25mm z\u0131mba teli ile 200 adet 50mm ba\u015fs\u0131z \u00e7ivi ba\u015flang\u0131\u00e7 seti dahil<\/div>\n<div>\n\t\u2022 Kutu ambalaj<\/div>\n<div>\n\t\u2022 2 y\u0131l garanti<\/div>\n<div>\n\tZ\u0131mba 12-30mm<\/div>\n<div>\n\tBa\u015fs\u0131z \u00c7ivi\u00a0 15-30mm<\/div>\n<table><\/table>\n","protected":false},"excerpt":{"rendered":"<div>\n\tY\u00fcksek tempolu i\u015fler i\u00e7in m\u00fckemmel, birinci kalite, son derece \u00e7ok y\u00f6nl\u00fc, haval\u0131 \u00e7ivi ve z\u0131mba \u00e7akma tabancas\u0131. Titiz DIY (Kendin Yap) kullan\u0131c\u0131lar\u0131 i\u00e7in tasarlanm\u0131\u015ft\u0131r. Lambri, mobilya tamir, yenidend\u00f6\u015feme ve ince i\u015fler i\u00e7in kullan\u0131m.<\/div>\n<div>\n\t\u2022 Ard\u0131\u015f\u0131k tahrik tetik<\/div>\n<div>\n\t\u2022 D\u00fc\u015f\u00fck hava t\u00fcketimi < 0.8 L<\/div>\n<div>\n\t\u2022 3600 ayarlanabilir hava egzozu &#8211; tozlar\u0131 \u00e7al\u0131\u015fma alanlar\u0131 d\u0131\u015f\u0131nda tutar<\/div>\n<div>\n\t\u2022 G\u00fc\u00e7l\u00fc ve dayan\u0131kl\u0131, hafi f magnezyum ana g\u00f6vde<\/div>\n<div>\n\t\u2022 Ayarlanabilir derinlik mekanizmas\u0131<\/div>\n<div>\n\t\u2022 Kolay-Temizlik Mekanizmas\u0131 ile h\u0131zl\u0131 y\u00fckleme sistemi s\u0131k\u0131\u015fmalar\u0131n kolay ve h\u0131zl\u0131 temizlenmesi i\u00e7in<\/div>\n<div>\n\t\u2022 No-mar pad &#8211; \u00e7al\u0131\u015fma y\u00fczeylerini korumak i\u00e7in<\/div>\n<div>\n\t\u2022 Rahat kavrama<\/div>\n<div>\n\t\u2022 Dar ba\u015fl\u0131 z\u0131mba telleri ve ba\u015fs\u0131z \u00e7iviler i\u00e7in \u00e7ift kartu\u015f<\/div>\n<div>\n\t\u2022 Koruyucu g\u00f6zl\u00fckler, ya\u011f kab\u0131, anahtarlar ve 200 adet 25mm z\u0131mba teli ile 200 adet 50mm ba\u015fs\u0131z \u00e7ivi ba\u015flang\u0131\u00e7 seti dahil<\/div>\n<div>\n\t\u2022 Kutu ambalaj<\/div>\n<div>\n\t\u2022 2 y\u0131l garanti<\/div>\n<div>\n\tZ\u0131mba 12-30mm<\/div>\n<div>\n\tBa\u015fs\u0131z \u00c7ivi\u00a0 15-30mm<\/div>\n","protected":false},"featured_media":8088,"comment_status":"open","ping_status":"closed","template":"","meta":{"_acf_changed":false},"product_brand":[1491],"product_cat":[712],"product_tag":[],"class_list":{"0":"post-22607","1":"product","2":"type-product","3":"status-publish","4":"has-post-thumbnail","6":"product_brand-rapid","7":"product_cat-zimba-tabancalari","9":"first","10":"outofstock","11":"taxable","12":"shipping-taxable","13":"purchasable","14":"product-type-simple","15":"add-to-wishlist-after_add_to_cart"},"acf":[],"_links":{"self":[{"href":"https:\/\/www.makitamarket.com.tr\/site\/wp-json\/wp\/v2\/product\/22607","targetHints":{"allow":["GET"]}}],"collection":[{"href":"https:\/\/www.makitamarket.com.tr\/site\/wp-json\/wp\/v2\/product"}],"about":[{"href":"https:\/\/www.makitamarket.com.tr\/site\/wp-json\/wp\/v2\/types\/product"}],"replies":[{"embeddable":true,"href":"https:\/\/www.makitamarket.com.tr\/site\/wp-json\/wp\/v2\/comments?post=22607"}],"wp:featuredmedia":[{"embeddable":true,"href":"https:\/\/www.makitamarket.com.tr\/site\/wp-json\/wp\/v2\/media\/8088"}],"wp:attachment":[{"href":"https:\/\/www.makitamarket.com.tr\/site\/wp-json\/wp\/v2\/media?parent=22607"}],"wp:term":[{"taxonomy":"product_brand","embeddable":true,"href":"https:\/\/www.makitamarket.com.tr\/site\/wp-json\/wp\/v2\/product_brand?post=22607"},{"taxonomy":"product_cat","embeddable":true,"href":"https:\/\/www.makitamarket.com.tr\/site\/wp-json\/wp\/v2\/product_cat?post=22607"},{"taxonomy":"product_tag","embeddable":true,"href":"https:\/\/www.makitamarket.com.tr\/site\/wp-json\/wp\/v2\/product_tag?post=22607"}],"curies":[{"name":"wp","href":"https:\/\/api.w.org\/{rel}","templated":true}]}}