{"id":22634,"date":"2025-01-06T16:33:45","date_gmt":"2025-01-06T13:33:45","guid":{"rendered":"https:\/\/www.makitamarket.com.tr\/site\/urun\/turcoboor-100-4ak-manyetik-kilavuz-cekme-matkabi\/"},"modified":"2026-04-06T12:12:45","modified_gmt":"2026-04-06T09:12:45","slug":"turcoboor-100-4ak-manyetik-kilavuz-cekme-matkabi","status":"publish","type":"product","link":"https:\/\/www.makitamarket.com.tr\/site\/urun\/turcoboor-100-4ak-manyetik-kilavuz-cekme-matkabi\/","title":{"rendered":"Turcoboor 100-4AK MANYET\u0130K KILAVUZ \u00c7EKME MATKABI"},"content":{"rendered":"<table>\n<tr>\n<td>Kesici U\u00e7 ile Delme \u00c7ap\u0131<\/td>\n<td>\u00d8 12-100 mm (\u00d8 61-100 mm MK3\/32)<\/td>\n<\/tr>\n<tr>\n<td>Matkap Ucuyla Delme<\/td>\n<td>\u00d8 1-32 mm<\/td>\n<\/tr>\n<tr>\n<td>K\u0131lavuz \u00c7ekme<\/td>\n<td>M3-M30<\/td>\n<\/tr>\n<tr>\n<td>Sap Kal\u0131nl\u0131\u011f\u0131<\/td>\n<td>MK3-19mm Weldon<\/td>\n<\/tr>\n<tr>\n<td>Mil Hareketi<\/td>\n<td>260 mm<\/td>\n<\/tr>\n<tr>\n<td>H\u0131z<\/td>\n<td>(I) 40-110 dev \/dak  (II)120-175 dev\/dak  (III)140-370 dev\/dak  (IV)220-600 dev\/dak<\/td>\n<\/tr>\n<tr>\n<td>Motor G\u00fcc\u00fc<\/td>\n<td>1800 W<\/td>\n<\/tr>\n<tr>\n<td>Manyetik Kuvvet<\/td>\n<td>3000 kg<\/td>\n<\/tr>\n<tr>\n<td>Manyetik Taban (U x G)<\/td>\n<td>230 x 100<\/td>\n<\/tr>\n<tr>\n<td>A\u011f\u0131rl\u0131k<\/td>\n<td>26<\/td>\n<\/tr>\n<tr>\n<td>Uzunluk<\/td>\n<td>340<\/td>\n<\/tr>\n<tr>\n<td>Geni\u015flik<\/td>\n<td>190<\/td>\n<\/tr>\n<tr>\n<td>Y\u00fckseklik<\/td>\n<td>490<\/td>\n<\/tr>\n<\/table>\n","protected":false},"excerpt":{"rendered":"<p>Kesici U\u00e7 ile Delme \u00c7ap\u0131 \u00d8 12-100 mm (\u00d8 61-100 mm MK3\/32) Matkap Ucuyla Delme \u00d8 1-32 mm K\u0131lavuz \u00c7ekme M3-M30 Sap Kal\u0131nl\u0131\u011f\u0131 MK3-19mm Weldon Mil Hareketi 260 mm H\u0131z<\/p>\n","protected":false},"featured_media":8158,"comment_status":"open","ping_status":"closed","template":"","meta":{"_acf_changed":false},"product_brand":[1506],"product_cat":[765],"product_tag":[],"class_list":{"0":"post-22634","1":"product","2":"type-product","3":"status-publish","4":"has-post-thumbnail","6":"product_brand-turcoboor","7":"product_cat-manyetik-matkaplar","9":"first","10":"instock","11":"taxable","12":"shipping-taxable","13":"purchasable","14":"product-type-simple","15":"add-to-wishlist-after_add_to_cart"},"acf":[],"_links":{"self":[{"href":"https:\/\/www.makitamarket.com.tr\/site\/wp-json\/wp\/v2\/product\/22634","targetHints":{"allow":["GET"]}}],"collection":[{"href":"https:\/\/www.makitamarket.com.tr\/site\/wp-json\/wp\/v2\/product"}],"about":[{"href":"https:\/\/www.makitamarket.com.tr\/site\/wp-json\/wp\/v2\/types\/product"}],"replies":[{"embeddable":true,"href":"https:\/\/www.makitamarket.com.tr\/site\/wp-json\/wp\/v2\/comments?post=22634"}],"wp:featuredmedia":[{"embeddable":true,"href":"https:\/\/www.makitamarket.com.tr\/site\/wp-json\/wp\/v2\/media\/8158"}],"wp:attachment":[{"href":"https:\/\/www.makitamarket.com.tr\/site\/wp-json\/wp\/v2\/media?parent=22634"}],"wp:term":[{"taxonomy":"product_brand","embeddable":true,"href":"https:\/\/www.makitamarket.com.tr\/site\/wp-json\/wp\/v2\/product_brand?post=22634"},{"taxonomy":"product_cat","embeddable":true,"href":"https:\/\/www.makitamarket.com.tr\/site\/wp-json\/wp\/v2\/product_cat?post=22634"},{"taxonomy":"product_tag","embeddable":true,"href":"https:\/\/www.makitamarket.com.tr\/site\/wp-json\/wp\/v2\/product_tag?post=22634"}],"curies":[{"name":"wp","href":"https:\/\/api.w.org\/{rel}","templated":true}]}}