{"id":22682,"date":"2025-01-06T16:34:09","date_gmt":"2025-01-06T13:34:09","guid":{"rendered":"https:\/\/www.makitamarket.com.tr\/site\/urun\/knipex-975265-dort-ceneli-kablo-yuksuk-sikma-pensi\/"},"modified":"2026-04-13T19:02:33","modified_gmt":"2026-04-13T16:02:33","slug":"knipex-975265-dort-ceneli-kablo-yuksuk-sikma-pensi","status":"publish","type":"product","link":"https:\/\/www.makitamarket.com.tr\/site\/urun\/knipex-975265-dort-ceneli-kablo-yuksuk-sikma-pensi\/","title":{"rendered":"Knipex 975265 D\u00d6RT \u00c7ENEL\u0130 KABLO Y\u00dcKS\u00dcK SIKMA PENS\u0130"},"content":{"rendered":"<p><b>97 52 65 D\u00f6rt \u00c7eneli Kablo Y\u00fcks\u00fc\u011f\u00fc S\u0131kma Pensi (Torna ile i\u015flenmi\u015f kontaklar i\u00e7in)<\/b><br \/>Tornalanm\u0131\u015f kontaktlar\u0131n s\u0131k\u0131lmas\u0131 i\u00e7in. Y\u00fcksek kaliteli krimp ba\u011flant\u0131lar\u0131 i\u00e7in d\u00f6rt pimli presleme. Temel ayar\u0131n kontrol\u00fc i\u00e7in masdar pim. C\u0131rc\u0131r mekanizmas\u0131 sayesinde tekrarlanabilen y\u00fcksek s\u0131kma kalitesi (kilidi a\u00e7\u0131labilir). Yayl\u0131 ara aparat\u0131 sayesinde kullan\u0131c\u0131y\u0131 yormaz,optimum g\u00fc\u00e7 aktar\u0131m\u0131 sa\u011flan\u0131r. Kullan\u0131\u015fl\u0131 yap\u0131s\u0131 sayesinde y\u00fcksek kullan\u0131m rahatl\u0131\u011f\u0131. S\u0131k\u0131\u015ft\u0131rman\u0131n olu\u015fturdu\u011fu bask\u0131, ayar vidas\u0131 sayesinde farkl\u0131 iletken kesitlerine g\u00f6re \u00e7ok kademeli olarak ayarlan\u0131r. Kontaktlar\u0131n yerle\u015ftirilmi\u015f i\u00e7in ayar aparat\u0131 bulunur. ayar de\u011ferlerinin belirlenmesi tablosu ile. Pense s\u00fcnger d\u00fczenlemeli plastik kutu i\u00e7indedir. <\/p>\n<li><b>Uygulama: <\/b>Torna ile i\u015flenmi\u015f kontaktlar (Harting; Ilme; Phoenix; Amphenol; Walther; HTS;Contact; Weidm\u00fcller)<\/li>\n<li><b>Kapasite milimetrekare: <\/b>0,14 \u2014 6 mm\u00b2<\/li>\n<li><b>AWG: <\/b>26 \u2014 10 <\/li>\n<li><b>Yuva say\u0131s\u0131: <\/b>1<\/li>\n<li><b>Temas \u00e7ap\u0131 maks.: <\/b>7,5 mm<\/li>\n<table>\n<tr>\n<td>Sap<\/td>\n<td>Kal\u0131n izole<\/td>\n<\/tr>\n<tr>\n<td>Kafa<\/td>\n<td>Polisaj<\/td>\n<\/tr>\n<tr>\n<td>Kullanma Yeri<\/td>\n<td>Kablo sonu y\u00fcz\u00fckleri<\/td>\n<\/tr>\n<tr>\n<td>Uzunluk<\/td>\n<td>230<\/td>\n<\/tr>\n<tr>\n<td>Kapasite<\/td>\n<td>0.14-6mm\u00b2 AWG 25-10<\/td>\n<\/tr>\n<tr>\n<td>A\u011f\u0131rl\u0131k<\/td>\n<td>676 gr<\/td>\n<\/tr>\n<\/table>\n","protected":false},"excerpt":{"rendered":"<p><b>97 52 65 D\u00f6rt \u00c7eneli Kablo Y\u00fcks\u00fc\u011f\u00fc S\u0131kma Pensi (Torna ile i\u015flenmi\u015f kontaklar i\u00e7in)<\/b><br \/>Tornalanm\u0131\u015f kontaktlar\u0131n s\u0131k\u0131lmas\u0131 i\u00e7in. Y\u00fcksek kaliteli krimp ba\u011flant\u0131lar\u0131 i\u00e7in d\u00f6rt pimli presleme. Temel ayar\u0131n kontrol\u00fc i\u00e7in masdar pim. C\u0131rc\u0131r mekanizmas\u0131 sayesinde tekrarlanabilen y\u00fcksek s\u0131kma kalitesi (kilidi a\u00e7\u0131labilir). Yayl\u0131 ara aparat\u0131 sayesinde kullan\u0131c\u0131y\u0131 yormaz,optimum g\u00fc\u00e7 aktar\u0131m\u0131 sa\u011flan\u0131r. Kullan\u0131\u015fl\u0131 yap\u0131s\u0131 sayesinde y\u00fcksek kullan\u0131m rahatl\u0131\u011f\u0131. S\u0131k\u0131\u015ft\u0131rman\u0131n olu\u015fturdu\u011fu bask\u0131, ayar vidas\u0131 sayesinde farkl\u0131 iletken kesitlerine g\u00f6re \u00e7ok kademeli olarak ayarlan\u0131r. Kontaktlar\u0131n yerle\u015ftirilmi\u015f i\u00e7in ayar aparat\u0131 bulunur. ayar de\u011ferlerinin belirlenmesi tablosu ile. Pense s\u00fcnger d\u00fczenlemeli plastik kutu i\u00e7indedir. <\/p>\n<li><b>Uygulama: <\/b>Torna ile i\u015flenmi\u015f kontaktlar (Harting; Ilme; Phoenix; Amphenol; Walther; HTS;Contact; Weidm\u00fcller)<\/li>\n<li><b>Kapasite milimetrekare: <\/b>0,14 \u2014 6 mm\u00b2<\/li>\n<li><b>AWG: <\/b>26 \u2014 10 <\/li>\n<li><b>Yuva say\u0131s\u0131: <\/b>1<\/li>\n<li><b>Temas \u00e7ap\u0131 maks.: <\/b>7,5 mm<\/li>\n","protected":false},"featured_media":8440,"comment_status":"open","ping_status":"closed","template":"","meta":{"_acf_changed":false},"product_brand":[1486],"product_cat":[852],"product_tag":[],"class_list":{"0":"post-22682","1":"product","2":"type-product","3":"status-publish","4":"has-post-thumbnail","6":"product_brand-knipex","7":"product_cat-kablo-yuksuk-ve-pabuc-sikmalar","9":"first","10":"instock","11":"taxable","12":"shipping-taxable","13":"purchasable","14":"product-type-simple","15":"add-to-wishlist-after_add_to_cart"},"acf":[],"_links":{"self":[{"href":"https:\/\/www.makitamarket.com.tr\/site\/wp-json\/wp\/v2\/product\/22682","targetHints":{"allow":["GET"]}}],"collection":[{"href":"https:\/\/www.makitamarket.com.tr\/site\/wp-json\/wp\/v2\/product"}],"about":[{"href":"https:\/\/www.makitamarket.com.tr\/site\/wp-json\/wp\/v2\/types\/product"}],"replies":[{"embeddable":true,"href":"https:\/\/www.makitamarket.com.tr\/site\/wp-json\/wp\/v2\/comments?post=22682"}],"wp:featuredmedia":[{"embeddable":true,"href":"https:\/\/www.makitamarket.com.tr\/site\/wp-json\/wp\/v2\/media\/8440"}],"wp:attachment":[{"href":"https:\/\/www.makitamarket.com.tr\/site\/wp-json\/wp\/v2\/media?parent=22682"}],"wp:term":[{"taxonomy":"product_brand","embeddable":true,"href":"https:\/\/www.makitamarket.com.tr\/site\/wp-json\/wp\/v2\/product_brand?post=22682"},{"taxonomy":"product_cat","embeddable":true,"href":"https:\/\/www.makitamarket.com.tr\/site\/wp-json\/wp\/v2\/product_cat?post=22682"},{"taxonomy":"product_tag","embeddable":true,"href":"https:\/\/www.makitamarket.com.tr\/site\/wp-json\/wp\/v2\/product_tag?post=22682"}],"curies":[{"name":"wp","href":"https:\/\/api.w.org\/{rel}","templated":true}]}}