{"id":22690,"date":"2025-01-06T16:34:13","date_gmt":"2025-01-06T13:34:13","guid":{"rendered":"https:\/\/www.makitamarket.com.tr\/site\/urun\/rapid-r33-mekanik-zimba-tabancasi\/"},"modified":"2026-04-06T12:18:59","modified_gmt":"2026-04-06T09:18:59","slug":"rapid-r33-mekanik-zimba-tabancasi","status":"publish","type":"product","link":"https:\/\/www.makitamarket.com.tr\/site\/urun\/rapid-r33-mekanik-zimba-tabancasi\/","title":{"rendered":"Rapid R33 MEKAN\u0130K ZIMBA TABANCASI"},"content":{"rendered":"<div>\n\tG\u00fc\u00e7l\u00fc \u00f6d\u00fcn vermeyen z\u0131mba \u00e7akma tabancas\u0131. Titiz profesyonel kullan\u0131m ve hassas performans i\u00e7in tasarlanm\u0131\u015ft\u0131r. A\u011f\u0131r tekstiller, hal\u0131 ve \u00f6rg\u00fc sabitlenmesi i\u00e7in ideal.<\/div>\n<div>\n\t\u2022 Patentli, 3-basamakl\u0131 g\u00fc\u00e7 ayarlay\u0131c\u0131ya sahip, kolay \u00e7ekilen tetik sayesinde %40 daha kolay kullan\u0131lmaktad\u0131r.<\/div>\n<div>\n\t\u2022 T\u00fcm\u00fcyle \u00e7elik yuva ve a\u015f\u0131nan par\u00e7alar i\u00e7 taraftad\u0131r<\/div>\n<div>\n\t\u2022 Yumu\u015fak i\u015fleyen y\u00fckleme sistemi ve geri tepmesiz mekanizma<\/div>\n<div>\n\t\u2022 Kolay saklama i\u00e7in kilit i\u015flevi ile birlikte ergonomik sap<\/div>\n<div>\n\t\u2022 Made in Sweden<\/div>\n<div>\n\t\u2022 Blister ambalaj<\/div>\n<div>\n\t\u2022 5 y\u0131l garanti<\/div>\n<div>\n\tZ\u0131mba 6-14mm<\/div>\n<div>\n\t13 serisi z\u0131mba teli\u00a0<\/div>\n<table><\/table>\n","protected":false},"excerpt":{"rendered":"<div>\n\tG\u00fc\u00e7l\u00fc \u00f6d\u00fcn vermeyen z\u0131mba \u00e7akma tabancas\u0131. Titiz profesyonel kullan\u0131m ve hassas performans i\u00e7in tasarlanm\u0131\u015ft\u0131r. A\u011f\u0131r tekstiller, hal\u0131 ve \u00f6rg\u00fc sabitlenmesi i\u00e7in ideal.<\/div>\n<div>\n\t\u2022 Patentli, 3-basamakl\u0131 g\u00fc\u00e7 ayarlay\u0131c\u0131ya sahip, kolay \u00e7ekilen tetik sayesinde %40 daha kolay kullan\u0131lmaktad\u0131r.<\/div>\n<div>\n\t\u2022 T\u00fcm\u00fcyle \u00e7elik yuva ve a\u015f\u0131nan par\u00e7alar i\u00e7 taraftad\u0131r<\/div>\n<div>\n\t\u2022 Yumu\u015fak i\u015fleyen y\u00fckleme sistemi ve geri tepmesiz mekanizma<\/div>\n<div>\n\t\u2022 Kolay saklama i\u00e7in kilit i\u015flevi ile birlikte ergonomik sap<\/div>\n<div>\n\t\u2022 Made in Sweden<\/div>\n<div>\n\t\u2022 Blister ambalaj<\/div>\n<div>\n\t\u2022 5 y\u0131l garanti<\/div>\n<div>\n\tZ\u0131mba 6-14mm<\/div>\n<div>\n\t13 serisi z\u0131mba teli\u00a0<\/div>\n","protected":false},"featured_media":8470,"comment_status":"open","ping_status":"closed","template":"","meta":{"_acf_changed":false},"product_brand":[1491],"product_cat":[712],"product_tag":[],"class_list":{"0":"post-22690","1":"product","2":"type-product","3":"status-publish","4":"has-post-thumbnail","6":"product_brand-rapid","7":"product_cat-zimba-tabancalari","9":"first","10":"instock","11":"taxable","12":"shipping-taxable","13":"purchasable","14":"product-type-simple","15":"add-to-wishlist-after_add_to_cart"},"acf":[],"_links":{"self":[{"href":"https:\/\/www.makitamarket.com.tr\/site\/wp-json\/wp\/v2\/product\/22690","targetHints":{"allow":["GET"]}}],"collection":[{"href":"https:\/\/www.makitamarket.com.tr\/site\/wp-json\/wp\/v2\/product"}],"about":[{"href":"https:\/\/www.makitamarket.com.tr\/site\/wp-json\/wp\/v2\/types\/product"}],"replies":[{"embeddable":true,"href":"https:\/\/www.makitamarket.com.tr\/site\/wp-json\/wp\/v2\/comments?post=22690"}],"wp:featuredmedia":[{"embeddable":true,"href":"https:\/\/www.makitamarket.com.tr\/site\/wp-json\/wp\/v2\/media\/8470"}],"wp:attachment":[{"href":"https:\/\/www.makitamarket.com.tr\/site\/wp-json\/wp\/v2\/media?parent=22690"}],"wp:term":[{"taxonomy":"product_brand","embeddable":true,"href":"https:\/\/www.makitamarket.com.tr\/site\/wp-json\/wp\/v2\/product_brand?post=22690"},{"taxonomy":"product_cat","embeddable":true,"href":"https:\/\/www.makitamarket.com.tr\/site\/wp-json\/wp\/v2\/product_cat?post=22690"},{"taxonomy":"product_tag","embeddable":true,"href":"https:\/\/www.makitamarket.com.tr\/site\/wp-json\/wp\/v2\/product_tag?post=22690"}],"curies":[{"name":"wp","href":"https:\/\/api.w.org\/{rel}","templated":true}]}}