{"id":22698,"date":"2025-01-06T16:34:15","date_gmt":"2025-01-06T13:34:15","guid":{"rendered":"https:\/\/www.makitamarket.com.tr\/site\/urun\/scheppach-basa3-serit-testere\/"},"modified":"2026-04-06T12:19:13","modified_gmt":"2026-04-06T09:19:13","slug":"scheppach-basa3-serit-testere","status":"publish","type":"product","link":"https:\/\/www.makitamarket.com.tr\/site\/urun\/scheppach-basa3-serit-testere\/","title":{"rendered":"Scheppach BASA3 \u015eER\u0130T TESTERE"},"content":{"rendered":"<table>\n<tr>\n<td>Ebatlar (UxGxY)<\/td>\n<td>610x1030x1660 mm<\/td>\n<\/tr>\n<tr>\n<td>Tabla \u00d6l\u00e7\u00fcleri<\/td>\n<td>548&#215;400 mm<\/td>\n<\/tr>\n<tr>\n<td>Tabla Ayar\u0131<\/td>\n<td>-8\/+45\u00b0<\/td>\n<\/tr>\n<tr>\n<td>Kasnak \u00c7ap\u0131<\/td>\n<td>315 mm<\/td>\n<\/tr>\n<tr>\n<td>Testere Uzunlu\u011fu<\/td>\n<td>2360 mm<\/td>\n<\/tr>\n<tr>\n<td>Kesim H\u0131z\u0131<\/td>\n<td>370 &#8211; 750 m\/min<\/td>\n<\/tr>\n<tr>\n<td>Motor<\/td>\n<td>220-240V ~\/50 Hz<\/td>\n<\/tr>\n<tr>\n<td>G\u00fc\u00e7<\/td>\n<td>800 W<\/td>\n<\/tr>\n<tr>\n<td>A\u011f\u0131rl\u0131k<\/td>\n<td>79 kg<\/td>\n<\/tr>\n<tr>\n<td>H\u0131z Ayar\u0131<\/td>\n<td>2 kademeli<\/td>\n<\/tr>\n<tr>\n<td>Kesme Kapasitesi<\/td>\n<td>205 x 306 mm<\/td>\n<\/tr>\n<tr>\n<td>D\u00f6k\u00fcm Tabla<\/td>\n<td>\u221a<\/td>\n<\/tr>\n<\/table>\n","protected":false},"excerpt":{"rendered":"<p>Ebatlar (UxGxY) 610x1030x1660 mm Tabla \u00d6l\u00e7\u00fcleri 548&#215;400 mm Tabla Ayar\u0131 -8\/+45\u00b0 Kasnak \u00c7ap\u0131 315 mm Testere Uzunlu\u011fu 2360 mm Kesim H\u0131z\u0131 370 &#8211; 750 m\/min Motor 220-240V ~\/50 Hz G\u00fc\u00e7<\/p>\n","protected":false},"featured_media":8506,"comment_status":"open","ping_status":"closed","template":"","meta":{"_acf_changed":false},"product_brand":[1514],"product_cat":[828],"product_tag":[],"class_list":{"0":"post-22698","1":"product","2":"type-product","3":"status-publish","4":"has-post-thumbnail","6":"product_brand-scheppach","7":"product_cat-serit-testere-makinalari","9":"first","10":"instock","11":"taxable","12":"shipping-taxable","13":"purchasable","14":"product-type-simple","15":"add-to-wishlist-after_add_to_cart"},"acf":[],"_links":{"self":[{"href":"https:\/\/www.makitamarket.com.tr\/site\/wp-json\/wp\/v2\/product\/22698","targetHints":{"allow":["GET"]}}],"collection":[{"href":"https:\/\/www.makitamarket.com.tr\/site\/wp-json\/wp\/v2\/product"}],"about":[{"href":"https:\/\/www.makitamarket.com.tr\/site\/wp-json\/wp\/v2\/types\/product"}],"replies":[{"embeddable":true,"href":"https:\/\/www.makitamarket.com.tr\/site\/wp-json\/wp\/v2\/comments?post=22698"}],"wp:featuredmedia":[{"embeddable":true,"href":"https:\/\/www.makitamarket.com.tr\/site\/wp-json\/wp\/v2\/media\/8506"}],"wp:attachment":[{"href":"https:\/\/www.makitamarket.com.tr\/site\/wp-json\/wp\/v2\/media?parent=22698"}],"wp:term":[{"taxonomy":"product_brand","embeddable":true,"href":"https:\/\/www.makitamarket.com.tr\/site\/wp-json\/wp\/v2\/product_brand?post=22698"},{"taxonomy":"product_cat","embeddable":true,"href":"https:\/\/www.makitamarket.com.tr\/site\/wp-json\/wp\/v2\/product_cat?post=22698"},{"taxonomy":"product_tag","embeddable":true,"href":"https:\/\/www.makitamarket.com.tr\/site\/wp-json\/wp\/v2\/product_tag?post=22698"}],"curies":[{"name":"wp","href":"https:\/\/api.w.org\/{rel}","templated":true}]}}