{"id":22736,"date":"2025-01-06T16:34:31","date_gmt":"2025-01-06T13:34:31","guid":{"rendered":"https:\/\/www.makitamarket.com.tr\/site\/urun\/knipex-9581600-celik-halat-ve-kablo-makasi-600-mm\/"},"modified":"2026-04-28T05:50:21","modified_gmt":"2026-04-28T02:50:21","slug":"knipex-9581600-celik-halat-ve-kablo-makasi-600-mm","status":"publish","type":"product","link":"https:\/\/www.makitamarket.com.tr\/site\/urun\/knipex-9581600-celik-halat-ve-kablo-makasi-600-mm\/","title":{"rendered":"Knipex 9581600 \u00c7EL\u0130K HALAT VE KABLO MAKASI 600 mm"},"content":{"rendered":"<p><b>95 81 600 \u00c7el\u015fik tel ve kablo makas\u0131<\/b><br \/>\u00c7elik \u00e7ubuk ve tel kablo, bak\u0131r ve al\u00fcminyum kablolar i\u00e7in. Havai hat \u00e7elik halatlar\u0131n\u0131n kesilmesi i\u00e7in uygundur. A\u00e7\u0131l\u0131 kesici u\u00e7lar\u0131 sayesinde tek halat \u00e7ilelerinin kesilmesi m\u00fcmk\u00fcnd\u00fcr. Y\u00fcksek kesme performans\u0131 i\u00e7in optimum aktar\u0131m. De\u011fi\u015febilir d\u00f6v\u00fclm\u00fc\u015f b\u0131\u00e7a\u011f\u0131 ile. Hafif. Daha y\u00fcksek performans i\u00e7in g\u00fc\u00e7lendirilmi\u015f b\u0131\u00e7ak ba\u015fl\u0131kl\u0131, piyano telini de keser. <\/p>\n<li><b>Bak\u0131r kablo kesim de\u011feri, \u00e7ok telli: <\/b>150 mm\u00b2<\/li>\n<li><b>Bak\u0131r kablo kesim de\u011feri, ince telli (\u00e7ap): <\/b>\u00d8 16,0 mm<\/li>\n<li><b>\u00c7elik tel kesme de\u011feri (\u00e7ap): <\/b>\u00d8 16,0 mm<\/li>\n<li><b>Orta sert tel kesme de\u011feri (\u00e7ap): <\/b>\u00d8 10,0 mm<\/li>\n<li><b>Piyano tel kesme de\u011feri (\u00e7ap): <\/b>\u00d8 4,5 mm<\/li>\n<li><b>Demir kesme de\u011feri (\u00e7ap): <\/b>\u00d8 10 mm<\/li>\n<li><b>AWG: <\/b>6 \/ 0 <\/li>\n<table>\n<tr>\n<td>Uzunluk<\/td>\n<td>600<\/td>\n<\/tr>\n<tr>\n<td>Kafa<\/td>\n<td>Polisaj<\/td>\n<\/tr>\n<tr>\n<td>Sap<\/td>\n<td>\u0130zole<\/td>\n<\/tr>\n<tr>\n<td>\u00c7ok \u0130letkenli Kablo<\/td>\n<td>150 mm<\/td>\n<\/tr>\n<tr>\n<td>\u00c7elik Tel<\/td>\n<td>16 \u00f8mm\u00b2<\/td>\n<\/tr>\n<tr>\n<td>Orta Sert Tel<\/td>\n<td>10 \u00f8mm<\/td>\n<\/tr>\n<tr>\n<td>Piyano Tel<\/td>\n<td>4.5 \u00f8mm<\/td>\n<\/tr>\n<tr>\n<td>A\u011f\u0131rl\u0131k<\/td>\n<td>2256 gr<\/td>\n<\/tr>\n<\/table>\n","protected":false},"excerpt":{"rendered":"<p><b>95 81 600 \u00c7el\u015fik tel ve kablo makas\u0131<\/b><br \/>\u00c7elik \u00e7ubuk ve tel kablo, bak\u0131r ve al\u00fcminyum kablolar i\u00e7in. Havai hat \u00e7elik halatlar\u0131n\u0131n kesilmesi i\u00e7in uygundur. A\u00e7\u0131l\u0131 kesici u\u00e7lar\u0131 sayesinde tek halat \u00e7ilelerinin kesilmesi m\u00fcmk\u00fcnd\u00fcr. Y\u00fcksek kesme performans\u0131 i\u00e7in optimum aktar\u0131m. De\u011fi\u015febilir d\u00f6v\u00fclm\u00fc\u015f b\u0131\u00e7a\u011f\u0131 ile. Hafif. Daha y\u00fcksek performans i\u00e7in g\u00fc\u00e7lendirilmi\u015f b\u0131\u00e7ak ba\u015fl\u0131kl\u0131, piyano telini de keser. <\/p>\n<li><b>Bak\u0131r kablo kesim de\u011feri, \u00e7ok telli: <\/b>150 mm\u00b2<\/li>\n<li><b>Bak\u0131r kablo kesim de\u011feri, ince telli (\u00e7ap): <\/b>\u00d8 16,0 mm<\/li>\n<li><b>\u00c7elik tel kesme de\u011feri (\u00e7ap): <\/b>\u00d8 16,0 mm<\/li>\n<li><b>Orta sert tel kesme de\u011feri (\u00e7ap): <\/b>\u00d8 10,0 mm<\/li>\n<li><b>Piyano tel kesme de\u011feri (\u00e7ap): <\/b>\u00d8 4,5 mm<\/li>\n<li><b>Demir kesme de\u011feri (\u00e7ap): <\/b>\u00d8 10 mm<\/li>\n<li><b>AWG: <\/b>6 \/ 0 <\/li>\n","protected":false},"featured_media":8685,"comment_status":"open","ping_status":"closed","template":"","meta":{"_acf_changed":false},"product_brand":[1486],"product_cat":[884],"product_tag":[],"class_list":{"0":"post-22736","1":"product","2":"type-product","3":"status-publish","4":"has-post-thumbnail","6":"product_brand-knipex","7":"product_cat-celik-tel-ve-halat-kesme-makaslari","9":"first","10":"outofstock","11":"taxable","12":"shipping-taxable","13":"purchasable","14":"product-type-simple","15":"add-to-wishlist-after_add_to_cart"},"acf":[],"_links":{"self":[{"href":"https:\/\/www.makitamarket.com.tr\/site\/wp-json\/wp\/v2\/product\/22736","targetHints":{"allow":["GET"]}}],"collection":[{"href":"https:\/\/www.makitamarket.com.tr\/site\/wp-json\/wp\/v2\/product"}],"about":[{"href":"https:\/\/www.makitamarket.com.tr\/site\/wp-json\/wp\/v2\/types\/product"}],"replies":[{"embeddable":true,"href":"https:\/\/www.makitamarket.com.tr\/site\/wp-json\/wp\/v2\/comments?post=22736"}],"wp:featuredmedia":[{"embeddable":true,"href":"https:\/\/www.makitamarket.com.tr\/site\/wp-json\/wp\/v2\/media\/8685"}],"wp:attachment":[{"href":"https:\/\/www.makitamarket.com.tr\/site\/wp-json\/wp\/v2\/media?parent=22736"}],"wp:term":[{"taxonomy":"product_brand","embeddable":true,"href":"https:\/\/www.makitamarket.com.tr\/site\/wp-json\/wp\/v2\/product_brand?post=22736"},{"taxonomy":"product_cat","embeddable":true,"href":"https:\/\/www.makitamarket.com.tr\/site\/wp-json\/wp\/v2\/product_cat?post=22736"},{"taxonomy":"product_tag","embeddable":true,"href":"https:\/\/www.makitamarket.com.tr\/site\/wp-json\/wp\/v2\/product_tag?post=22736"}],"curies":[{"name":"wp","href":"https:\/\/api.w.org\/{rel}","templated":true}]}}